000
CXUS54 KBMX 051447
CLMTCL
CLIMATE REPORT
NATIONAL WEATHER SERVICE BIRMINGHAM AL
947 AM CDT WED APR 05 2023
...................................
...THE TUSCALOOSA CLIMATE SUMMARY FOR THE MONTH OF MARCH 2023...
CLIMATE NORMAL PERIOD 1991 TO 2020
CLIMATE RECORD PERIOD 1948 TO 2023
WEATHER OBSERVED NORMAL DEPART LAST YEAR`S
VALUE DATE(S) VALUE FROM VALUE DATE(S)
NORMAL
................................................................
TEMPERATURE (F)
RECORD
HIGH 90 03/23/1995
LOW 12 03/14/1993
HIGHEST 86 03/25 MM MM 83 03/30
LOWEST 25 03/20 MM MM 24 03/13
AVG. MAXIMUM 71.5 68.3 3.2 71.2
AVG. MINIMUM 46.4 45.5 0.9 43.6
MEAN 58.9 57.4
DAYS MAX >= 90 0 0.0 0.0 0
DAYS MAX <= 32 0 0.0 0.0 0
DAYS MIN <= 32 4 3.4 0.6 3
DAYS MIN <= 0 0 0.0 0.0 0
PRECIPITATION (INCHES)
RECORD
MAXIMUM 19.99 1976
MINIMUM 1.12 1986
TOTALS 4.41 4.82 -0.41 7.78
DAILY AVG. 0.14 0.16 -0.02
DAYS >= .01 11 10.8 0.2
DAYS >= .10 7 7.2 -0.2
DAYS >= .50 5 3.5 1.5
DAYS >= 1.00 1 1.5 -0.5
DEGREE DAYS
HEATING TOTAL 233 274 -41 248
SINCE 7/1 1800 2284 -484 MM
COOLING TOTAL 51 23 28 17
SINCE 1/1 94 30 64 MM
................................................................
WIND (MPH)
AVERAGE WIND SPEED 6.3
HIGHEST WIND SPEED/DIRECTION 40/210 DATE 03/03
HIGHEST GUST SPEED/DIRECTION 50/200 DATE 03/03
AVERAGE RH (PERCENT) 63
WEATHER CONDITIONS. NUMBER OF DAYS WITH
THUNDERSTORM 7 MIXED PRECIP 0
HEAVY RAIN 7 RAIN 7
LIGHT RAIN 12 FREEZING RAIN 0
LT FREEZING RAIN 0 HAIL 0
HEAVY SNOW 0 SNOW 0
LIGHT SNOW 1 SLEET 0
FOG 12 FOG W/VIS <= 1/4 MILE 3
HAZE 6
- INDICATES NEGATIVE NUMBERS.
R INDICATES RECORD WAS SET OR TIED.
MM INDICATES DATA IS MISSING.
T INDICATES TRACE AMOUNT.
$$