000
CXUS54 KEPZ 011130
CF6TCS
PRELIMINARY LOCAL CLIMATOLOGICAL DATA (WS FORM: F-6)
STATION: TRUTH OR CONSEQUENCES
MONTH: NOVEMBER
YEAR: 2023
LATITUDE: 33 13 N
LONGITUDE: 107 16 W
TEMPERATURE IN F: :PCPN: SNOW: WIND :SUNSHINE: SKY :PK WND
================================================================================
1 2 3 4 5 6A 6B 7 8 9 10 11 12 13 14 15 16 17 18
12Z AVG MX 2MIN
DY MAX MIN AVG DEP HDD CDD WTR SNW DPTH SPD SPD DIR MIN PSBL S-S WX SPD DR
================================================================================
1 60 30 45 -11 20 0 0.00 M M 6.7 12 190 M M 0 18 150
2 69 34 52 -4 13 0 0.00 M M 5.2 12 260 M M 0 14 200
3 75 40 58 3 7 0 0.00 M M 5.4 14 300 M M 0 17 300
4 76 42 59 4 6 0 0.00 M M 6.7 20 300 M M 0 26 300
5 80 43 62 8 3 0 0.00 M M 7.7 17 190 M M 0 21 180
6 83 49 66 12 0 1 0.00 M M 8.6 18 250 M M 0 26 280
7 82 48 65 12 0 0 0.00 M M 9.6 23 240 M M 0 32 250
8 79 46 63 10 2 0 0.00 M M 8.5 25 250 M M 0 33 250
9 65 43 54 1 11 0 0.06 M M 14.5 25 20 M M 5 37 30
10 48 39 44 -8 21 0 0.16 M M 9.0 20 10 M M 10 1 29 20
11 59 42 51 -1 14 0 0.00 M M 3.6 10 20 M M 5 13 10
12 63 36 50 -1 15 0 0.00 M M 6.3 12 20 M M 0 15 30
13 59 37 48 -3 17 0 0.00 M M 5.6 13 160 M M 5 16 160
14 63 41 52 2 13 0 0.00 M M 4.9 10 300 M M 1 14 150
15 67 40 54 4 11 0 0.00 M M 5.6 10 290 M M 0 13 300
16 70 47 59 9 6 0 0.00 M M 5.0 12 190 M M 0 14 190
17 72 54 63 14 2 0 T M M 6.4 17 300 M M 3 23 310
18 74 49 62 13 3 0 T M M 7.8 21 220 M M 5 30 240
19 67 41 54 6 11 0 0.02 M M 11.3 31 260 M M 2 40 250
20 59 42 51 3 14 0 0.02 M M 8.9 29 20 M M 5 40 30
21 57 37 47 -1 18 0 0.00 M M 7.9 15 30 M M 0 19 50
22 58 32 45 -2 20 0 0.00 M M 6.0 12 320 M M 0 16 320
23 57 29 43 -4 22 0 0.00 M M 6.0 15 190 M M 0 19 210
24 62 31 47 0 18 0 T M M 12.5 28 180 M M 3 37 190
25 59 34 47 1 18 0 0.03 M M 7.6 21 320 M M 4 31 320
26 51 30 41 -5 24 0 0.00 M M 6.4 14 20 M M 0 19 20
27 54 33 44 -2 21 0 0.00 M M 5.9 13 10 M M 1 17 10
28 57 29 43 -2 22 0 0.00 M M 5.6 13 20 M M 0 16 30
29 60 33 47 2 18 0 T M M 6.2 12 320 M M 1 18 320
30 57 38 48 3 17 0 T M M 8.3 23 290 M M 3 3 30 290
================================================================================
SM 1942 1169 387 1 0.29 M 219.7 M 53
================================================================================
AV 64.7 39.0 7.3 FASTST M M 2 MAX(MPH)
MISC ----> 31 260 # 40 250
================================================================================
NOTES:
# LAST OF SEVERAL OCCURRENCES
COLUMN 17 PEAK WIND IN M.P.H.
PRELIMINARY LOCAL CLIMATOLOGICAL DATA (WS FORM: F-6) , PAGE 2
STATION: TRUTH OR CONSEQUENCES
MONTH: NOVEMBER
YEAR: 2023
LATITUDE: 33 13 N
LONGITUDE: 107 16 W
[TEMPERATURE DATA] [PRECIPITATION DATA] SYMBOLS USED IN COLUMN 16
AVERAGE MONTHLY: 51.9 TOTAL FOR MONTH: 0.29 1 = FOG OR MIST
DPTR FM NORMAL: 1.8 DPTR FM NORMAL: -0.22 2 = FOG REDUCING VISIBILITY
HIGHEST: 83 ON 6 GRTST 24HR 0.22 ON 9-10 TO 1/4 MILE OR LESS
LOWEST: 29 ON 28,23 3 = THUNDER
SNOW, ICE PELLETS, HAIL 4 = ICE PELLETS
TOTAL MONTH: M 5 = HAIL
GRTST 24HR M ON M 6 = FREEZING RAIN OR DRIZZLE
GRTST DEPTH: M ON M 7 = DUSTSTORM OR SANDSTORM:
VSBY 1/2 MILE OR LESS
8 = SMOKE OR HAZE
[NO. OF DAYS WITH] [WEATHER - DAYS WITH] 9 = BLOWING SNOW
X = TORNADO
MAX 32 OR BELOW: 0 0.01 INCH OR MORE: 5
MAX 90 OR ABOVE: 0 0.10 INCH OR MORE: 1
MIN 32 OR BELOW: 6 0.50 INCH OR MORE: 0
MIN 0 OR BELOW: 0 1.00 INCH OR MORE: 0
[HDD (BASE 65) ]
TOTAL THIS MO. 387 CLEAR (SCALE 0-3) 20
DPTR FM NORMAL -62 PTCLDY (SCALE 4-7) 9
TOTAL FM JUL 1 470 CLOUDY (SCALE 8-10) 1
DPTR FM NORMAL -118
[CDD (BASE 65) ]
TOTAL THIS MO. 1
DPTR FM NORMAL 0 [PRESSURE DATA]
TOTAL FM JAN 1 2202 HIGHEST SLP 30.46 ON 21
DPTR FM NORMAL 373 LOWEST SLP 29.61 ON 19
[REMARKS]
#FINAL-11-23#