666
CXUS54 KFWD 010141
CF6TKI
PRELIMINARY LOCAL CLIMATOLOGICAL DATA (WS FORM: F-6)
STATION: MCKINNEY
MONTH: DECEMBER
YEAR: 2020
LATITUDE: 33 10 N
LONGITUDE: 96 35 W
TEMPERATURE IN F: :PCPN: SNOW: WIND :SUNSHINE: SKY :PK WND
================================================================================
1 2 3 4 5 6A 6B 7 8 9 10 11 12 13 14 15 16 17 18
12Z AVG MX 2MIN
DY MAX MIN AVG DEP HDD CDD WTR SNW DPTH SPD SPD DIR MIN PSBL S-S WX SPD DR
================================================================================
1 57 24 41 -8 24 0 0.00 M M 10.3 25 170 M M 0 36 170
2 56 38 47 -2 18 0 0.02 M M 8.6 18 290 M M 5 26 280
3 47 39 43 -5 22 0 0.00 M M 9.8 18 310 M M 10 24 310
4 55 31 43 -5 22 0 0.00 M M 4.6 13 310 M M 1 1 18 330
5 63 28 46 -2 19 0 0.00 M M 3.9 10 190 M M 1 15 310
6 62 43 53 5 12 0 T M M 9.1 17 340 M M 5 23 340
7 63 33 48 1 17 0 0.00 M M 5.7 15 320 M M 0 8 19 320
8 71 33 52 5 13 0 0.00 M M 4.1 13 300 M M 0 16 270
9 77 30 54 7 11 0 0.00 M M 2.6 10 220 M M 0 13 200
10 77 38 58 12 7 0 0.00 M M 9.3 25 180 M M 0 35 170
11 67 43 55 9 10 0 0.08 M M 9.1 20 180 M M 5 1 26 180
12 53 37 45 -1 20 0 0.00 M M 6.9 17 340 M M 1 21 340
13 41 36 39 -7 26 0 0.94 M M 12.4 23 340 M M 10 13 33 330
14 50 31 41 -5 24 0 0.00 M M 6.7 16 330 M M 2 23 340
15 39 35 37 -8 28 0 0.02 M M 6.3 14 110 M M 8 1 22 130
16 42 28 35 -10 30 0 0.00 M M 7.6 17 340 M M 7 1 25 350
17 59 24 42 -3 23 0 0.00 M M 3.6 9 150 M M 0 13 320
18 59 34 47 2 18 0 0.00 M M 13.0 23 180 M M 3 31 200
19 58 35 47 2 18 0 T M M 5.5 17 340 M M 7 1 22 340
20 63 29 46 2 19 0 0.00 M M 4.9 17 290 M M 0 21 300
21 70 31 51 7 14 0 0.00 M M 2.9 14 220 M M 0 18 220
22 70 34 52 8 13 0 0.00 M M 10.2 23 160 M M 2 18 31 170
23 69 35 52 8 13 0 0.00 M M 19.8 35 340 M M 3 49 350
24 53 29 41 -3 24 0 0.00 M M 13.0 30 300 M M 0 39 300
25 57 26 42 -2 23 0 0.00 M M 3.5 9 190 M M 0 14 180
26 69 30 50 6 15 0 0.00 M M 10.1 25 200 M M 0 32 180
27 72 43 58 14 7 0 0.00 M M 13.4 29 220 M M 0 38 220
28 62 44 53 9 12 0 0.03 M M 9.0 17 150 M M 5 1 23 140
29 70 54 62 19 3 0 0.01 M M 12.8 25 150 M M 10 1 35 160
30 61 37 49 6 16 0 0.45 M M 13.1 28 360 M M 10 1 37 360
31 40 37 39 -4 26 0 3.04 M M 12.4 25 10 M M 10 13 33 10
================================================================================
SM 1852 1069 547 0 4.59 M 264.2 M 105
================================================================================
AV 59.7 34.5 8.5 FASTST M M 3 MAX(MPH)
MISC ----> 35 340 49 350
================================================================================
NOTES:
# LAST OF SEVERAL OCCURRENCES
COLUMN 17 PEAK WIND IN M.P.H.
PRELIMINARY LOCAL CLIMATOLOGICAL DATA (WS FORM: F-6) , PAGE 2
STATION: MCKINNEY
MONTH: DECEMBER
YEAR: 2020
LATITUDE: 33 10 N
LONGITUDE: 96 35 W
[TEMPERATURE DATA] [PRECIPITATION DATA] SYMBOLS USED IN COLUMN 16
AVERAGE MONTHLY: 47.1 TOTAL FOR MONTH: 4.59 1 = FOG OR MIST
DPTR FM NORMAL: 1.6 DPTR FM NORMAL: 1.38 2 = FOG REDUCING VISIBILITY
HIGHEST: 77 ON 10, 9 GRTST 24HR 3.04 ON 31-31 TO 1/4 MILE OR LESS
LOWEST: 24 ON 17, 1 3 = THUNDER
SNOW, ICE PELLETS, HAIL 4 = ICE PELLETS
TOTAL MONTH: M 5 = HAIL
GRTST 24HR M ON M 6 = FREEZING RAIN OR DRIZZLE
GRTST DEPTH: M ON M 7 = DUSTSTORM OR SANDSTORM:
VSBY 1/2 MILE OR LESS
8 = SMOKE OR HAZE
[NO. OF DAYS WITH] [WEATHER - DAYS WITH] 9 = BLOWING SNOW
X = TORNADO
MAX 32 OR BELOW: 0 0.01 INCH OR MORE: 8
MAX 90 OR ABOVE: 0 0.10 INCH OR MORE: 3
MIN 32 OR BELOW: 12 0.50 INCH OR MORE: 2
MIN 0 OR BELOW: 0 1.00 INCH OR MORE: 1
[HDD (BASE 65) ]
TOTAL THIS MO. 547 CLEAR (SCALE 0-3) 17
DPTR FM NORMAL -59 PTCLDY (SCALE 4-7) 8
TOTAL FM JUL 1 922 CLOUDY (SCALE 8-10) 6
DPTR FM NORMAL -117
[CDD (BASE 65) ]
TOTAL THIS MO. 0
DPTR FM NORMAL -3 [PRESSURE DATA]
TOTAL FM JAN 1 2469 HIGHEST SLP 30.42 ON 14
DPTR FM NORMAL 115 LOWEST SLP 29.60 ON 31
[REMARKS]
#FINAL-12-20#