000
CXUS52 KTAE 030401
CLMTLH
CLIMATE REPORT
NATIONAL WEATHER SERVICE TALLAHASSEE FL
1201 AM EDT FRI NOV 03 2023
...................................
...THE TALLAHASSEE CLIMATE SUMMARY FOR THE MONTH OF OCTOBER 2023...
CLIMATE NORMAL PERIOD 1991 TO 2020
CLIMATE RECORD PERIOD 1896 TO 2023
WEATHER OBSERVED NORMAL DEPART LAST YEAR`S
VALUE DATE(S) VALUE FROM VALUE DATE(S)
NORMAL
................................................................
TEMPERATURE (F)
RECORD
HIGH 97 10/04/2019
10/03/2019
01/17/2028
LOW 29 10/29/2008
HIGHEST 90 10/04 MM MM 89 10/07
10/08
10/13
LOWEST 43 10/09 MM MM 31 10/20
10/18
AVG. MAXIMUM 82.6 81.7 0.9 82.5
AVG. MINIMUM 58.5 58.8 -0.3 52.0
MEAN 70.5 70.3 0.2 67.3
DAYS MAX >= 90 1 3.0 -2.0 0
DAYS MAX <= 32 0 0.0 0.0 0
DAYS MIN <= 32 0 0.1 -0.1 1
DAYS MIN <= 0 0 0.0 0.0 0
PRECIPITATION (INCHES)
RECORD
MAXIMUM 12.27 1959
MINIMUM 0.00 1904
TOTALS 2.99 3.24 -0.25 0.22
SNOWFALL (INCHES)
RECORDS
TOTAL 0.0 2002
TOTALS 0.0 MM MM MM
SINCE 7/1 MM MM MM MM
DEGREE DAYS
HEATING TOTAL 22 39 -17 55
SINCE 7/1 22 36 -14 MM
COOLING TOTAL 203 202 1 133
SINCE 1/1 3209 2695 514 MM
................................................................
WIND (MPH)
AVERAGE WIND SPEED 5.5
RESULTANT WIND SPEED/DIRECTION 3/030
HIGHEST WIND SPEED/DIRECTION 24/070 DATE 10/11
HIGHEST GUST SPEED/DIRECTION 33/080 DATE 10/11
SKY COVER
POSSIBLE SUNSHINE (PERCENT) MM
AVERAGE SKY COVER 0.37
NUMBER OF DAYS FAIR 15
NUMBER OF DAYS PC 14
NUMBER OF DAYS CLOUDY 2
AVERAGE RH (PERCENT) 70
WEATHER CONDITIONS. NUMBER OF DAYS WITH
THUNDERSTORM 0 MIXED PRECIP 0
HEAVY RAIN 2 RAIN 2
LIGHT RAIN 5 FREEZING RAIN 0
LT FREEZING RAIN 0 HAIL 0
HEAVY SNOW 0 SNOW 0
LIGHT SNOW 0 SLEET 0
FOG 6 FOG W/VIS <= 1/4 MILE 1
HAZE 3
- INDICATES NEGATIVE NUMBERS.
R INDICATES RECORD WAS SET OR TIED.
MM INDICATES DATA IS MISSING.
T INDICATES TRACE AMOUNT.
$$