000
CXUS52 KMFL 011130
CF6TMB
PRELIMINARY LOCAL CLIMATOLOGICAL DATA (WS FORM: F-6)
STATION: KENDALL-TAMIAMI EXEC ARPT
MONTH: NOVEMBER
YEAR: 2022
LATITUDE: 25 38 N
LONGITUDE: 80 26 W
TEMPERATURE IN F: :PCPN: SNOW: WIND :SUNSHINE: SKY :PK WND
================================================================================
1 2 3 4 5 6A 6B 7 8 9 10 11 12 13 14 15 16 17 18
12Z AVG MX 2MIN
DY MAX MIN AVG DEP HDD CDD WTR SNW DPTH SPD SPD DIR MIN PSBL S-S WX SPD DR
================================================================================
1 89 74 82 6 0 17 0.00 M M 7.0 14 90 M M 2 20 270
2 89 76 83 7 0 18 0.00 0.0 M 8.1 16 100 M M 2 21 100
3 89 74 82 7 0 17 0.00 0.0 0 8.1 16 80 M M 2 27 50
4 88 68 78 3 0 13 0.01 0.0 0 8.6 25 50 M M 2 31 50
5 86 68 77 2 0 12 T 0.0 0 6.9 22 80 M M 2 24 80
6 89 70 80 5 0 15 0.27 0.0 0 9.3 23 60 M M 3 32 90
7 88 71 80 6 0 15 0.02 0.0 0 11.0 24 10 M M 3 30 10
8 87 70 79 5 0 14 0.12 0.0 0 11.8 26 40 M M 5 1 33 40
9 81 72 77 3 0 12 0.45 0.0 0 17.9 26 300 M M 9 1 36 350
10 86 72 79 5 0 14 0.02 0.0 0 10.4 21 230 M M 6 29 220
11 88 69 79 5 0 14 T 0.0 0 4.9 15 200 M M 2 21 220
12 86 70 78 4 0 13 0.84 0.0 0 2.9 17 290 M M 5 138 20 280
13 87 67 77 4 0 12 T 0.0 0 2.5 12 100 M M 4 128 15 110
14 86 67 77 4 0 12 0.00 0.0 0 5.6 14 90 M M 2 18 18 90
15 86 67 77 4 0 12 0.00 0.0 0 4.1 14 110 M M 1 17 130
16 87 65 76 3 0 11 0.01 0.0 0 2.6 9 90 M M 4 1 12 200
17 79 66 73 0 0 8 0.00 0.0 0 9.8 16 340 M M 6 1 20 340
18 81 64 73 1 0 8 T 0.0 0 10.1 17 60 M M 4 22 70
19 81 64 73 1 0 8 T 0.0 0 9.8 21 60 M M 7 25 60
20 77 70 74 2 0 9 2.16 0.0 0 11.0 21 40 M M 10 1 23 30
21 78 72 75 3 0 10 0.70 M M 9.8 20 70 M M 8 1 25 70
22 86 71 79 7 0 14 0.00 0.0 0 4.6 12 140 M M 1 15 110
23 85 69 77 5 0 12 0.00 M M 3.9 10 30 M M 4 18 13 150
24 86 69 78 6 0 13 T M M 5.8 15 120 M M 1 18 120
25 88 71 80 8 0 15 T 0.0 0 3.7 10 280 M M 2 14 220
26 87 71 79 7 0 14 0.00 0.0 0 5.1 12 100 M M 2 1 16 150
27 88 68 78 7 0 13 T 0.0 0 4.8 14 260 M M 1 19 210
28 88 66 77 6 0 12 T 0.0 0 3.9 14 50 M M 4 1 17 360
29 84 69 77 6 0 12 0.00 0.0 0 8.2 17 100 M M 1 29 130
30 86 71 79 8 0 14 0.27 0.0 0 8.1 15 50 M M 3 38 19 350
================================================================================
SM 2566 2081 0 383 4.87 0.0 220.3 M 108
================================================================================
AV 85.5 69.4 7.3 FASTST M M 4 MAX(MPH)
MISC ----> # 26 40 36 350
================================================================================
NOTES:
# LAST OF SEVERAL OCCURRENCES
COLUMN 17 PEAK WIND IN M.P.H.
PRELIMINARY LOCAL CLIMATOLOGICAL DATA (WS FORM: F-6) , PAGE 2
STATION: KENDALL-TAMIAMI EXEC ARPT
MONTH: NOVEMBER
YEAR: 2022
LATITUDE: 25 38 N
LONGITUDE: 80 26 W
[TEMPERATURE DATA] [PRECIPITATION DATA] SYMBOLS USED IN COLUMN 16
AVERAGE MONTHLY: 77.5 TOTAL FOR MONTH: 4.87 1 = FOG OR MIST
DPTR FM NORMAL: 4.3 DPTR FM NORMAL: 2.78 2 = FOG REDUCING VISIBILITY
HIGHEST: 89 ON 6, 3 GRTST 24HR 2.16 ON 20-20 TO 1/4 MILE OR LESS
LOWEST: 64 ON 19,18 3 = THUNDER
SNOW, ICE PELLETS, HAIL 4 = ICE PELLETS
TOTAL MONTH: 0.0 INCH 5 = HAIL
GRTST 24HR 0.0 6 = FREEZING RAIN OR DRIZZLE
GRTST DEPTH: 0 7 = DUSTSTORM OR SANDSTORM:
VSBY 1/2 MILE OR LESS
8 = SMOKE OR HAZE
[NO. OF DAYS WITH] [WEATHER - DAYS WITH] 9 = BLOWING SNOW
X = TORNADO
MAX 32 OR BELOW: 0 0.01 INCH OR MORE: 11
MAX 90 OR ABOVE: 0 0.10 INCH OR MORE: 7
MIN 32 OR BELOW: 0 0.50 INCH OR MORE: 3
MIN 0 OR BELOW: 0 1.00 INCH OR MORE: 1
[HDD (BASE 65) ]
TOTAL THIS MO. 0 CLEAR (SCALE 0-3) 15
DPTR FM NORMAL -7 PTCLDY (SCALE 4-7) 13
TOTAL FM JUL 1 0 CLOUDY (SCALE 8-10) 2
DPTR FM NORMAL 0
[CDD (BASE 65) ]
TOTAL THIS MO. 383
DPTR FM NORMAL 133 [PRESSURE DATA]
TOTAL FM JAN 1 4444 HIGHEST SLP 30.16 ON 19
DPTR FM NORMAL 376 LOWEST SLP 29.58 ON 10
[REMARKS]
#FINAL-11-22#