000
CXUS52 KMFL 011030
CF6TMB
PRELIMINARY LOCAL CLIMATOLOGICAL DATA (WS FORM: F-6)
STATION: KENDALL-TAMIAMI EXEC ARPT
MONTH: AUGUST
YEAR: 2022
LATITUDE: 25 38 N
LONGITUDE: 80 26 W
TEMPERATURE IN F: :PCPN: SNOW: WIND :SUNSHINE: SKY :PK WND
================================================================================
1 2 3 4 5 6A 6B 7 8 9 10 11 12 13 14 15 16 17 18
12Z AVG MX 2MIN
DY MAX MIN AVG DEP HDD CDD WTR SNW DPTH SPD SPD DIR MIN PSBL S-S WX SPD DR
================================================================================
1 92 80 86 2 0 21 T 0.0 0 10.0 18 90 M M 2 23 130
2 92 78 85 1 0 20 T 0.0 0 8.1 16 90 M M 2 3 20 90
3 92 73 83 -1 0 18 T 0.0 0 6.9 16 120 M M 1 3 20 90
4 92 76 84 0 0 19 T M M 9.0 18 100 M M 2 23 100
5 91 74 83 -1 0 18 0.40 0.0 0 9.0 21 100 M M 3 13 27 100
6 91 78 85 1 0 20 0.07 0.0 0 12.2 28 100 M M 3 3 35 100
7 90 76 83 -1 0 18 0.17 0.0 0 10.4 18 100 M M 2 13 22 90
8 91 78 85 1 0 20 0.05 0.0 0 9.2 20 100 M M 2 3 23 100
9 90 76 83 -1 0 18 T 0.0 0 10.9 21 100 M M 4 38 26 90
10 92 81 87 3 0 22 0.00 0.0 0 10.5 18 100 M M 2 24 100
11 92 79 86 2 0 21 0.03 M M 10.1 24 50 M M 1 29 60
12 92 73 83 -1 0 18 T M M 7.0 16 100 M M 1 21 110
13 91 74 83 -1 0 18 0.01 0.0 0 3.7 23 270 M M 3 3 28 280
14 91 72 82 -2 0 17 0.02 0.0 0 3.2 20 310 M M 3 3 23 310
15 95 M M M M M 1.80 0.0 M 2.9 22 180 M M 2 123 28 180
16 92 M M M M M 0.11 0.0 M 3.6 18 230 M M 1 3 23 230
17 95 76 86 2 0 21 0.00 0.0 M 6.4 16 270 M M 1 3 24 250
18 96 77 87 3 0 22 0.00 0.0 0 4.7 17 140 M M 1 3 21 140
19 93 76 85 1 0 20 0.00 M M 5.6 16 120 M M 1 21 110
20 93 80 87 3 0 22 T 0.0 0 9.7 17 90 M M 2 13 23 100
21 93 79 86 2 0 21 0.06 0.0 0 10.4 21 80 M M 2 13 24 80
22 93 77 85 1 0 20 0.03 0.0 0 7.3 17 100 M M 1 20 100
23 92 77 85 1 0 20 T 0.0 0 3.8 21 270 M M 3 13 26 280
24 93 78 86 3 0 21 T 0.0 0 5.8 18 110 M M 1 23 120
25 93 78 86 3 0 21 0.00 0.0 0 6.1 15 160 M M 2 21 140
26 94 76 85 2 0 20 0.02 0.0 0 4.4 14 300 M M 1 3 20 290
27 92 75 84 1 0 19 0.15 0.0 0 4.6 15 330 M M 2 3 21 330
28 90 76 83 0 0 18 0.05 0.0 0 4.1 17 120 M M 2 3 21 100
29 89 75 82 -1 0 17 0.32 0.0 0 7.3 16 150 M M 5 1 23 200
30 93 77 85 2 0 20 0.31 0.0 0 6.2 18 130 M M 2 1 23 110
31 89 74 82 -1 0 17 1.85 0.0 0 4.5 25 300 M M 3 13 28 300
================================================================================
SM 2854 2219 0 567 5.45 0.0 217.6 M 63
================================================================================
AV 92.1 76.5 7.0 FASTST M M 2 MAX(MPH)
MISC ----> 28 100 35 100
================================================================================
NOTES:
# LAST OF SEVERAL OCCURRENCES
COLUMN 17 PEAK WIND IN M.P.H.
PRELIMINARY LOCAL CLIMATOLOGICAL DATA (WS FORM: F-6) , PAGE 2
STATION: KENDALL-TAMIAMI EXEC ARPT
MONTH: AUGUST
YEAR: 2022
LATITUDE: 25 38 N
LONGITUDE: 80 26 W
[TEMPERATURE DATA] [PRECIPITATION DATA] SYMBOLS USED IN COLUMN 16
AVERAGE MONTHLY: 84.3 TOTAL FOR MONTH: 5.45 1 = FOG OR MIST
DPTR FM NORMAL: 0.7 DPTR FM NORMAL: -2.83 2 = FOG REDUCING VISIBILITY
HIGHEST: 96 ON 18 GRTST 24HR 1.90 ON 15-16 TO 1/4 MILE OR LESS
LOWEST: 72 ON 14 3 = THUNDER
SNOW, ICE PELLETS, HAIL 4 = ICE PELLETS
TOTAL MONTH: 0.0 INCH 5 = HAIL
GRTST 24HR 0.0 6 = FREEZING RAIN OR DRIZZLE
GRTST DEPTH: 0 7 = DUSTSTORM OR SANDSTORM:
VSBY 1/2 MILE OR LESS
8 = SMOKE OR HAZE
[NO. OF DAYS WITH] [WEATHER - DAYS WITH] 9 = BLOWING SNOW
X = TORNADO
MAX 32 OR BELOW: 0 0.01 INCH OR MORE: 17
MAX 90 OR ABOVE: 29 0.10 INCH OR MORE: 8
MIN 32 OR BELOW: 0 0.50 INCH OR MORE: 2
MIN 0 OR BELOW: 0 1.00 INCH OR MORE: 2
[HDD (BASE 65) ]
TOTAL THIS MO. 0 CLEAR (SCALE 0-3) 27
DPTR FM NORMAL 0 PTCLDY (SCALE 4-7) 4
TOTAL FM JUL 1 0 CLOUDY (SCALE 8-10) 0
DPTR FM NORMAL 0
[CDD (BASE 65) ]
TOTAL THIS MO. 567
DPTR FM NORMAL -8 [PRESSURE DATA]
TOTAL FM JAN 1 3162 HIGHEST SLP 30.18 ON 10
DPTR FM NORMAL 301 LOWEST SLP 29.88 ON 27
[REMARKS]
#FINAL-08-22#