000
CXUS51 KCLE 010800
CF6TOL
PRELIMINARY LOCAL CLIMATOLOGICAL DATA (WS FORM: F-6)
STATION: TOLEDO OH
MONTH: APRIL
YEAR: 2022
LATITUDE: 41 35 N
LONGITUDE: 83 48 W
TEMPERATURE IN F: :PCPN: SNOW: WIND :SUNSHINE: SKY :PK WND
================================================================================
1 2 3 4 5 6A 6B 7 8 9 10 11 12 13 14 15 16 17 18
12Z AVG MX 2MIN
DY MAX MIN AVG DEP HDD CDD WTR SNW DPTH SPD SPD DIR MIN PSBL S-S WX SPD DR
================================================================================
1 41 29 35 -10 30 0 T T 0 11.4 23 280 M M 9 30 290
2 49 24 37 -9 28 0 0.14 T 0 4.8 13 50 M M 4 1 17 210
3 50 35 43 -3 22 0 0.03 T 0 7.9 15 300 M M 9 1 18 300
4 59 37 48 2 17 0 0.23 0.0 0 6.0 14 290 M M 8 18 21 190
5 57 33 45 -2 20 0 T 0.0 0 6.5 15 60 M M 3 18 18 90
6 55 45 50 3 15 0 0.17 0.0 0 7.9 25 270 M M 8 18 31 270
7 51 40 46 -2 19 0 T 0.0 0 12.6 24 250 M M 7 29 250
8 51 39 45 -3 20 0 0.02 0.0 0 10.8 22 260 M M 9 27 280
9 45 35 40 -8 25 0 0.02 T 0 10.0 21 300 M M 10 8 26 300
10 60 30 45 -4 20 0 0.00 0.0 0 5.0 15 230 M M 0 18 100
11 72 46 59 10 6 0 0.16 0.0 0 8.5 18 230 M M 8 3 25 240
12 70 37 54 4 11 0 0.00 0.0 0 6.1 17 70 M M 2 1 22 70
13 71 63 67 17 0 2 0.22 0.0 0 10.6 18 190 M M 6 30 190
14 64 42 53 3 12 0 0.07 0.0 0 20.9 44 240 M M 5 8 56 240
15 67 43 55 4 10 0 T 0.0 0 12.1 30 250 M M 7 36 260
16 56 35 46 -5 19 0 T 0.0 0 12.6 28 290 M M 5 39 250
17 45 29 37 -15 28 0 0.00 0.0 0 9.4 20 70 M M 0 25 60
18 42 34 38 -14 27 0 0.33 0.2 0 9.4 17 260 M M 8 128 21 270
19 50 35 43 -9 22 0 T 0.0 0 14.2 26 270 M M 8 35 280
20 56 26 41 -12 24 0 0.01 0.0 0 5.2 14 150 M M 3 23 160
21 72 47 60 7 5 0 0.04 0.0 0 13.8 26 280 M M 5 8 36 270
22 55 42 49 -5 16 0 0.03 0.0 0 11.3 21 80 M M 5 28 90
23 88 48 68 14 0 3 0.00 0.0 0 9.6 24 250 M M 3 30 240
24 85 65 75 21 0 10 0.02 0.0 0 12.4 29 250 M M 4 39 230
25 70 49 60 5 5 0 0.26 0.0 0 8.8 20 250 M M 9 26 270
26 49 37 43 -12 22 0 0.00 0.0 0 11.7 24 260 M M 9 30 260
27 52 32 42 -14 23 0 0.00 0.0 0 10.0 22 270 M M 3 27 270
28 53 31 42 -14 23 0 0.00 0.0 0 6.2 15 90 M M 1 19 100
29 61 41 51 -5 14 0 0.00 0.0 0 10.3 18 60 M M 7 24 60
30 65 49 57 0 8 0 0.04 0.0 0 10.2 21 90 M M 7 28 100
================================================================================
SM 1761 1178 491 15 1.79 0.2 296.2 M 172
================================================================================
AV 58.7 39.3 9.9 FASTST M M 6 MAX(MPH)
MISC ----> 44 240 56 240
================================================================================
NOTES:
# LAST OF SEVERAL OCCURRENCES
COLUMN 17 PEAK WIND IN M.P.H.
PRELIMINARY LOCAL CLIMATOLOGICAL DATA (WS FORM: F-6) , PAGE 2
STATION: TOLEDO OH
MONTH: APRIL
YEAR: 2022
LATITUDE: 41 35 N
LONGITUDE: 83 48 W
[TEMPERATURE DATA] [PRECIPITATION DATA] SYMBOLS USED IN COLUMN 16
AVERAGE MONTHLY: 49.0 TOTAL FOR MONTH: 1.79 1 = FOG OR MIST
DPTR FM NORMAL: -1.9 DPTR FM NORMAL: -1.66 2 = FOG REDUCING VISIBILITY
HIGHEST: 88 ON 23 GRTST 24HR 0.33 ON 18-18 TO 1/4 MILE OR LESS
LOWEST: 24 ON 2 3 = THUNDER
SNOW, ICE PELLETS, HAIL 4 = ICE PELLETS
TOTAL MONTH: 0.2 INCH 5 = HAIL
GRTST 24HR 0.2 ON 18-18 6 = FREEZING RAIN OR DRIZZLE
GRTST DEPTH: 0 7 = DUSTSTORM OR SANDSTORM:
VSBY 1/2 MILE OR LESS
8 = SMOKE OR HAZE
[NO. OF DAYS WITH] [WEATHER - DAYS WITH] 9 = BLOWING SNOW
X = TORNADO
MAX 32 OR BELOW: 0 0.01 INCH OR MORE: 16
MAX 90 OR ABOVE: 0 0.10 INCH OR MORE: 7
MIN 32 OR BELOW: 7 0.50 INCH OR MORE: 0
MIN 0 OR BELOW: 0 1.00 INCH OR MORE: 0
[HDD (BASE 65) ]
TOTAL THIS MO. 491 CLEAR (SCALE 0-3) 5
DPTR FM NORMAL 58 PTCLDY (SCALE 4-7) 18
TOTAL FM JUL 1 5218 CLOUDY (SCALE 8-10) 7
DPTR FM NORMAL -241
[CDD (BASE 65) ]
TOTAL THIS MO. 15
DPTR FM NORMAL 5 [PRESSURE DATA]
TOTAL FM JAN 1 15 HIGHEST SLP 30.54 ON 22
DPTR FM NORMAL 4 LOWEST SLP 29.49 ON 14
[REMARKS]
#FINAL-04-22#