440
CXUS51 KCLE 020302
CLSTOL
CLIMATE REPORT
NATIONAL WEATHER SERVICE CLEVELAND OH
957 PM EST SUN DEC 1 2019
...................................
...THE TOLEDO OH CLIMATE SUMMARY FOR THE SEASON, FROM
9/1/2019 TO 11/30/2019...
CLIMATE NORMAL PERIOD 1981 TO 2010
CLIMATE RECORD PERIOD 1873 TO 2019
WEATHER OBSERVED NORMAL DEPART
VALUE DATE(S) VALUE FROM
NORMAL
................................................
TEMPERATURE (F)
RECORD
HIGH 100 09/02/1953
09/01/1953
09/15/1939
LOW 0 10/10/2008
HIGHEST 92 09/13
09/11
LOWEST 8 11/13
AVG. MAXIMUM 64.3 62.6 1.7
AVG. MINIMUM 45.2 42.6 2.6
MEAN 54.8 52.6 2.2
DAYS MAX >= 90 5 0.9
DAYS MAX <= 32 2 1.1
DAYS MIN <= 32 17 18.7
DAYS MIN <= 0 0 0.0
PRECIPITATION (INCHES)
RECORD
MAXIMUM 18.56 1881
MINIMUM 2.50 1908
TOTALS 9.08 8.24 0.84
DAYS >= .01 28 31.1
DAYS >= .10 18 16.9
DAYS >= .50 6 5.0
DAYS >= 1.00 2 1.6
SNOWFALL (INCHES)
RECORDS
TOTAL 17.9 1996
TOTALS 4.1 2.1
DAYS >= TRACE 5
DAYS >= 1.0 1 0.8
DEGREE_DAYS
HEATING TOTAL 1119 1219 -100
COOLING TOTAL 211 91 120
.................................................
WIND (MPH)
HIGHEST GUST SPEED/DIRECTION 59/220 DATE 11/27
SKY COVER
POSSIBLE SUNSHINE (PERCENT) MM
NUMBER OF DAYS FAIR 35
NUMBER OF DAYS PC 38
NUMBER OF DAYS CLOUDY 18
WEATHER CONDITIONS. NUMBER OF DAYS WITH
THUNDERSTORM 7 MIXED PRECIP 0
HEAVY RAIN 11 RAIN 17
LIGHT RAIN 34 FREEZING RAIN 0
LT FREEZING RAIN 1 HAIL 0
HEAVY SNOW 1 SNOW 1
LIGHT SNOW 5 SLEET 0
FOG 43 FOG W/VIS <= 1/4 MILE 3
HAZE 25
- INDICATES NEGATIVE NUMBERS.
R INDICATES RECORD WAS SET OR TIED.
MM INDICATES DATA IS MISSING.
T INDICATES TRACE AMOUNT.
$$