000
CXUS56 KLKN 011210
CF6TPH
PRELIMINARY LOCAL CLIMATOLOGICAL DATA (WS FORM: F-6)
STATION: TONOPAH AIRPORT NV
MONTH: AUGUST
YEAR: 2022
LATITUDE: 38 3 N
LONGITUDE: 117 5 W
TEMPERATURE IN F: :PCPN: SNOW: WIND :SUNSHINE: SKY :PK WND
================================================================================
1 2 3 4 5 6A 6B 7 8 9 10 11 12 13 14 15 16 17 18
12Z AVG MX 2MIN
DY MAX MIN AVG DEP HDD CDD WTR SNW DPTH SPD SPD DIR MIN PSBL S-S WX SPD DR
================================================================================
1 79 63 71 -5 0 6 0.07 M M 5.8 20 40 M M 7 3 24 40
2 87 60 74 -2 0 9 0.00 M M 6.3 24 310 M M 0 32 310
3 93 65 79 3 0 14 T M M 10.4 26 270 M M 2 3 36 280
4 89 64 77 1 0 12 0.02 M M 10.9 25 160 M M 2 38 34 150
5 71 63 67 -9 0 2 0.67 M M 7.9 24 200 M M 10 1 33 200
6 83 61 72 -3 0 7 0.18 M M 5.0 18 290 M M 3 1 27 310
7 90 61 76 1 0 11 0.00 M M 7.0 16 200 M M 0 22 210
8 89 65 77 2 0 12 T M M 10.2 35 210 M M 4 3 40 200
9 86 67 77 2 0 12 0.01 M M 8.6 31 120 M M 5 3 43 140
10 88 65 77 2 0 12 0.00 M M 10.4 24 140 M M 3 32 140
11 89 63 76 1 0 11 0.00 M M 8.6 21 220 M M 1 30 180
12 93 63 78 4 0 13 0.00 M M 8.4 20 190 M M 0 29 250
13 91 65 78 4 0 13 0.01 M M 6.4 21 70 M M 1 3 29 290
14 92 61 77 3 0 12 0.00 M M 6.8 26 100 M M 0 34 90
15 92 64 78 4 0 13 0.00 M M 7.6 26 200 M M 1 33 210
16 91 64 78 4 0 13 0.00 M M 8.6 28 310 M M 1 36 320
17 92 65 79 5 0 14 0.05 M M 7.7 24 290 M M 4 34 290
18 89 63 76 2 0 11 T M M 10.2 21 350 M M 2 30 350
19 90 61 76 3 0 11 0.00 M M 9.4 18 300 M M M 31 350
20 92 64 78 5 0 13 0.00 M M 9.6 17 10 M M 1 22 310
21 94 64 79 6 0 14 0.00 M M 7.3 17 270 M M 0 23 270
22 95 64 80 7 0 15 0.00 M M 6.0 15 10 M M 0 21 260
23 96 63 80 7 0 15 0.00 M M 7.9 17 190 M M 0 27 200
24 94 62 78 6 0 13 0.00 M M 9.9 31 90 M M 0 42 90
25 92 63 78 6 0 13 T M M 9.0 32 100 M M 1 3 43 100
26 91 59 75 3 0 10 0.00 M M 5.0 15 320 M M 0 21 300
27 91 62 77 5 0 12 0.00 M M 6.3 18 240 M M 0 25 250
28 90 59 75 3 0 10 0.00 M M 6.1 18 180 M M 0 24 190
29 92 61 77 6 0 12 0.00 M M 10.1 23 170 M M 1 36 200
30 94 61 78 7 0 13 0.00 M M 9.2 21 190 M M 0 28 190
31 96 63 80 9 0 15 0.00 M M 8.3 18 240 M M 0 27 190
================================================================================
SM 2791 1948 0 363 1.01 M 250.9 M 49
================================================================================
AV 90.0 62.8 8.1 FASTST M M 2 MAX(MPH)
MISC ----> 35 210 # 43 140
================================================================================
NOTES:
# LAST OF SEVERAL OCCURRENCES
COLUMN 17 PEAK WIND IN M.P.H.
PRELIMINARY LOCAL CLIMATOLOGICAL DATA (WS FORM: F-6) , PAGE 2
STATION: TONOPAH AIRPORT NV
MONTH: AUGUST
YEAR: 2022
LATITUDE: 38 3 N
LONGITUDE: 117 5 W
[TEMPERATURE DATA] [PRECIPITATION DATA] SYMBOLS USED IN COLUMN 16
AVERAGE MONTHLY: 76.4 TOTAL FOR MONTH: 1.01 1 = FOG OR MIST
DPTR FM NORMAL: 2.7 DPTR FM NORMAL: 0.62 2 = FOG REDUCING VISIBILITY
HIGHEST: 96 ON 31,23 GRTST 24HR 1.09 ON 31- 1 TO 1/4 MILE OR LESS
LOWEST: 59 ON 28,26 3 = THUNDER
SNOW, ICE PELLETS, HAIL 4 = ICE PELLETS
TOTAL MONTH: M 5 = HAIL
GRTST 24HR M ON M 6 = FREEZING RAIN OR DRIZZLE
GRTST DEPTH: M ON M 7 = DUSTSTORM OR SANDSTORM:
VSBY 1/2 MILE OR LESS
8 = SMOKE OR HAZE
[NO. OF DAYS WITH] [WEATHER - DAYS WITH] 9 = BLOWING SNOW
X = TORNADO
MAX 32 OR BELOW: 0 0.01 INCH OR MORE: 7
MAX 90 OR ABOVE: 21 0.10 INCH OR MORE: 2
MIN 32 OR BELOW: 0 0.50 INCH OR MORE: 1
MIN 0 OR BELOW: 0 1.00 INCH OR MORE: 0
[HDD (BASE 65) ]
TOTAL THIS MO. 0 CLEAR (SCALE 0-3) 24
DPTR FM NORMAL -2 PTCLDY (SCALE 4-7) 5
TOTAL FM JUL 1 0 CLOUDY (SCALE 8-10) 2
DPTR FM NORMAL -1
[CDD (BASE 65) ]
TOTAL THIS MO. 363
DPTR FM NORMAL 91 [PRESSURE DATA]
TOTAL FM JAN 1 1004 HIGHEST SLP 30.09 ON 1
DPTR FM NORMAL 200 LOWEST SLP 29.66 ON 27
[REMARKS]
#FINAL-08-22#