000
CXUS53 KOAX 010930
CF6TQE
PRELIMINARY LOCAL CLIMATOLOGICAL DATA (WS FORM: F-6)
STATION: TEKAMAH NE
MONTH: JULY
YEAR: 2022
LATITUDE: 41 46 N
LONGITUDE: 96 11 W
TEMPERATURE IN F: :PCPN: SNOW: WIND :SUNSHINE: SKY :PK WND
================================================================================
1 2 3 4 5 6A 6B 7 8 9 10 11 12 13 14 15 16 17 18
12Z AVG MX 2MIN
DY MAX MIN AVG DEP HDD CDD WTR SNW DPTH SPD SPD DIR MIN PSBL S-S WX SPD DR
================================================================================
1 81 60 71 -4 0 6 0.20 M M 4.7 20 210 M M 3 13 28 200
2 84 56 70 -5 0 5 0.00 M M 5.6 16 160 M M 3 12 21 150
3 88 60 74 -1 0 9 0.00 M M 8.9 17 150 M M 3 18 24 150
4 95 71 83 8 0 18 0.35 M M 9.0 21 200 M M 2 13 30 210
5 96 70 83 8 0 18 0.00 M M 8.9 36 340 M M 1 13 51 340
6 85 70 78 2 0 13 0.24 M M 7.1 16 360 M M 3 13 22 360
7 86 71 79 3 0 14 0.04 M M 5.5 15 330 M M 7 13 20 320
8 87 70 79 3 0 14 0.09 M M 7.1 21 360 M M 7 1 28 10
9 87 65 76 0 0 11 0.00 M M 6.2 14 130 M M 2 12 18 150
10 92 67 80 4 0 15 0.00 M M 10.9 26 200 M M 1 1 36 190
11 85 64 75 -1 0 10 0.59 M M 10.6 46 270 M M 0 13 76 260
12 87 57 72 -4 0 7 0.00 M M 5.9 15 300 M M 0 22 310
13 92 58 75 -1 0 10 0.00 M M 5.8 12 200 M M 1 18 210
14 94 65 80 4 0 15 0.00 M M 10.2 23 170 M M 1 38 160
15 94 74 84 8 0 19 T M M 8.8 18 20 M M 1 3 26 360
16 86 68 77 1 0 12 0.03 M M 4.5 10 20 M M 4 18 14 30
17 90 67 79 3 0 14 0.00 M M 3.4 9 40 M M 3 12 14 40
18 92 61 77 1 0 12 0.00 M M 6.7 16 190 M M 1 12 22 180
19 94 68 81 5 0 16 0.00 M M 9.5 23 190 M M 0 33 220
20 93 65 79 3 0 14 0.00 M M 8.7 17 340 M M 0 26 340
21 94 63 79 3 0 14 0.06 M M 6.9 16 350 M M 0 25 360
22 95 66 81 5 0 16 0.00 M M 5.4 14 170 M M 0 18 210
23 99 69 84 8 0 19 0.34 M M 9.2 51 240 M M 1 13 76 250
24 88 64 76 0 0 11 0.00 M M 10.1 23 360 M M 0 31 350
25 77 62 70 -6 0 5 0.01 M M 4.1 9 140 M M 5 13 140
26 85 67 76 0 0 11 0.05 M M 3.6 14 130 M M 6 138 19 130
27 89 60 75 -1 0 10 0.00 M M 5.2 12 230 M M 0 1 16 220
28 83 57 70 -6 0 5 0.00 M M 6.5 18 360 M M 1 26 350
29 84 51 68 -7 0 3 0.00 M M 2.9 9 360 M M 0 14 80
30 86 57 72 -3 0 7 0.00 M M 7.4 13 190 M M 0 22 180
31 93 59 76 1 0 11 0.00 M M 9.4 18 190 M M 1 12 27 190
================================================================================
SM 2761 1982 0 364 2.00 M 218.7 M 57
================================================================================
AV 89.1 63.9 7.1 FASTST M M 2 MAX(MPH)
MISC ----> 51 240 # 76 260
================================================================================
NOTES:
# LAST OF SEVERAL OCCURRENCES
COLUMN 17 PEAK WIND IN M.P.H.
PRELIMINARY LOCAL CLIMATOLOGICAL DATA (WS FORM: F-6) , PAGE 2
STATION: TEKAMAH NE
MONTH: JULY
YEAR: 2022
LATITUDE: 41 46 N
LONGITUDE: 96 11 W
[TEMPERATURE DATA] [PRECIPITATION DATA] SYMBOLS USED IN COLUMN 16
AVERAGE MONTHLY: 76.5 TOTAL FOR MONTH: 2.00 1 = FOG OR MIST
DPTR FM NORMAL: 0.9 DPTR FM NORMAL: -1.05 2 = FOG REDUCING VISIBILITY
HIGHEST: 99 ON 23 GRTST 24HR 0.59 ON 11-11 TO 1/4 MILE OR LESS
LOWEST: 51 ON 29 3 = THUNDER
SNOW, ICE PELLETS, HAIL 4 = ICE PELLETS
TOTAL MONTH: M 5 = HAIL
GRTST 24HR M ON M 6 = FREEZING RAIN OR DRIZZLE
GRTST DEPTH: M ON M 7 = DUSTSTORM OR SANDSTORM:
VSBY 1/2 MILE OR LESS
8 = SMOKE OR HAZE
[NO. OF DAYS WITH] [WEATHER - DAYS WITH] 9 = BLOWING SNOW
X = TORNADO
MAX 32 OR BELOW: 0 0.01 INCH OR MORE: 11
MAX 90 OR ABOVE: 14 0.10 INCH OR MORE: 5
MIN 32 OR BELOW: 0 0.50 INCH OR MORE: 1
MIN 0 OR BELOW: 0 1.00 INCH OR MORE: 0
[HDD (BASE 65) ]
TOTAL THIS MO. 0 CLEAR (SCALE 0-3) 24
DPTR FM NORMAL -3 PTCLDY (SCALE 4-7) 7
TOTAL FM JUL 1 0 CLOUDY (SCALE 8-10) 0
DPTR FM NORMAL 0
[CDD (BASE 65) ]
TOTAL THIS MO. 364
DPTR FM NORMAL 31 [PRESSURE DATA]
TOTAL FM JAN 1 800 HIGHEST SLP 30.19 ON 9
DPTR FM NORMAL 146 LOWEST SLP 29.65 ON 23
[REMARKS]
#FINAL-07-22#