000
CXUS54 KMRX 011130
CF6TRI
PRELIMINARY LOCAL CLIMATOLOGICAL DATA (WS FORM: F-6)
STATION: TRI-CITIES AIRPORT
MONTH: FEBRUARY
YEAR: 2023
LATITUDE: 36 28 N
LONGITUDE: 82 24 W
TEMPERATURE IN F: :PCPN: SNOW: WIND :SUNSHINE: SKY :PK WND
================================================================================
1 2 3 4 5 6A 6B 7 8 9 10 11 12 13 14 15 16 17 18
12Z AVG MX 2MIN
DY MAX MIN AVG DEP HDD CDD WTR SNW DPTH SPD SPD DIR MIN PSBL S-S WX SPD DR
================================================================================
1 44 36 40 3 25 0 0.22 0.0 0 2.6 8 350 M M 10 1 12 300
2 44 38 41 4 24 0 0.21 0.0 0 4.1 10 260 M M 10 1 13 260
3 40 24 32 -6 33 0 0.00 0.0 0 8.5 18 270 M M 5 26 280
4 48 18 33 -5 32 0 0.00 0.0 0 2.1 13 240 M M 3 17 260
5 52 26 39 1 26 0 0.00 0.0 0 0.5 8 310 M M 7 11 280
6 57 29 43 5 22 0 0.00 0.0 0 1.5 10 290 M M 3 1 16 310
7 66 28 47 9 18 0 0.00 0.0 0 2.4 18 260 M M 6 8 25 230
8 60 36 48 10 17 0 T 0.0 0 0.0 5 90 M M 8 1 6 80
9 72 41 57 18 8 0 0.00 0.0 0 11.3 28 210 M M 8 1 37 190
10 58 43 51 12 14 0 0.00 0.0 0 5.4 12 230 M M 8 26 310
11 53 37 45 6 20 0 0.01 0.0 0 5.1 15 120 M M 9 23 130
12 43 37 40 1 25 0 1.58 0.0 0 5.6 14 60 M M 10 1 24 50
13 55 33 44 4 21 0 0.00 0.0 0 3.3 20 240 M M 5 12 26 240
14 69 28 49 9 16 0 0.00 0.0 0 2.9 13 170 M M 4 20 180
15 70 48 59 19 6 0 0.13 0.0 0 5.0 24 180 M M 8 36 170
16 72 52 62 22 3 0 0.38 0.0 0 4.9 28 220 M M 9 1 36 220
17 59 31 45 5 20 0 0.95 T 0 10.6 23 270 M M 10 1 33 280
18 51 24 38 -3 27 0 0.00 0.0 0 1.4 10 350 M M 3 13 360
19 61 32 47 6 18 0 0.00 0.0 0 4.5 17 250 M M 6 22 270
20 51 38 45 4 20 0 0.29 0.0 0 0.5 7 160 M M 8 12 9 340
21 67 40 54 12 11 0 T 0.0 0 5.7 22 270 M M 6 12 30 260
22 79 40 60 18 5 0 0.00 0.0 0 4.0 16 240 M M 6 21 240
23 72 52 62 20 3 0 0.03 0.0 0 8.1 24 230 M M 7 35 300
24 63 50 57 15 8 0 0.01 0.0 0 4.8 15 10 M M 9 24 10
25 52 47 50 8 15 0 0.48 0.0 0 2.2 13 320 M M 10 1 16 320
26 52 48 50 7 15 0 0.04 0.0 0 2.8 9 220 M M 10 1 12 220
27 72 50 61 18 4 0 0.27 0.0 M 8.7 29 240 M M 8 128 39 230
28 72 45 59 16 6 0 0.00 0.0 M 6.9 25 240 M M 2 33 230
================================================================================
SM 1654 1051 462 0 4.60 T 125.4 M 198
================================================================================
AV 59.1 37.5 4.5 FASTST M M 7 MAX(MPH)
MISC ----> 29 240 39 230
================================================================================
NOTES:
# LAST OF SEVERAL OCCURRENCES
COLUMN 17 PEAK WIND IN M.P.H.
PRELIMINARY LOCAL CLIMATOLOGICAL DATA (WS FORM: F-6) , PAGE 2
STATION: TRI-CITIES AIRPORT
MONTH: FEBRUARY
YEAR: 2023
LATITUDE: 36 28 N
LONGITUDE: 82 24 W
[TEMPERATURE DATA] [PRECIPITATION DATA] SYMBOLS USED IN COLUMN 16
AVERAGE MONTHLY: 48.3 TOTAL FOR MONTH: 4.60 1 = FOG OR MIST
DPTR FM NORMAL: 8.3 DPTR FM NORMAL: 0.79 2 = FOG REDUCING VISIBILITY
HIGHEST: 79 ON 22 GRTST 24HR 1.59 ON 11-12 TO 1/4 MILE OR LESS
LOWEST: 18 ON 4 3 = THUNDER
SNOW, ICE PELLETS, HAIL 4 = ICE PELLETS
TOTAL MONTH: T 5 = HAIL
GRTST 24HR T ON 17-17 6 = FREEZING RAIN OR DRIZZLE
GRTST DEPTH: 0 7 = DUSTSTORM OR SANDSTORM:
VSBY 1/2 MILE OR LESS
8 = SMOKE OR HAZE
[NO. OF DAYS WITH] [WEATHER - DAYS WITH] 9 = BLOWING SNOW
X = TORNADO
MAX 32 OR BELOW: 0 0.01 INCH OR MORE: 13
MAX 90 OR ABOVE: 0 0.10 INCH OR MORE: 9
MIN 32 OR BELOW: 9 0.50 INCH OR MORE: 2
MIN 0 OR BELOW: 0 1.00 INCH OR MORE: 1
[HDD (BASE 65) ]
TOTAL THIS MO. 462 CLEAR (SCALE 0-3) 3
DPTR FM NORMAL -237 PTCLDY (SCALE 4-7) 14
TOTAL FM JUL 1 2748 CLOUDY (SCALE 8-10) 11
DPTR FM NORMAL -484
[CDD (BASE 65) ]
TOTAL THIS MO. 0
DPTR FM NORMAL 0 [PRESSURE DATA]
TOTAL FM JAN 1 0 HIGHEST SLP 30.53 ON 4
DPTR FM NORMAL 0 LOWEST SLP 29.42 ON 27
[REMARKS]
#FINAL-02-23#