000
CXUS54 KFWD 010730
CF6TRL
PRELIMINARY LOCAL CLIMATOLOGICAL DATA (WS FORM: F-6)
STATION: TERRELL
MONTH: MAY
YEAR: 2022
LATITUDE: 32 42 N
LONGITUDE: 96 16 W
TEMPERATURE IN F: :PCPN: SNOW: WIND :SUNSHINE: SKY :PK WND
================================================================================
1 2 3 4 5 6A 6B 7 8 9 10 11 12 13 14 15 16 17 18
12Z AVG MX 2MIN
DY MAX MIN AVG DEP HDD CDD WTR SNW DPTH SPD SPD DIR MIN PSBL S-S WX SPD DR
================================================================================
1 85 52 69 0 0 4 T M M 6.3 16 110 M M 1 24 120
2 86 65 76 7 0 11 0.78 M M 14.8 25 180 M M 6 13 35 170
3 76 57 67 -3 0 2 0.87 M M 7.1 21 20 M M 9 13 30 320
4 87 61 74 4 0 9 0.00 M M 10.6 23 160 M M 7 1 33 160
5 76 57 67 -3 0 2 1.14 M M 6.6 23 180 M M 4 13 31 170
6 81 53 67 -4 0 2 0.00 M M 3.1 10 150 M M 0 15 160
7 88 67 78 7 0 13 0.00 M M 8.8 15 140 M M 4 8 20 140
8 91 75 83 12 0 18 0.00 M M 13.9 24 180 M M 3 18 32 170
9 90 75 83 11 0 18 0.00 M M 15.1 24 170 M M 4 33 160
10 90 73 82 10 0 17 0.00 M M 11.1 20 170 M M 5 28 160
11 88 70 79 7 0 14 0.00 M M 9.2 17 170 M M 1 24 210
12 90 67 79 6 0 14 0.00 M M 10.0 20 170 M M 0 26 170
13 88 65 77 4 0 12 0.05 M M 9.8 22 170 M M 1 3 28 170
14 92 68 80 7 0 15 T M M 6.0 14 170 M M 0 20 170
15 92 69 81 7 0 16 M M M 9.2 16 170 M M 0 24 190
16 92 68 80 6 0 15 T M M 7.7 37 10 M M 0 57 360
17 91 71 81 7 0 16 0.00 M M 9.4 21 160 M M 0 27 160
18 93 71 82 7 0 17 0.00 M M 13.4 24 170 M M 0 32 170
19 92 72 82 7 0 17 M M M 17.5 26 180 M M 0 39 180
20 93 73 83 8 0 18 0.00 M M 16.2 26 180 M M 3 8 36 180
21 92 61 77 1 0 12 0.05 M M 12.3 22 180 M M 6 138 29 350
22 69 59 64 -12 1 0 0.00 M M 9.8 17 20 M M 9 1 28 360
23 80 60 70 -6 0 5 0.00 M M 7.8 15 90 M M 8 1 20 70
24 86 61 74 -3 0 9 0.52 M M 10.1 25 330 M M 8 13 43 340
25 72 59 66 -11 0 1 T M M 10.6 23 100 M M 6 1 36 110
26 87 55 71 -6 0 6 0.00 M M 8.1 23 280 M M 0 32 290
27 89 53 71 -6 0 6 0.00 M M 3.3 8 120 M M 0 12 340
28 91 65 78 0 0 13 0.00 M M 11.1 21 170 M M 0 30 180
29 92 71 82 4 0 17 0.00 M M 16.2 26 170 M M 2 34 180
30 93 75 84 6 0 19 0.00 M M 18.0 28 180 M M 5 38 180
31 94 75 85 7 0 20 0.00 M M 12.7 22 170 M M 3 30 180
================================================================================
SM 2706 2023 1 358 3.41 M 325.8 M 95
================================================================================
AV 87.3 65.3 10.5 FASTST M M 3 MAX(MPH)
MISC ----> 37 10 57 360
================================================================================
NOTES:
# LAST OF SEVERAL OCCURRENCES
COLUMN 17 PEAK WIND IN M.P.H.
PRELIMINARY LOCAL CLIMATOLOGICAL DATA (WS FORM: F-6) , PAGE 2
STATION: TERRELL
MONTH: MAY
YEAR: 2022
LATITUDE: 32 42 N
LONGITUDE: 96 16 W
[TEMPERATURE DATA] [PRECIPITATION DATA] SYMBOLS USED IN COLUMN 16
AVERAGE MONTHLY: 76.3 TOTAL FOR MONTH: 3.41 1 = FOG OR MIST
DPTR FM NORMAL: 2.4 DPTR FM NORMAL: -1.31 2 = FOG REDUCING VISIBILITY
HIGHEST: 94 ON 31 GRTST 24HR 1.63 ON 2- 3 TO 1/4 MILE OR LESS
LOWEST: 52 ON 1 3 = THUNDER
SNOW, ICE PELLETS, HAIL 4 = ICE PELLETS
TOTAL MONTH: M 5 = HAIL
GRTST 24HR M ON M 6 = FREEZING RAIN OR DRIZZLE
GRTST DEPTH: M ON M 7 = DUSTSTORM OR SANDSTORM:
VSBY 1/2 MILE OR LESS
8 = SMOKE OR HAZE
[NO. OF DAYS WITH] [WEATHER - DAYS WITH] 9 = BLOWING SNOW
X = TORNADO
MAX 32 OR BELOW: 0 0.01 INCH OR MORE: 6
MAX 90 OR ABOVE: 16 0.10 INCH OR MORE: 4
MIN 32 OR BELOW: 0 0.50 INCH OR MORE: 4
MIN 0 OR BELOW: 0 1.00 INCH OR MORE: 1
[HDD (BASE 65) ]
TOTAL THIS MO. 1 CLEAR (SCALE 0-3) 16
DPTR FM NORMAL -9 PTCLDY (SCALE 4-7) 13
TOTAL FM JUL 1 2056 CLOUDY (SCALE 8-10) 2
DPTR FM NORMAL -153
[CDD (BASE 65) ]
TOTAL THIS MO. 358
DPTR FM NORMAL 72 [PRESSURE DATA]
TOTAL FM JAN 1 506 HIGHEST SLP M ON M
DPTR FM NORMAL 85 LOWEST SLP 29.56 ON 20
[REMARKS]
#FINAL-05-22#