000
CXUS54 KFWD 010732
CF6TRL
PRELIMINARY LOCAL CLIMATOLOGICAL DATA (WS FORM: F-6)
STATION: TERRELL
MONTH: JULY
YEAR: 2021
LATITUDE: 32 42 N
LONGITUDE: 96 16 W
TEMPERATURE IN F: :PCPN: SNOW: WIND :SUNSHINE: SKY :PK WND
================================================================================
1 2 3 4 5 6A 6B 7 8 9 10 11 12 13 14 15 16 17 18
12Z AVG MX 2MIN
DY MAX MIN AVG DEP HDD CDD WTR SNW DPTH SPD SPD DIR MIN PSBL S-S WX SPD DR
================================================================================
1 94 73 84 1 0 19 0.01 M M 4.0 18 20 M M 1 138 26 10
2 86 75 81 -3 0 16 0.24 M M 4.7 12 30 M M 5 13 16 50
3 84 74 79 -5 0 14 0.00 M M 6.7 17 80 M M 7 23 80
4 87 74 81 -3 0 16 0.00 M M 4.4 12 50 M M 7 16 100
5 88 73 81 -3 0 16 0.00 M M 6.2 14 180 M M 7 21 180
6 93 71 82 -2 0 17 T M M 3.8 14 190 M M 3 3 19 180
7 88 71 80 -4 0 15 0.02 M M 3.9 24 160 M M 2 138 32 170
8 92 73 83 -1 0 18 T M M 5.3 17 170 M M 1 1 24 150
9 86 72 79 -5 0 14 T M M 9.1 25 160 M M 5 8 38 170
10 92 73 83 -1 0 18 T M M 8.8 20 210 M M 5 26 190
11 90 67 79 -5 0 14 1.40 M M 6.6 32 320 M M 1 1 49 310
12 86 69 78 -7 0 13 T M M 3.7 14 170 M M 1 13 19 190
13 90 69 80 -5 0 15 0.00 M M 6.3 18 180 M M 1 12 27 190
14 91 69 80 -5 0 15 0.02 M M 7.6 25 150 M M 1 13 40 140
15 91 72 82 -3 0 17 0.00 M M 8.6 16 170 M M 3 23 160
16 91 75 83 -2 0 18 0.00 M M 9.8 18 180 M M 2 25 210
17 91 75 83 -2 0 18 0.00 M M 9.0 17 170 M M 2 1 25 200
18 92 75 84 -1 0 19 0.00 M M 5.7 13 190 M M 1 20 180
19 80 71 76 -9 0 11 0.29 M M 3.6 23 30 M M 6 13 31 20
20 88 69 79 -7 0 14 0.00 M M 5.8 16 40 M M 2 1 23 30
21 89 71 80 -6 0 15 0.00 M M 5.8 12 40 M M 1 1 18 70
22 91 70 81 -5 0 16 0.00 M M 4.6 13 170 M M 0 18 20 170
23 92 73 83 -3 0 18 0.00 M M 8.1 18 180 M M 2 28 180
24 M 75 M M M M M M M 6.4 10 210 M M 1 M M
25 M M M M M M M M M M M M M M M M M
26 97 74 86 0 0 21 0.00 M M 4.9 12 180 M M M 16 160
27 96 76 86 0 0 21 0.00 M M 3.9 23 40 M M 0 32 20
28 96 74 85 -1 0 20 T M M 3.8 17 320 M M 2 3 23 330
29 97 73 85 -1 0 20 0.00 M M 2.2 12 150 M M 1 1 15 120
30 98 74 86 0 0 21 0.00 M M 2.7 10 170 M M 0 1 14 160
31 97 76 87 1 0 22 0.00 M M 4.4 13 150 M M 0 1 21 180
================================================================================
SM 2633 2176 0 491 1.98 M 170.4 M 70
================================================================================
AV 90.8 72.5 5.7 FASTST M M 2 MAX(MPH)
MISC ----> 32 320 49 310
================================================================================
NOTES:
# LAST OF SEVERAL OCCURRENCES
COLUMN 17 PEAK WIND IN M.P.H.
PRELIMINARY LOCAL CLIMATOLOGICAL DATA (WS FORM: F-6) , PAGE 2
STATION: TERRELL
MONTH: JULY
YEAR: 2021
LATITUDE: 32 42 N
LONGITUDE: 96 16 W
[TEMPERATURE DATA] [PRECIPITATION DATA] SYMBOLS USED IN COLUMN 16
AVERAGE MONTHLY: 81.7 TOTAL FOR MONTH: 1.98 1 = FOG OR MIST
DPTR FM NORMAL: -3.3 DPTR FM NORMAL: -0.02 2 = FOG REDUCING VISIBILITY
HIGHEST: 98 ON 30 GRTST 24HR 1.40 ON 11-11 TO 1/4 MILE OR LESS
LOWEST: 67 ON 11 3 = THUNDER
SNOW, ICE PELLETS, HAIL 4 = ICE PELLETS
TOTAL MONTH: M 5 = HAIL
GRTST 24HR M ON M 6 = FREEZING RAIN OR DRIZZLE
GRTST DEPTH: M ON M 7 = DUSTSTORM OR SANDSTORM:
VSBY 1/2 MILE OR LESS
8 = SMOKE OR HAZE
[NO. OF DAYS WITH] [WEATHER - DAYS WITH] 9 = BLOWING SNOW
X = TORNADO
MAX 32 OR BELOW: 0 0.01 INCH OR MORE: 6
MAX 90 OR ABOVE: 19 0.10 INCH OR MORE: 3
MIN 32 OR BELOW: 0 0.50 INCH OR MORE: 1
MIN 0 OR BELOW: 0 1.00 INCH OR MORE: 1
[HDD (BASE 65) ]
TOTAL THIS MO. 0 CLEAR (SCALE 0-3) 21
DPTR FM NORMAL 0 PTCLDY (SCALE 4-7) 8
TOTAL FM JUL 1 0 CLOUDY (SCALE 8-10) 2
DPTR FM NORMAL 0
[CDD (BASE 65) ]
TOTAL THIS MO. 491
DPTR FM NORMAL -129 [PRESSURE DATA]
TOTAL FM JAN 1 1209 HIGHEST SLP M ON M
DPTR FM NORMAL -322 LOWEST SLP 29.85 ON 7
[REMARKS]
#FINAL-07-21#