000
CXUS56 KSGX 181047
CF6TRM
PRELIMINARY LOCAL CLIMATOLOGICAL DATA (WS FORM: F-6)
STATION: THERMAL AIRPORT CA
MONTH: APRIL
YEAR: 2024
LATITUDE: 33 37 N
LONGITUDE: 116 10 W
TEMPERATURE IN F: :PCPN: SNOW: WIND :SUNSHINE: SKY :PK WND
================================================================================
1 2 3 4 5 6A 6B 7 8 9 10 11 12 13 14 15 16 17 18
12Z AVG MX 2MIN
DY MAX MIN AVG DEP HDD CDD WTR SNW DPTH SPD SPD DIR MIN PSBL S-S WX SPD DR
================================================================================
1 78 48 63 -5 2 0 0.00 M M 3.6 14 300 M M 3 17 300
2 86 55 71 3 0 6 0.00 M M 6.3 16 310 M M 0 23 300
3 87 46 67 -1 0 2 0.00 M M 6.0 17 330 M M 0 21 330
4 84 47 66 -3 0 1 0.00 M M 9.9 30 290 M M 0 42 290
5 68 51 60 -9 5 0 0.00 M M 13.2 41 280 M M 0 8 57 280
6 74 45 60 -9 5 0 0.00 M M 7.0 15 330 M M 0 19 340
7 77 39 58 -11 7 0 0.00 M M 6.9 21 330 M M 0 27 320
8 82 56 69 0 0 4 0.00 M M 14.8 24 330 M M 0 32 320
9 88 59 74 4 0 9 0.00 M M 9.0 16 290 M M 0 22 310
10 95 55 75 5 0 10 0.00 M M 5.8 14 140 M M 0 19 120
11 97 54 76 6 0 11 0.00 M M 5.5 16 130 M M 0 19 140
12 94 52 73 3 0 8 0.00 M M 9.2 23 340 M M 0 8 28 340
13 82 53 68 -2 0 3 0.00 M M 6.7 24 330 M M 0 29 340
14 77 55 66 -4 0 1 0.00 M M 10.8 25 300 M M 0 35 270
15 82 52 67 -4 0 2 0.00 M M 7.5 20 330 M M 0 26 330
16 92 50 71 0 0 6 0.00 M M 5.5 13 140 M M 0 20 100
17 96 54 75 4 0 10 0.00 M M 4.9 14 330 M M 0 18 320
================================================================================
SM 1439 871 19 73 0.00 M 132.6 M 3
================================================================================
AV 84.6 51.2 7.8 FASTST M M 0 MAX(MPH)
MISC ----> 41 280 57 280
================================================================================
NOTES:
# LAST OF SEVERAL OCCURRENCES
COLUMN 17 PEAK WIND IN M.P.H.
PRELIMINARY LOCAL CLIMATOLOGICAL DATA (WS FORM: F-6) , PAGE 2
STATION: THERMAL AIRPORT CA
MONTH: APRIL
YEAR: 2024
LATITUDE: 33 37 N
LONGITUDE: 116 10 W
[TEMPERATURE DATA] [PRECIPITATION DATA] SYMBOLS USED IN COLUMN 16
AVERAGE MONTHLY: 67.9 TOTAL FOR MONTH: 0.00 1 = FOG OR MIST
DPTR FM NORMAL: -1.6 DPTR FM NORMAL: -0.07 2 = FOG REDUCING VISIBILITY
HIGHEST: 97 ON 11 GRTST 24HR 0.00 ON 1- 1 TO 1/4 MILE OR LESS
LOWEST: 39 ON 7 3 = THUNDER
SNOW, ICE PELLETS, HAIL 4 = ICE PELLETS
TOTAL MONTH: M 5 = HAIL
GRTST 24HR M ON M 6 = FREEZING RAIN OR DRIZZLE
GRTST DEPTH: M ON M 7 = DUSTSTORM OR SANDSTORM:
VSBY 1/2 MILE OR LESS
8 = SMOKE OR HAZE
[NO. OF DAYS WITH] [WEATHER - DAYS WITH] 9 = BLOWING SNOW
X = TORNADO
MAX 32 OR BELOW: 0 0.01 INCH OR MORE: 0
MAX 90 OR ABOVE: 5 0.10 INCH OR MORE: 0
MIN 32 OR BELOW: 0 0.50 INCH OR MORE: 0
MIN 0 OR BELOW: 0 1.00 INCH OR MORE: 0
[HDD (BASE 65) ]
TOTAL THIS MO. 19 CLEAR (SCALE 0-3) 17
DPTR FM NORMAL 4 PTCLDY (SCALE 4-7) 0
TOTAL FM JUL 1 881 CLOUDY (SCALE 8-10) 0
DPTR FM NORMAL -221
[CDD (BASE 65) ]
TOTAL THIS MO. 73
DPTR FM NORMAL -19 [PRESSURE DATA]
TOTAL FM JAN 1 107 HIGHEST SLP M ON M
DPTR FM NORMAL -77 LOWEST SLP 29.66 ON 4
[REMARKS]