000
CXUS56 KPQR 011201
CF6TTD
PRELIMINARY LOCAL CLIMATOLOGICAL DATA (WS FORM: F-6)
STATION: TROUTDALE OR
MONTH: AUGUST
YEAR: 2023
LATITUDE: 45 33 N
LONGITUDE: 122 25 W
TEMPERATURE IN F: :PCPN: SNOW: WIND :SUNSHINE: SKY :PK WND
================================================================================
1 2 3 4 5 6A 6B 7 8 9 10 11 12 13 14 15 16 17 18
12Z AVG MX 2MIN
DY MAX MIN AVG DEP HDD CDD WTR SNW DPTH SPD SPD DIR MIN PSBL S-S WX SPD DR
================================================================================
1 90 53 72 1 0 7 0.00 M M 3.2 12 250 M M 0 18 300
2 91 55 73 2 0 8 0.00 M M 4.0 15 250 M M 0 20 340
3 90 58 74 3 0 9 0.00 M M 3.6 13 250 M M 1 16 260
4 87 59 73 2 0 8 0.00 M M 2.6 8 260 M M 1 11 260
5 84 67 76 5 0 11 T M M 2.4 10 260 M M 6 14 260
6 83 66 75 4 0 10 T M M 2.6 10 320 M M 6 16 320
7 85 66 76 6 0 11 T M M 2.4 10 50 M M 4 8 13 320
8 87 62 75 5 0 10 0.00 M M 3.1 10 320 M M 3 16 320
9 85 60 73 3 0 8 T M M 3.1 10 310 M M 6 18 330
10 81 65 73 3 0 8 0.00 M M 3.3 10 320 M M 4 8 16 340
11 87 56 72 2 0 7 0.00 M M 3.8 10 260 M M 0 15 260
12 92 58 75 5 0 10 0.00 M M 3.7 10 250 M M 0 15 260
13 105 61 83 13 0 18 0.00 M M 3.4 14 50 M M 0 20 50
14 110 63 87 17 0 22 0.00 M M 3.2 9 110 M M 0 13 110
15 102 66 84 14 0 19 0.00 M M 2.7 8 330 M M 0 10 340
16 105 67 86 16 0 21 0.00 M M 2.8 10 250 M M 0 12 260
17 92 67 80 10 0 15 0.00 M M 2.3 9 320 M M 0 8 15 320
18 84 60 72 2 0 7 0.00 M M 4.4 12 320 M M 1 17 330
19 91 48 70 1 0 5 0.00 M M 3.0 10 250 M M 3 8 12 310
20 88 54 71 2 0 6 0.00 M M 3.3 8 320 M M 10 8 13 320
21 83 58 71 2 0 6 0.00 M M 3.5 10 260 M M 3 8 19 320
22 78 59 69 0 0 4 0.00 M M 1.9 8 270 M M 7 13 260
23 80 56 68 -1 0 3 0.00 M M 3.1 9 250 M M 2 13 260
24 94 52 73 4 0 8 0.00 M M 6.4 20 100 M M 0 3 25 70
25 95 68 82 13 0 17 0.01 M M 7.0 20 90 M M 2 3 26 90
26 94 63 79 10 0 14 0.00 M M 4.0 12 200 M M 1 14 220
27 88 64 76 8 0 11 0.00 M M 3.6 10 200 M M 0 13 220
28 72 64 68 0 0 3 0.01 M M 2.3 9 240 M M 10 18 12 260
29 75 62 69 1 0 4 0.15 M M 3.5 13 330 M M 10 17 320
30 80 63 72 4 0 7 0.02 M M 2.5 8 50 M M 7 18 11 40
31 66 61 64 -4 1 0 0.54 M M 2.2 7 80 M M 8 18 8 90
================================================================================
SM 2724 1881 1 297 0.73 M 102.9 M 95
================================================================================
AV 87.9 60.7 3.3 FASTST M M 3 MAX(MPH)
MISC ----> # 20 100 26 90
================================================================================
NOTES:
# LAST OF SEVERAL OCCURRENCES
COLUMN 17 PEAK WIND IN M.P.H.
PRELIMINARY LOCAL CLIMATOLOGICAL DATA (WS FORM: F-6) , PAGE 2
STATION: TROUTDALE OR
MONTH: AUGUST
YEAR: 2023
LATITUDE: 45 33 N
LONGITUDE: 122 25 W
[TEMPERATURE DATA] [PRECIPITATION DATA] SYMBOLS USED IN COLUMN 16
AVERAGE MONTHLY: 74.3 TOTAL FOR MONTH: 0.73 1 = FOG OR MIST
DPTR FM NORMAL: 4.7 DPTR FM NORMAL: 0.10 2 = FOG REDUCING VISIBILITY
HIGHEST: 110 ON 14 GRTST 24HR 0.54 ON 31-31 TO 1/4 MILE OR LESS
LOWEST: 48 ON 19 3 = THUNDER
SNOW, ICE PELLETS, HAIL 4 = ICE PELLETS
TOTAL MONTH: M 5 = HAIL
GRTST 24HR M ON M 6 = FREEZING RAIN OR DRIZZLE
GRTST DEPTH: M ON M 7 = DUSTSTORM OR SANDSTORM:
VSBY 1/2 MILE OR LESS
8 = SMOKE OR HAZE
[NO. OF DAYS WITH] [WEATHER - DAYS WITH] 9 = BLOWING SNOW
X = TORNADO
MAX 32 OR BELOW: 0 0.01 INCH OR MORE: 5
MAX 90 OR ABOVE: 13 0.10 INCH OR MORE: 2
MIN 32 OR BELOW: 0 0.50 INCH OR MORE: 1
MIN 0 OR BELOW: 0 1.00 INCH OR MORE: 0
[HDD (BASE 65) ]
TOTAL THIS MO. 1 CLEAR (SCALE 0-3) 18
DPTR FM NORMAL -10 PTCLDY (SCALE 4-7) 10
TOTAL FM JUL 1 1 CLOUDY (SCALE 8-10) 3
DPTR FM NORMAL -18
[CDD (BASE 65) ]
TOTAL THIS MO. 297
DPTR FM NORMAL 143 [PRESSURE DATA]
TOTAL FM JAN 1 706 HIGHEST SLP 30.24 ON 6
DPTR FM NORMAL 340 LOWEST SLP 29.72 ON 17
[REMARKS]
#FINAL-08-23#