000
CXUS51 KPHI 071329
CF6TTN
PRELIMINARY LOCAL CLIMATOLOGICAL DATA (WS FORM: F-6)
STATION: TRENTON NJ
MONTH: JUNE
YEAR: 2021
LATITUDE: 40 16 N
LONGITUDE: 74 49 W
TEMPERATURE IN F: :PCPN: SNOW: WIND :SUNSHINE: SKY :PK WND
================================================================================
1 2 3 4 5 6A 6B 7 8 9 10 11 12 13 14 15 16 17 18
12Z AVG MX 2MIN
DY MAX MIN AVG DEP HDD CDD WTR SNW DPTH SPD SPD DIR MIN PSBL S-S WX SPD DR
================================================================================
1 76 49 63 -3 2 0 0.00 0.0 0 3.6 13 210 M M 1 15 210
2 77 56 67 0 0 2 0.00 0.0 0 6.2 15 160 M M 1 19 150
3 78 58 68 1 0 3 0.85 0.0 0 4.6 18 310 M M 8 13 24 320
4 79 64 72 4 0 7 0.09 0.0 0 4.5 20 250 M M 5 13 26 260
5 90 60 75 7 0 10 0.00 0.0 0 6.0 15 260 M M 0 12 21 270
6 92 67 80 12 0 15 0.00 0.0 0 5.0 15 200 M M 1 20 250
7 91 70 81 13 0 16 T 0.0 0 5.0 14 220 M M 2 1 20 210
8 89 69 79 10 0 14 0.27 0.0 0 4.4 18 340 M M 2 13 23 340
9 90 69 80 11 0 15 0.25 0.0 0 3.0 22 180 M M 4 123 27 180
10 81 62 72 3 0 7 0.00 0.0 0 8.5 20 110 M M 3 1 25 60
11 65 58 62 -8 3 0 0.76 0.0 0 6.1 13 60 M M 9 1 18 50
12 73 61 67 -3 0 2 0.00 0.0 0 6.2 12 100 M M 9 16 90
13 76 59 68 -2 0 3 0.00 0.0 0 4.7 14 170 M M 9 19 160
14 82 63 73 2 0 8 0.05 0.0 0 5.9 16 330 M M 7 3 20 330
15 79 63 71 0 0 6 0.10 0.0 0 7.3 17 290 M M 2 1 23 320
16 77 56 67 -4 0 2 0.00 0.0 0 6.9 17 320 M M 1 31 220
17 76 51 64 -8 1 0 0.00 0.0 0 5.0 17 280 M M 0 24 290
18 83 52 68 -4 0 3 0.00 0.0 0 6.8 17 220 M M 0 23 310
19 87 64 76 4 0 11 0.20 0.0 0 6.1 15 360 M M 4 13 20 290
20 88 62 75 3 0 10 0.00 0.0 0 5.3 15 200 M M 1 1 18 220
21 87 70 79 6 0 14 0.05 0.0 0 8.2 21 250 M M 6 3 31 210
22 75 56 66 -7 0 1 0.20 0.0 0 5.5 16 350 M M 5 1 22 280
23 75 51 63 -10 2 0 0.00 0.0 0 5.1 13 320 M M 1 18 340
24 77 52 65 -9 0 0 0.00 0.0 0 5.7 15 100 M M 0 22 260
25 81 51 66 -8 0 1 0.00 0.0 0 5.1 15 210 M M 0 24 280
26 85 67 76 2 0 11 T 0.0 0 9.1 20 200 M M 6 1 27 180
27 90 70 80 6 0 15 0.00 0.0 0 9.2 17 200 M M 4 24 210
28 92 72 82 8 0 17 0.00 0.0 0 8.9 16 210 M M 2 21 190
29 93 73 83 8 0 18 0.00 0.0 0 6.7 15 220 M M 0 20 220
30 96 74 85 10 0 20 T 0.0 0 6.9 24 320 M M 1 3 35 320
================================================================================
SM 2480 1849 8 231 2.82 0.0 181.5 M 94
================================================================================
AV 82.7 61.6 6.1 FASTST M M 3 MAX(MPH)
MISC ----> 24 320 35 320
================================================================================
NOTES:
# LAST OF SEVERAL OCCURRENCES
COLUMN 17 PEAK WIND IN M.P.H.
PRELIMINARY LOCAL CLIMATOLOGICAL DATA (WS FORM: F-6) , PAGE 2
STATION: TRENTON NJ
MONTH: JUNE
YEAR: 2021
LATITUDE: 40 16 N
LONGITUDE: 74 49 W
[TEMPERATURE DATA] [PRECIPITATION DATA] SYMBOLS USED IN COLUMN 16
AVERAGE MONTHLY: 72.2 TOTAL FOR MONTH: 2.82 1 = FOG OR MIST
DPTR FM NORMAL: 1.2 DPTR FM NORMAL: -1.53 2 = FOG REDUCING VISIBILITY
HIGHEST: 96 ON 30 GRTST 24HR 0.85 ON 3- 3 TO 1/4 MILE OR LESS
LOWEST: 49 ON 1 3 = THUNDER
SNOW, ICE PELLETS, HAIL 4 = ICE PELLETS
TOTAL MONTH: 0.0 INCH 5 = HAIL
GRTST 24HR 0.0 6 = FREEZING RAIN OR DRIZZLE
GRTST DEPTH: 0 7 = DUSTSTORM OR SANDSTORM:
VSBY 1/2 MILE OR LESS
8 = SMOKE OR HAZE
[NO. OF DAYS WITH] [WEATHER - DAYS WITH] 9 = BLOWING SNOW
X = TORNADO
MAX 32 OR BELOW: 0 0.01 INCH OR MORE: 10
MAX 90 OR ABOVE: 8 0.10 INCH OR MORE: 7
MIN 32 OR BELOW: 0 0.50 INCH OR MORE: 2
MIN 0 OR BELOW: 0 1.00 INCH OR MORE: 0
[HDD (BASE 65) ]
TOTAL THIS MO. 8 CLEAR (SCALE 0-3) 18
DPTR FM NORMAL -12 PTCLDY (SCALE 4-7) 9
TOTAL FM JUL 1 4806 CLOUDY (SCALE 8-10) 3
DPTR FM NORMAL -169
[CDD (BASE 65) ]
TOTAL THIS MO. 231
DPTR FM NORMAL 32 [PRESSURE DATA]
TOTAL FM JAN 1 300 HIGHEST SLP M ON M
DPTR FM NORMAL 33 LOWEST SLP 29.55 ON 21
[REMARKS]
#FINAL-06-21#