000
CXUS53 KAPX 010830
CF6TVC
PRELIMINARY LOCAL CLIMATOLOGICAL DATA (WS FORM: F-6)
STATION: TRAVERSE CITY MI
MONTH: FEBRUARY
YEAR: 2023
LATITUDE: 44 44 N
LONGITUDE: 85 34 W
TEMPERATURE IN F: :PCPN: SNOW: WIND :SUNSHINE: SKY :PK WND
================================================================================
1 2 3 4 5 6A 6B 7 8 9 10 11 12 13 14 15 16 17 18
12Z AVG MX 2MIN
DY MAX MIN AVG DEP HDD CDD WTR SNW DPTH SPD SPD DIR MIN PSBL S-S WX SPD DR
================================================================================
1 27 14 21 -1 44 0 T M M 8.1 23 270 M M 9 8 29 260
2 29 10 20 -2 45 0 T M M 14.0 28 310 M M 10 89 36 320
3 11 7 9 -13 56 0 T M M 13.4 25 310 M M 10 9 32 310
4 34 9 22 0 43 0 T M M 10.1 18 210 M M 9 9 30 190
5 35 25 30 8 35 0 T M M 7.3 18 320 M M 8 18 25 340
6 34 25 30 8 35 0 0.00 M M 6.5 14 170 M M 8 25 160
7 44 30 37 15 28 0 0.01 M M 11.6 21 260 M M 7 1 33 150
8 48 22 35 13 30 0 0.00 M M 3.6 15 240 M M 2 1 21 220
9 37 29 33 10 32 0 0.68 M M 6.0 20 320 M M 7 158 28 330
10 35 22 29 6 36 0 0.01 M M 12.7 22 310 M M 10 1 30 320
11 46 19 33 10 32 0 0.00 M M 11.3 24 230 M M 2 38 200
12 50 29 40 17 25 0 0.00 M M 6.3 14 220 M M 1 20 260
13 45 29 37 14 28 0 0.00 M M 7.4 17 270 M M 2 22 300
14 56 29 43 20 22 0 0.04 M M 7.0 21 140 M M 6 32 130
15 49 31 40 16 25 0 T M M 13.2 30 240 M M 9 45 230
16 31 22 27 3 38 0 0.04 M M 12.3 24 30 M M 10 18 36 20
17 24 18 21 -3 44 0 0.01 M M 10.7 22 10 M M 8 8 34 10
18 39 21 30 6 35 0 0.00 M M 8.8 20 250 M M 6 28 250
19 47 32 40 16 25 0 0.00 M M 11.3 23 220 M M 6 34 250
20 38 28 33 8 32 0 T M M 6.9 14 150 M M 10 24 180
21 40 26 33 8 32 0 T M M 13.4 25 280 M M 10 40 270
22 30 23 27 2 38 0 0.19 M M 9.3 16 60 M M 10 1 32 40
23 26 20 23 -2 42 0 0.08 M M 8.8 16 50 M M 10 168 24 30
24 21 10 16 -10 49 0 T M M 6.2 20 330 M M 9 26 300
25 32 14 23 -3 42 0 0.04 M M 7.4 20 220 M M 8 1 34 220
26 32 12 22 -4 43 0 0.00 M M 7.9 18 310 M M 1 30 260
27 33 14 24 -3 41 0 0.24 M M 7.9 23 100 M M 6 19 34 100
28 41 28 35 8 30 0 T M M 6.9 21 260 M M 6 18 26 260
================================================================================
SM 1014 598 1007 0 1.34 M 256.3 M 200
================================================================================
AV 36.2 21.4 9.2 FASTST M M 7 MAX(MPH)
MISC ----> 30 240 45 230
================================================================================
NOTES:
# LAST OF SEVERAL OCCURRENCES
COLUMN 17 PEAK WIND IN M.P.H.
PRELIMINARY LOCAL CLIMATOLOGICAL DATA (WS FORM: F-6) , PAGE 2
STATION: TRAVERSE CITY MI
MONTH: FEBRUARY
YEAR: 2023
LATITUDE: 44 44 N
LONGITUDE: 85 34 W
[TEMPERATURE DATA] [PRECIPITATION DATA] SYMBOLS USED IN COLUMN 16
AVERAGE MONTHLY: 28.8 TOTAL FOR MONTH: 1.34 1 = FOG OR MIST
DPTR FM NORMAL: 5.0 DPTR FM NORMAL: 0.32 2 = FOG REDUCING VISIBILITY
HIGHEST: 56 ON 14 GRTST 24HR 0.69 ON 9-10 TO 1/4 MILE OR LESS
LOWEST: 7 ON 3 3 = THUNDER
SNOW, ICE PELLETS, HAIL 4 = ICE PELLETS
TOTAL MONTH: M 5 = HAIL
GRTST 24HR M ON M 6 = FREEZING RAIN OR DRIZZLE
GRTST DEPTH: M ON M 7 = DUSTSTORM OR SANDSTORM:
VSBY 1/2 MILE OR LESS
8 = SMOKE OR HAZE
[NO. OF DAYS WITH] [WEATHER - DAYS WITH] 9 = BLOWING SNOW
X = TORNADO
MAX 32 OR BELOW: 10 0.01 INCH OR MORE: 10
MAX 90 OR ABOVE: 0 0.10 INCH OR MORE: 3
MIN 32 OR BELOW: 28 0.50 INCH OR MORE: 1
MIN 0 OR BELOW: 0 1.00 INCH OR MORE: 0
[HDD (BASE 65) ]
TOTAL THIS MO. 1007 CLEAR (SCALE 0-3) 5
DPTR FM NORMAL -145 PTCLDY (SCALE 4-7) 10
TOTAL FM JUL 1 4350 CLOUDY (SCALE 8-10) 13
DPTR FM NORMAL -675
[CDD (BASE 65) ]
TOTAL THIS MO. 0
DPTR FM NORMAL 0 [PRESSURE DATA]
TOTAL FM JAN 1 0 HIGHEST SLP 30.63 ON 24
DPTR FM NORMAL 0 LOWEST SLP 29.29 ON 15
[REMARKS]
#FINAL-02-23#