000
CXUS53 KAPX 010534
CLMTVC
CLIMATE REPORT
NATIONAL WEATHER SERVICE
1234 AM EST THU FEB 01 2024
...................................
...THE TRAVERSE CITY MI CLIMATE SUMMARY FOR THE MONTH OF JANUARY 2024...
CLIMATE NORMAL PERIOD: 1991 TO 2020
CLIMATE RECORD PERIOD: 1896 TO 2024
WEATHER OBSERVED NORMAL DEPART LAST YEAR`S
VALUE DATE(S) VALUE FROM VALUE
NORMAL
..............................................................
TEMPERATURE (F)
HIGHEST 42 01/31 MM MM
LOWEST 8 01/16 MM MM
AVG. MAXIMUM 31.7 29.3 2.4
AVG. MINIMUM 25.4 17.0 8.4
MEAN 28.5 23.1 5.4
DAYS MAX >= 90 0 0.0 0.0
DAYS MAX <= 32 12 19.9 -7.9
DAYS MIN <= 32 23 29.1 -6.1
DAYS MIN <= 0 0 2.5 -2.5
PRECIPITATION (INCHES)
TOTALS 0.69 1.67 -0.98
DAYS >= .01 13 14.2 -1.2
DAYS >= .10 2 4.8 -2.8
DAYS >= .50 0 0.3 -0.3
DAYS >= 1.00 0 0.0 0.0
GREATEST
24 HR. TOTAL 0.23 01/09 TO 01/10
DEGREE DAYS
HEATING TOTAL 1123 1297 -174
SINCE 7/1 3225 3873 -648
COOLING TOTAL 0 0 0
SINCE 1/1 0 0 0
..............................................................
WIND (MPH)
AVERAGE WIND SPEED 7.2
HIGHEST WIND SPEED/DIRECTION 26/300 DATE 01/13
HIGHEST GUST SPEED/DIRECTION 40/310 DATE 01/13
SKY COVER
AVERAGE SKY COVER 0.98
AVERAGE RH (PERCENT) 78
- INDICATES NEGATIVE NUMBERS.
R INDICATES RECORD WAS SET OR TIED.
MM INDICATES DATA IS MISSING.
T INDICATES TRACE AMOUNT.
$$