000
CXUS54 KJAN 020352
CF6TVR
PRELIMINARY LOCAL CLIMATOLOGICAL DATA (WS FORM: F-6)
STATION: VICKSBURG
MONTH: JULY
YEAR: 2022
LATITUDE: 32 20 N
LONGITUDE: 91 2 W
TEMPERATURE IN F: :PCPN: SNOW: WIND :SUNSHINE: SKY :PK WND
================================================================================
1 2 3 4 5 6A 6B 7 8 9 10 11 12 13 14 15 16 17 18
12Z AVG MX 2MIN
DY MAX MIN AVG DEP HDD CDD WTR SNW DPTH SPD SPD DIR MIN PSBL S-S WX SPD DR
================================================================================
1 91 72 82 0 0 17 0.00 0.0 0 3.3 13 190 M M 2 25 220
2 90 72 81 -1 0 16 0.42 0.0 0 4.0 15 180 M M 2 13 23 250
3 92 74 83 1 0 18 0.00 0.0 0 2.7 13 360 M M 2 17 20
4 94 76 85 3 0 20 0.00 0.0 0 2.9 13 170 M M 0 17 170
5 97 74 86 4 0 21 0.01 0.0 0 2.8 28 150 M M 1 3 37 150
6 94 74 84 2 0 19 0.31 0.0 0 3.1 10 280 M M 3 13 21 290
7 94 74 84 2 0 19 0.00 0.0 0 1.5 8 180 M M 1 1 11 160
8 95 76 86 3 0 21 0.00 0.0 0 2.1 10 170 M M 0 16 180
9 97 73 85 2 0 20 1.89 0.0 0 2.8 22 170 M M 0 13 37 170
10 90 73 82 -1 0 17 0.00 0.0 0 3.9 10 360 M M 5 3 15 360
11 94 75 85 2 0 20 0.00 0.0 0 3.6 10 10 M M 1 16 340
12 96 73 85 2 0 20 0.00 0.0 0 3.0 13 10 M M 0 16 10
13 96 74 85 2 0 20 0.05 0.0 0 2.3 14 180 M M 2 3 24 290
14 92 73 83 0 0 18 T 0.0 0 0.6 9 160 M M 1 11 180
15 94 72 83 0 0 18 0.00 0.0 0 0.4 6 170 M M 0 1 10 M
16 95 73 84 1 0 19 0.00 0.0 0 1.5 8 150 M M 0 1 12 310
17 94 74 84 1 0 19 0.00 0.0 0 3.6 17 160 M M 0 21 180
18 94 79 87 4 0 22 0.00 0.0 0 6.9 15 180 M M 1 3 20 170
19 95 78 87 4 0 22 0.00 0.0 0 6.8 16 180 M M 0 22 170
20 96 79 88 5 0 23 0.00 0.0 0 5.8 15 180 M M 0 22 180
21 95 81 88 5 0 23 0.00 0.0 0 3.3 10 180 M M 1 19 180
22 95 73 84 1 0 19 0.00 0.0 0 3.8 16 140 M M 2 3 22 130
23 93 72 83 0 0 18 T 0.0 0 4.6 24 170 M M 3 3 31 170
24 94 76 85 2 0 20 0.02 0.0 0 3.6 17 170 M M 0 22 170
25 95 73 84 1 0 19 0.00 0.0 0 3.5 14 170 M M 0 18 180
26 95 74 85 2 0 20 T 0.0 0 4.6 16 180 M M 1 22 180
27 95 73 84 1 0 19 0.00 0.0 0 3.6 14 180 M M 1 19 170
28 96 73 85 2 0 20 0.00 0.0 0 3.8 12 170 M M 0 3 17 180
29 96 73 85 2 0 20 0.00 0.0 0 2.6 21 180 M M 2 3 31 180
30 94 75 85 2 0 20 0.11 0.0 0 3.2 14 310 M M 2 3 23 300
31 95 71 83 0 0 18 0.00 0.0 0 3.6 14 180 M M 1 20 160
================================================================================
SM 2923 2302 0 605 2.81 0.0 103.8 M 34
================================================================================
AV 94.3 74.3 3.3 FASTST M M 1 MAX(MPH)
MISC ----> 28 150 # 37 150
================================================================================
NOTES:
# LAST OF SEVERAL OCCURRENCES
COLUMN 17 PEAK WIND IN M.P.H.
PRELIMINARY LOCAL CLIMATOLOGICAL DATA (WS FORM: F-6) , PAGE 2
STATION: VICKSBURG
MONTH: JULY
YEAR: 2022
LATITUDE: 32 20 N
LONGITUDE: 91 2 W
[TEMPERATURE DATA] [PRECIPITATION DATA] SYMBOLS USED IN COLUMN 16
AVERAGE MONTHLY: 84.3 TOTAL FOR MONTH: 2.81 1 = FOG OR MIST
DPTR FM NORMAL: 1.5 DPTR FM NORMAL: -1.24 2 = FOG REDUCING VISIBILITY
HIGHEST: 97 ON 9, 5 GRTST 24HR 1.89 ON 9- 9 TO 1/4 MILE OR LESS
LOWEST: 71 ON 31 3 = THUNDER
SNOW, ICE PELLETS, HAIL 4 = ICE PELLETS
TOTAL MONTH: 0.0 INCH 5 = HAIL
GRTST 24HR 0.0 6 = FREEZING RAIN OR DRIZZLE
GRTST DEPTH: 0 7 = DUSTSTORM OR SANDSTORM:
VSBY 1/2 MILE OR LESS
8 = SMOKE OR HAZE
[NO. OF DAYS WITH] [WEATHER - DAYS WITH] 9 = BLOWING SNOW
X = TORNADO
MAX 32 OR BELOW: 0 0.01 INCH OR MORE: 7
MAX 90 OR ABOVE: 31 0.10 INCH OR MORE: 4
MIN 32 OR BELOW: 0 0.50 INCH OR MORE: 1
MIN 0 OR BELOW: 0 1.00 INCH OR MORE: 1
[HDD (BASE 65) ]
TOTAL THIS MO. 0 CLEAR (SCALE 0-3) 29
DPTR FM NORMAL 0 PTCLDY (SCALE 4-7) 2
TOTAL FM JUL 1 0 CLOUDY (SCALE 8-10) 0
DPTR FM NORMAL 0
[CDD (BASE 65) ]
TOTAL THIS MO. 605
DPTR FM NORMAL 52 [PRESSURE DATA]
TOTAL FM JAN 1 1734 HIGHEST SLP 30.20 ON 31
DPTR FM NORMAL 267 LOWEST SLP 29.83 ON 11
[REMARKS]
#FINAL-07-22#