000
CXUS54 KJAN 101947
CF6TVR
PRELIMINARY LOCAL CLIMATOLOGICAL DATA (WS FORM: F-6)
STATION: VICKSBURG
MONTH: JULY
YEAR: 2021
LATITUDE: 32 20 N
LONGITUDE: 91 2 W
TEMPERATURE IN F: :PCPN: SNOW: WIND :SUNSHINE: SKY :PK WND
================================================================================
1 2 3 4 5 6A 6B 7 8 9 10 11 12 13 14 15 16 17 18
12Z AVG MX 2MIN
DY MAX MIN AVG DEP HDD CDD WTR SNW DPTH SPD SPD DIR MIN PSBL S-S WX SPD DR
================================================================================
1 94 73 84 2 0 19 0.20 0.0 0 1.1 10 310 M M 1 138 18 320
2 88 75 82 0 0 17 0.35 0.0 0 2.5 13 10 M M 5 138 20 350
3 89 70 80 -2 0 15 0.00 0.0 0 5.8 13 20 M M 2 17 20
4 91 69 80 -2 0 15 0.00 0.0 0 4.3 9 360 M M 1 14 20
5 94 71 83 1 0 18 0.16 0.0 0 4.1 16 150 M M 2 138 23 140
6 93 74 84 2 0 19 0.00 0.0 0 4.3 12 110 M M 1 18 16 120
7 90 75 83 1 0 18 0.05 0.0 0 2.9 12 130 M M 5 3 16 170
8 93 73 83 0 0 18 0.00 0.0 0 3.4 14 180 M M 1 18 18 170
9 92 73 83 0 0 18 0.01 0.0 0 4.1 21 160 M M 2 28 170
10 88 75 82 -1 0 17 0.04 0.0 0 5.5 16 170 M M 4 3 22 180
11 86 73 80 -3 0 15 0.38 0.0 0 4.7 14 320 M M 3 1238 23 310
12 89 72 81 -2 0 16 1.62 0.0 0 4.6 14 170 M M 3 13 19 180
13 93 73 83 0 0 18 T 0.0 0 1.8 7 170 M M 2 14 290
14 93 73 83 0 0 18 0.07 0.0 0 1.2 14 160 M M 0 138 16 150
15 93 75 84 1 0 19 0.33 0.0 0 3.4 20 170 M M 2 138 31 180
16 91 74 83 0 0 18 0.02 0.0 0 4.3 17 160 M M 1 138 23 160
17 90 74 82 -1 0 17 1.53 0.0 0 4.5 22 30 M M 2 13 32 30
18 93 73 83 0 0 18 0.07 0.0 0 3.1 16 360 M M 3 3 26 10
19 85 75 80 -3 0 15 0.41 0.0 0 2.3 10 360 M M 3 18 16 360
20 88 75 82 -1 0 17 T 0.0 0 2.3 12 120 M M 3 18 16 120
21 92 75 84 1 0 19 0.00 0.0 0 0.8 6 310 M M 5 128 10 10
22 94 75 85 2 0 20 T 0.0 0 0.9 8 190 M M 2 18 14 200
23 97 78 88 5 0 23 0.00 0.0 0 1.2 8 310 M M 1 18 15 300
24 99 78 89 6 0 24 0.00 0.0 0 1.2 8 310 M M 1 18 13 320
25 98 77 88 5 0 23 0.00 0.0 0 1.0 7 140 M M 1 128 9 130
26 100 79 90 7 0 25 T 0.0 0 1.9 17 160 M M 1 138 25 170
27 98 77 88 5 0 23 0.58 0.0 0 1.8 15 130 M M 3 138 23 90
28 98 77 88 5 0 23 0.00 0.0 0 1.8 8 50 M M 1 18 13 40
29 100 77 89 6 0 24 0.00 0.0 0 1.9 7 40 M M 0 18 11 30
30 100 78 89 6 0 24 0.00 0.0 0 1.7 8 50 M M 1 18 11 40
31 101 78 90 7 0 25 0.00 0.0 0 0.9 9 180 M M 0 18 12 180
================================================================================
SM 2890 2314 0 598 5.82 0.0 85.3 M 62
================================================================================
AV 93.2 74.6 2.8 FASTST M M 2 MAX(MPH)
MISC ----> 22 30 32 30
================================================================================
NOTES:
# LAST OF SEVERAL OCCURRENCES
COLUMN 17 PEAK WIND IN M.P.H.
PRELIMINARY LOCAL CLIMATOLOGICAL DATA (WS FORM: F-6) , PAGE 2
STATION: VICKSBURG
MONTH: JULY
YEAR: 2021
LATITUDE: 32 20 N
LONGITUDE: 91 2 W
[TEMPERATURE DATA] [PRECIPITATION DATA] SYMBOLS USED IN COLUMN 16
AVERAGE MONTHLY: 83.9 TOTAL FOR MONTH: 5.82 1 = FOG OR MIST
DPTR FM NORMAL: 1.1 DPTR FM NORMAL: 1.77 2 = FOG REDUCING VISIBILITY
HIGHEST: 101 ON 31 GRTST 24HR 1.86 ON 11-12 TO 1/4 MILE OR LESS
LOWEST: 69 ON 4 3 = THUNDER
SNOW, ICE PELLETS, HAIL 4 = ICE PELLETS
TOTAL MONTH: 0.0 INCH 5 = HAIL
GRTST 24HR 0.0 6 = FREEZING RAIN OR DRIZZLE
GRTST DEPTH: 0 7 = DUSTSTORM OR SANDSTORM:
VSBY 1/2 MILE OR LESS
8 = SMOKE OR HAZE
[NO. OF DAYS WITH] [WEATHER - DAYS WITH] 9 = BLOWING SNOW
X = TORNADO
MAX 32 OR BELOW: 0 0.01 INCH OR MORE: 15
MAX 90 OR ABOVE: 24 0.10 INCH OR MORE: 9
MIN 32 OR BELOW: 0 0.50 INCH OR MORE: 3
MIN 0 OR BELOW: 0 1.00 INCH OR MORE: 2
[HDD (BASE 65) ]
TOTAL THIS MO. 0 CLEAR (SCALE 0-3) 26
DPTR FM NORMAL 0 PTCLDY (SCALE 4-7) 5
TOTAL FM JUL 1 0 CLOUDY (SCALE 8-10) 0
DPTR FM NORMAL 0
[CDD (BASE 65) ]
TOTAL THIS MO. 598
DPTR FM NORMAL 45 [PRESSURE DATA]
TOTAL FM JAN 1 1578 HIGHEST SLP 30.26 ON 14
DPTR FM NORMAL 111 LOWEST SLP 29.89 ON 26
[REMARKS]
#FINAL-07-21#