000
CXUS55 KBOI 011002
CF6TWF
PRELIMINARY LOCAL CLIMATOLOGICAL DATA (WS FORM: F-6)
STATION: TWIN FALLS ID
MONTH: JULY
YEAR: 2021
LATITUDE: 42 28 N
LONGITUDE: 114 29 W
TEMPERATURE IN F: :PCPN: SNOW: WIND :SUNSHINE: SKY :PK WND
================================================================================
1 2 3 4 5 6A 6B 7 8 9 10 11 12 13 14 15 16 17 18
12Z AVG MX 2MIN
DY MAX MIN AVG DEP HDD CDD WTR SNW DPTH SPD SPD DIR MIN PSBL S-S WX SPD DR
================================================================================
1 92 65 79 10 0 14 0.00 M M 8.3 20 210 M M 0 28 220
2 96 56 76 6 0 11 0.00 M M 6.8 16 200 M M 0 22 210
3 98 62 80 10 0 15 T M M 9.3 31 200 M M 1 38 45 200
4 94 63 79 9 0 14 T M M 9.0 45 260 M M 1 56 260
5 94 58 76 5 0 11 0.00 M M 6.2 13 200 M M 0 17 200
6 100 57 79 8 0 14 0.00 M M 9.2 18 190 M M 0 26 190
7 99 62 81 10 0 16 T M M 9.3 33 250 M M 0 3 53 250
8 94 65 80 8 0 15 0.00 M M 10.4 17 260 M M 0 25 220
9 93 67 80 8 0 15 0.00 M M 14.0 24 260 M M 0 30 260
10 94 58 76 4 0 11 0.00 M M 8.0 16 220 M M 0 23 210
11 98 59 79 7 0 14 0.00 M M 9.7 18 310 M M 0 27 240
12 98 66 82 9 0 17 0.00 M M 8.1 16 210 M M 0 8 22 210
13 95 67 81 8 0 16 0.00 M M 14.5 23 280 M M 0 8 31 290
14 93 59 76 3 0 11 0.00 M M 8.1 15 210 M M 0 8 22 210
15 96 67 82 8 0 17 0.00 M M 7.9 14 200 M M 0 8 20 200
16 95 64 80 6 0 15 0.00 M M 7.8 17 200 M M 0 22 200
17 95 65 80 6 0 15 0.00 M M 9.1 23 150 M M 0 31 130
18 98 60 79 5 0 14 0.00 M M 5.4 15 200 M M 0 21 200
19 86 68 77 3 0 12 0.04 M M 8.1 28 190 M M 4 3 38 190
20 87 67 77 3 0 12 T M M 8.6 21 230 M M 2 28 230
21 96 60 78 4 0 13 T M M 8.5 28 290 M M 0 38 39 290
22 88 62 75 0 0 10 0.00 M M 8.3 16 310 M M 0 8 20 310
23 91 62 77 2 0 12 0.00 M M 10.8 17 210 M M 0 22 220
24 90 65 78 3 0 13 0.00 M M 11.2 16 210 M M 0 22 290
25 93 66 80 5 0 15 0.00 M M 10.0 17 200 M M 0 8 24 200
26 100 67 84 9 0 19 0.00 M M 9.0 16 230 M M 1 8 21 230
27 93 72 83 8 0 18 T M M 9.4 29 170 M M 1 38 40 170
28 93 71 82 7 0 17 0.00 M M 11.7 25 210 M M 1 37 210
29 94 67 81 6 0 16 0.00 M M 6.1 15 70 M M 1 23 90
30 91 66 79 4 0 14 0.00 M M 9.4 17 150 M M 0 22 150
31 88 65 77 2 0 12 0.64 M M 8.9 31 180 M M 5 13 41 190
================================================================================
SM 2912 1978 0 438 0.68 M 281.1 M 17
================================================================================
AV 93.9 63.8 9.1 FASTST M M 1 MAX(MPH)
MISC ----> 45 260 56 260
================================================================================
NOTES:
# LAST OF SEVERAL OCCURRENCES
COLUMN 17 PEAK WIND IN M.P.H.
PRELIMINARY LOCAL CLIMATOLOGICAL DATA (WS FORM: F-6) , PAGE 2
STATION: TWIN FALLS ID
MONTH: JULY
YEAR: 2021
LATITUDE: 42 28 N
LONGITUDE: 114 29 W
[TEMPERATURE DATA] [PRECIPITATION DATA] SYMBOLS USED IN COLUMN 16
AVERAGE MONTHLY: 78.9 TOTAL FOR MONTH: 0.68 1 = FOG OR MIST
DPTR FM NORMAL: 5.9 DPTR FM NORMAL: 0.37 2 = FOG REDUCING VISIBILITY
HIGHEST: 100 ON 26, 6 GRTST 24HR 0.64 ON 31-31 TO 1/4 MILE OR LESS
LOWEST: 56 ON 2 3 = THUNDER
SNOW, ICE PELLETS, HAIL 4 = ICE PELLETS
TOTAL MONTH: M 5 = HAIL
GRTST 24HR M ON M 6 = FREEZING RAIN OR DRIZZLE
GRTST DEPTH: M ON M 7 = DUSTSTORM OR SANDSTORM:
VSBY 1/2 MILE OR LESS
8 = SMOKE OR HAZE
[NO. OF DAYS WITH] [WEATHER - DAYS WITH] 9 = BLOWING SNOW
X = TORNADO
MAX 32 OR BELOW: 0 0.01 INCH OR MORE: 2
MAX 90 OR ABOVE: 27 0.10 INCH OR MORE: 1
MIN 32 OR BELOW: 0 0.50 INCH OR MORE: 1
MIN 0 OR BELOW: 0 1.00 INCH OR MORE: 0
[HDD (BASE 65) ]
TOTAL THIS MO. 0 CLEAR (SCALE 0-3) 29
DPTR FM NORMAL -10 PTCLDY (SCALE 4-7) 2
TOTAL FM JUL 1 0 CLOUDY (SCALE 8-10) 0
DPTR FM NORMAL -7
[CDD (BASE 65) ]
TOTAL THIS MO. 438
DPTR FM NORMAL 179 [PRESSURE DATA]
TOTAL FM JAN 1 696 HIGHEST SLP 30.10 ON 31
DPTR FM NORMAL 348 LOWEST SLP 29.65 ON 15
[REMARKS]
#FINAL-07-21#