000
CXUS54 KSHV 011500
CF6TYR
PRELIMINARY LOCAL CLIMATOLOGICAL DATA (WS FORM: F-6)
STATION: TYLER
MONTH: AUGUST
YEAR: 2020
LATITUDE: 32 22 N
LONGITUDE: 95 24 W
TEMPERATURE IN F: :PCPN: SNOW: WIND :SUNSHINE: SKY :PK WND
================================================================================
1 2 3 4 5 6A 6B 7 8 9 10 11 12 13 14 15 16 17 18
12Z AVG MX 2MIN
DY MAX MIN AVG DEP HDD CDD WTR SNW DPTH SPD SPD DIR MIN PSBL S-S WX SPD DR
================================================================================
1 92 73 83 -1 0 18 0.00 0.0 0 4.8 14 60 M M 2 17 50
2 96 71 84 0 0 19 0.00 0.0 0 5.5 18 100 M M 2 22 110
3 97 69 83 -1 0 18 0.00 0.0 0 4.6 13 330 M M 0 17 30
4 94 72 83 -1 0 18 0.00 0.0 0 5.2 12 360 M M 2 8 17 350
5 87 77 82 -2 0 17 T 0.0 0 8.8 18 30 M M 5 3 25 30
6 97 75 86 2 0 21 0.00 0.0 0 8.7 14 180 M M 1 18 140
7 98 77 88 4 0 23 0.00 0.0 0 9.1 16 140 M M 0 20 150
8 98 77 88 4 0 23 0.00 0.0 0 7.5 15 160 M M 0 22 180
9 98 78 88 4 0 23 0.00 0.0 0 9.6 16 160 M M 2 23 150
10 99 78 89 5 0 24 0.00 0.0 0 10.2 17 220 M M 2 18 23 210
11 99 79 89 5 0 24 0.00 0.0 0 10.4 18 200 M M 3 24 200
12 96 77 87 3 0 22 0.15 0.0 0 9.2 25 60 M M 1 13 32 90
13 100 78 89 5 0 24 0.00 0.0 0 7.9 14 200 M M 0 20 210
14 100 79 90 6 0 25 0.00 0.0 0 8.3 15 200 M M 0 20 210
15 102 79 91 7 0 26 0.00 0.0 0 6.8 16 210 M M 0 19 220
16 104 71 88 4 0 23 0.17 0.0 0 6.0 30 290 M M 1 13 41 280
17 96 72 84 0 0 19 T 0.0 0 3.6 12 40 M M 0 3 15 20
18 97 73 85 2 0 20 0.00 0.0 0 5.5 15 350 M M 0 22 340
19 93 66 80 -3 0 15 0.00 0.0 0 4.8 14 10 M M 0 17 360
20 92 68 80 -3 0 15 0.00 0.0 0 5.0 14 20 M M 1 17 10
21 93 64 79 -4 0 14 0.00 0.0 0 2.9 9 80 M M 1 13 280
22 96 71 84 1 0 19 0.00 0.0 0 3.9 12 100 M M 1 14 20
23 98 70 84 1 0 19 0.00 0.0 0 5.6 14 70 M M 1 19 70
24 97 72 85 3 0 20 0.00 0.0 0 6.7 15 50 M M 0 22 110
25 98 73 86 4 0 21 0.00 0.0 0 7.3 18 50 M M 2 23 50
26 94 74 84 2 0 19 0.06 0.0 0 8.7 22 30 M M 6 3 29 30
27 94 74 84 2 0 19 T 0.0 0 8.7 22 360 M M 2 30 360
28 97 73 85 3 0 20 0.27 0.0 0 9.1 22 150 M M 2 1 27 150
29 100 76 88 7 0 23 0.00 0.0 0 10.1 15 170 M M 0 19 280
30 94 72 83 2 0 18 0.20 0.0 0 8.8 26 80 M M 2 13 35 80
31 99 81 90 9 0 25 0.00 0.0 0 11.3 16 150 M M 3 128 22 180
================================================================================
SM 2995 2289 0 634 0.85 0.0 224.6 M 42
================================================================================
AV 96.6 73.8 7.2 FASTST M M 1 MAX(MPH)
MISC ----> # 30 290 # 41 280
================================================================================
NOTES:
# LAST OF SEVERAL OCCURRENCES
COLUMN 17 PEAK WIND IN M.P.H.
PRELIMINARY LOCAL CLIMATOLOGICAL DATA (WS FORM: F-6) , PAGE 2
STATION: TYLER
MONTH: AUGUST
YEAR: 2020
LATITUDE: 32 22 N
LONGITUDE: 95 24 W
[TEMPERATURE DATA] [PRECIPITATION DATA] SYMBOLS USED IN COLUMN 16
AVERAGE MONTHLY: 85.2 TOTAL FOR MONTH: 0.85 1 = FOG OR MIST
DPTR FM NORMAL: 2.0 DPTR FM NORMAL: -2.01 2 = FOG REDUCING VISIBILITY
HIGHEST: 104 ON 16 GRTST 24HR 0.27 ON 28-28 TO 1/4 MILE OR LESS
LOWEST: 64 ON 21 3 = THUNDER
SNOW, ICE PELLETS, HAIL 4 = ICE PELLETS
TOTAL MONTH: 0.0 INCH 5 = HAIL
GRTST 24HR 0.0 6 = FREEZING RAIN OR DRIZZLE
GRTST DEPTH: 0 7 = DUSTSTORM OR SANDSTORM:
VSBY 1/2 MILE OR LESS
8 = SMOKE OR HAZE
[NO. OF DAYS WITH] [WEATHER - DAYS WITH] 9 = BLOWING SNOW
X = TORNADO
MAX 32 OR BELOW: 0 0.01 INCH OR MORE: 5
MAX 90 OR ABOVE: 30 0.10 INCH OR MORE: 4
MIN 32 OR BELOW: 0 0.50 INCH OR MORE: 0
MIN 0 OR BELOW: 0 1.00 INCH OR MORE: 0
[HDD (BASE 65) ]
TOTAL THIS MO. 0 CLEAR (SCALE 0-3) 28
DPTR FM NORMAL 0 PTCLDY (SCALE 4-7) 3
TOTAL FM JUL 1 0 CLOUDY (SCALE 8-10) 0
DPTR FM NORMAL 0
[CDD (BASE 65) ]
TOTAL THIS MO. 634
DPTR FM NORMAL 70 [PRESSURE DATA]
TOTAL FM JAN 1 2219 HIGHEST SLP 30.15 ON 16
DPTR FM NORMAL 297 LOWEST SLP 29.69 ON 30
[REMARKS]
#FINAL-08-20#