000
CXUS56 KPQR 011301
CF6UAO
PRELIMINARY LOCAL CLIMATOLOGICAL DATA (WS FORM: F-6)
STATION: AURORA STATE OR
MONTH: JANUARY
YEAR: 2023
LATITUDE: 45 15 N
LONGITUDE: 122 46 W
TEMPERATURE IN F: :PCPN: SNOW: WIND :SUNSHINE: SKY :PK WND
================================================================================
1 2 3 4 5 6A 6B 7 8 9 10 11 12 13 14 15 16 17 18
12Z AVG MX 2MIN
DY MAX MIN AVG DEP HDD CDD WTR SNW DPTH SPD SPD DIR MIN PSBL S-S WX SPD DR
================================================================================
1 49 34 42 1 23 0 0.00 M M 1.9 8 360 M M 7 128 10 90
2 47 31 39 -2 26 0 T M M 5.7 22 180 M M 9 12 29 180
3 47 39 43 1 22 0 0.08 M M 5.1 16 190 M M 9 1 21 170
4 52 37 45 3 20 0 0.20 M M 12.3 22 40 M M 5 1 29 50
5 60 48 54 12 11 0 0.08 M M 9.7 25 190 M M 8 18 37 180
6 56 37 47 5 18 0 0.06 M M 3.7 13 190 M M 7 17 180
7 52 43 48 6 17 0 0.18 M M 4.3 13 170 M M 9 1 17 170
8 53 42 48 6 17 0 0.38 M M 7.4 25 190 M M 9 18 38 190
9 55 42 49 7 16 0 0.09 M M 8.4 28 190 M M 7 1 37 180
10 54 37 46 4 19 0 0.02 M M 7.6 16 160 M M 5 22 160
11 53 42 48 6 17 0 0.38 M M 4.9 14 190 M M 9 21 190
12 55 46 51 9 14 0 0.22 M M 3.0 12 20 M M 9 1 13 10
13 54 46 50 8 15 0 0.20 M M 3.3 13 180 M M 10 1 16 170
14 54 43 49 7 16 0 0.18 M M 6.0 24 180 M M 7 1 33 130
15 53 44 49 7 16 0 0.33 M M 16.0 28 180 M M 9 1 37 170
16 50 37 44 2 21 0 0.01 M M 3.6 12 190 M M 7 1 15 190
17 49 43 46 4 19 0 0.03 M M 9.6 18 190 M M 10 1 24 190
18 49 35 42 -1 23 0 0.26 M M 7.3 18 180 M M 9 1 24 180
19 43 31 37 -6 28 0 0.00 M M 1.3 7 10 M M 8 12 8 260
20 40 31 36 -7 29 0 0.00 M M 2.3 7 10 M M 10 128 8 360
21 45 33 39 -4 26 0 0.08 M M 7.0 16 220 M M 8 1 24 200
22 45 31 38 -5 27 0 T M M 2.3 10 190 M M 6 1 14 190
23 50 35 43 0 22 0 0.00 M M 1.5 12 10 M M 8 12 12 20
24 46 30 38 -5 27 0 0.00 M M 1.5 8 150 M M 6 12 9 140
25 44 34 39 -4 26 0 0.00 M M 0.3 5 120 M M 10 1 6 120
26 45 42 44 1 21 0 0.00 M M 2.1 8 210 M M 10 1 11 200
27 50 40 45 2 20 0 0.00 M M 8.1 17 180 M M 8 1 21 210
28 46 35 41 -2 24 0 0.04 M M 6.2 17 30 M M 9 1 22 40
29 39 28 34 -9 31 0 0.00 M M 12.8 20 20 M M 0 26 40
30 42 23 33 -10 32 0 0.00 M M 6.9 18 20 M M 0 22 20
31 41 24 33 -10 32 0 0.00 M M 0.4 6 140 M M 1 8 340
================================================================================
SM 1518 1143 675 0 2.82 M 172.5 M 229
================================================================================
AV 49.0 36.9 5.6 FASTST M M 7 MAX(MPH)
MISC ----> # 28 190 38 190
================================================================================
NOTES:
# LAST OF SEVERAL OCCURRENCES
COLUMN 17 PEAK WIND IN M.P.H.
PRELIMINARY LOCAL CLIMATOLOGICAL DATA (WS FORM: F-6) , PAGE 2
STATION: AURORA STATE OR
MONTH: JANUARY
YEAR: 2023
LATITUDE: 45 15 N
LONGITUDE: 122 46 W
[TEMPERATURE DATA] [PRECIPITATION DATA] SYMBOLS USED IN COLUMN 16
AVERAGE MONTHLY: 42.9 TOTAL FOR MONTH: 2.82 1 = FOG OR MIST
DPTR FM NORMAL: 0.5 DPTR FM NORMAL: -2.66 2 = FOG REDUCING VISIBILITY
HIGHEST: 60 ON 5 GRTST 24HR 0.79 ON 11-12 TO 1/4 MILE OR LESS
LOWEST: 23 ON 30 3 = THUNDER
SNOW, ICE PELLETS, HAIL 4 = ICE PELLETS
TOTAL MONTH: M 5 = HAIL
GRTST 24HR M ON M 6 = FREEZING RAIN OR DRIZZLE
GRTST DEPTH: M ON M 7 = DUSTSTORM OR SANDSTORM:
VSBY 1/2 MILE OR LESS
8 = SMOKE OR HAZE
[NO. OF DAYS WITH] [WEATHER - DAYS WITH] 9 = BLOWING SNOW
X = TORNADO
MAX 32 OR BELOW: 0 0.01 INCH OR MORE: 18
MAX 90 OR ABOVE: 0 0.10 INCH OR MORE: 9
MIN 32 OR BELOW: 8 0.50 INCH OR MORE: 0
MIN 0 OR BELOW: 0 1.00 INCH OR MORE: 0
[HDD (BASE 65) ]
TOTAL THIS MO. 675 CLEAR (SCALE 0-3) 3
DPTR FM NORMAL -26 PTCLDY (SCALE 4-7) 13
TOTAL FM JUL 1 2330 CLOUDY (SCALE 8-10) 15
DPTR FM NORMAL -54
[CDD (BASE 65) ]
TOTAL THIS MO. 0
DPTR FM NORMAL 0 [PRESSURE DATA]
TOTAL FM JAN 1 0 HIGHEST SLP 30.73 ON 25
DPTR FM NORMAL 0 LOWEST SLP 29.21 ON 14
[REMARKS]
#FINAL-01-23#