000
CXUS53 KSGF 010800
CF6UNO
PRELIMINARY LOCAL CLIMATOLOGICAL DATA (WS FORM: F-6)
STATION: WEST PLAINS MO
MONTH: MAY
YEAR: 2020
LATITUDE: 36 52 N
LONGITUDE: 91 55 W
TEMPERATURE IN F: :PCPN: SNOW: WIND :SUNSHINE: SKY :PK WND
================================================================================
1 2 3 4 5 6A 6B 7 8 9 10 11 12 13 14 15 16 17 18
12Z AVG MX 2MIN
DY MAX MIN AVG DEP HDD CDD WTR SNW DPTH SPD SPD DIR MIN PSBL S-S WX SPD DR
================================================================================
1 79 44 62 0 3 0 0.00 M M 6.0 16 170 M M 0 22 180
2 86 60 73 11 0 8 0.00 M M 7.5 14 160 M M 0 21 180
3 76 62 69 7 0 4 0.13 M M 5.2 30 30 M M 7 3 41 360
4 67 55 61 -1 4 0 0.58 M M 7.6 39 340 M M 7 13 58 300
5 73 56 65 2 0 0 0.00 M M 11.9 23 330 M M 4 1 32 340
6 65 46 56 -7 9 0 0.00 M M 8.0 16 320 M M 6 28 340
7 68 39 54 -9 11 0 0.46 M M 4.4 13 220 M M 4 1 19 200
8 64 41 53 -10 12 0 0.58 M M 9.9 24 10 M M 5 13 39 350
9 65 35 50 -14 15 0 0.00 M M 3.0 13 190 M M 0 18 17 170
10 66 45 56 -8 9 0 0.00 M M 8.6 22 310 M M 0 30 300
11 57 40 49 -15 16 0 0.34 M M 5.9 13 320 M M 5 1 18 330
12 49 44 47 -17 18 0 0.60 M M 6.9 12 110 M M 10 1 18 90
13 68 49 59 -6 6 0 0.41 M M 6.9 15 150 M M 8 13 22 170
14 80 61 71 6 0 6 0.21 M M 8.9 20 130 M M 5 138 31 120
15 68 61 65 0 0 0 0.62 M M 5.4 17 30 M M 6 13 30 30
16 76 61 69 4 0 4 1.35 M M 5.1 13 110 M M 9 123 19 150
17 76 57 67 1 0 2 0.74 M M 5.8 17 310 M M 7 18 25 330
18 64 53 59 -7 6 0 0.00 M M 7.5 17 310 M M 8 23 270
19 71 55 63 -3 2 0 T M M 6.7 14 350 M M 7 20 360
20 72 53 63 -3 2 0 0.00 M M 4.5 10 60 M M 8 15 90
21 73 60 67 0 0 2 0.01 M M 5.4 14 100 M M 9 18 20 100
22 72 61 67 0 0 2 0.58 M M 4.7 21 260 M M 7 13 33 250
23 82 62 72 5 0 7 0.00 M M 5.6 14 250 M M 1 22 210
24 85 65 75 7 0 10 0.11 M M 7.5 20 310 M M 1 13 29 310
25 84 64 74 6 0 9 0.13 0.0 0 8.4 20 160 M M 3 13 30 170
26 79 67 73 5 0 8 0.40 M M 8.6 20 170 M M 8 13 30 170
27 79 62 71 3 0 6 0.54 M M 2.4 9 260 M M 7 13 13 260
28 78 59 69 0 0 4 0.08 0.0 0 3.7 16 320 M M 4 1 22 340
29 79 57 68 -1 0 3 0.00 0.0 0 7.6 15 320 M M 1 23 350
30 80 52 66 -3 0 1 0.00 0.0 0 2.6 10 40 M M 0 14 50
31 81 54 68 -2 0 3 0.00 M M 3.0 9 100 M M 0 14 60
================================================================================
SM 2262 1680 113 79 7.87 0.0 195.2 M 147
================================================================================
AV 73.0 54.2 6.3 FASTST M M 5 MAX(MPH)
MISC ----> # 39 340 # 58 300
================================================================================
NOTES:
# LAST OF SEVERAL OCCURRENCES
COLUMN 17 PEAK WIND IN M.P.H.
PRELIMINARY LOCAL CLIMATOLOGICAL DATA (WS FORM: F-6) , PAGE 2
STATION: WEST PLAINS MO
MONTH: MAY
YEAR: 2020
LATITUDE: 36 52 N
LONGITUDE: 91 55 W
[TEMPERATURE DATA] [PRECIPITATION DATA] SYMBOLS USED IN COLUMN 16
AVERAGE MONTHLY: 63.6 TOTAL FOR MONTH: 7.87 1 = FOG OR MIST
DPTR FM NORMAL: -1.8 DPTR FM NORMAL: 2.93 2 = FOG REDUCING VISIBILITY
HIGHEST: 86 ON 2 GRTST 24HR 1.35 ON 16-16 TO 1/4 MILE OR LESS
LOWEST: 35 ON 9 3 = THUNDER
SNOW, ICE PELLETS, HAIL 4 = ICE PELLETS
TOTAL MONTH: 0.0 INCH 5 = HAIL
GRTST 24HR 0.0 6 = FREEZING RAIN OR DRIZZLE
GRTST DEPTH: 0 7 = DUSTSTORM OR SANDSTORM:
VSBY 1/2 MILE OR LESS
8 = SMOKE OR HAZE
[NO. OF DAYS WITH] [WEATHER - DAYS WITH] 9 = BLOWING SNOW
X = TORNADO
MAX 32 OR BELOW: 0 0.01 INCH OR MORE: 18
MAX 90 OR ABOVE: 0 0.10 INCH OR MORE: 16
MIN 32 OR BELOW: 0 0.50 INCH OR MORE: 8
MIN 0 OR BELOW: 0 1.00 INCH OR MORE: 1
[HDD (BASE 65) ]
TOTAL THIS MO. 113 CLEAR (SCALE 0-3) 9
DPTR FM NORMAL 33 PTCLDY (SCALE 4-7) 18
TOTAL FM JUL 1 4055 CLOUDY (SCALE 8-10) 4
DPTR FM NORMAL -287
[CDD (BASE 65) ]
TOTAL THIS MO. 79
DPTR FM NORMAL -15 [PRESSURE DATA]
TOTAL FM JAN 1 107 HIGHEST SLP M ON M
DPTR FM NORMAL -15 LOWEST SLP 29.70 ON 26
[REMARKS]
#FINAL-05-20#