000
CXUS53 KUNR 010930
CF6UNR
PRELIMINARY LOCAL CLIMATOLOGICAL DATA (WS FORM: F-6)
STATION: EAST RAPID CITY SD
MONTH: MARCH
YEAR: 2024
LATITUDE: 44 4 N
LONGITUDE: 103 13 W
TEMPERATURE IN F: :PCPN: SNOW: WIND :SUNSHINE: SKY :PK WND
================================================================================
1 2 3 4 5 6A 6B 7 8 9 10 11 12 13 14 15 16 17 18
12Z AVG MX 2MIN
DY MAX MIN AVG DEP HDD CDD WTR SNW DPTH SPD SPD DIR MIN PSBL S-S WX SPD DR
================================================================================
1 61 40 51 19 14 0 0.00 0.0 0 7.8 18 10 M M M 33 250
2 65 29 47 15 18 0 T 0.0 0 7.2 18 180 M M M 24 220
3 46 26 36 4 29 0 0.00 0.0 0 10.5 25 300 M M M 46 270
4 43 24 34 1 31 0 T T 0 9.5 22 130 M M M 31 130
5 50 26 38 5 27 0 0.00 0.0 0 8.4 18 130 M M M 29 280
6 43 20 32 -1 33 0 T T 0 10.0 20 350 M M M 28 360
7 29 23 26 -8 39 0 T T 0 5.5 10 130 M M M 13 120
8 45 22 34 0 31 0 0.00 0.0 0 5.0 16 10 M M M 22 10
9 55 28 42 8 23 0 0.00 0.0 0 5.1 14 130 M M M 18 130
10 64 34 49 14 16 0 0.00 0.0 0 6.8 22 10 M M M 32 350
11 61 41 51 16 14 0 0.00 0.0 0 5.2 16 340 M M M 24 340
12 62 35 49 13 16 0 0.00 0.0 0 7.5 20 10 M M M 29 350
13 55 40 48 12 17 0 T 0.0 0 10.5 23 330 M M M 32 330
14 40 29 35 -1 30 0 0.00 0.0 0 15.2 33 360 M M M 45 360
15 61 24 43 7 22 0 0.00 0.0 0 5.5 17 360 M M M 22 330
16 50 35 43 6 22 0 0.00 0.0 0 13.8 28 330 M M M 40 350
17 42 21 32 -5 33 0 0.00 0.0 0 13.6 28 360 M M M 41 360
18 63 13 38 1 27 0 0.00 0.0 0 6.6 24 330 M M M 31 330
19 65 36 51 13 14 0 0.00 0.0 0 7.3 21 360 M M M 28 350
20 51 23 37 -1 28 0 0.00 0.0 0 10.5 28 140 M M M 38 140
21 37 17 27 -11 38 0 0.00 0.0 0 7.4 18 10 M M M 24 20
22 27 21 24 -14 41 0 0.03 0.3 0 6.0 15 140 M M M 18 140
23 35 23 29 -10 36 0 0.04 0.4 T 11.4 20 140 M M M 26 140
24 25 16 21 -18 44 0 0.24 3.2 3 10.4 22 360 M M M 33 350
25 19 8 14 -25 51 0 0.04 1.6 4 13.9 22 330 M M M 31 330
26 22 6 14 -26 51 0 0.00 0.0 2 6.0 13 20 M M M 16 10
27 46 12 29 -11 36 0 T T T 3.7 9 150 M M M 12 50
28 59 28 44 4 21 0 0.00 0.0 0 6.1 17 120 M M M 23 120
29 49 31 40 0 25 0 0.00 0.0 0 11.1 26 10 M M M 35 360
30 33 29 31 -9 34 0 0.08 T 0 7.0 16 140 M M M 12 21 150
31 31 27 29 -12 36 0 0.55 4.8 4 5.2 10 40 M M M 12 13 50
================================================================================
SM 1434 787 897 0 0.98 10.3 259.7 M M
================================================================================
AV 46.3 25.4 8.4 FASTST M M M MAX(MPH)
MISC ----> 33 360 46 270
================================================================================
NOTES:
# LAST OF SEVERAL OCCURRENCES
COLUMN 17 PEAK WIND IN M.P.H.
PRELIMINARY LOCAL CLIMATOLOGICAL DATA (WS FORM: F-6) , PAGE 2
STATION: EAST RAPID CITY SD
MONTH: MARCH
YEAR: 2024
LATITUDE: 44 4 N
LONGITUDE: 103 13 W
[TEMPERATURE DATA] [PRECIPITATION DATA] SYMBOLS USED IN COLUMN 16
AVERAGE MONTHLY: 35.8 TOTAL FOR MONTH: 0.98 1 = FOG OR MIST
DPTR FM NORMAL: -0.7 DPTR FM NORMAL: 0.04 2 = FOG REDUCING VISIBILITY
HIGHEST: 65 ON 19, 2 GRTST 24HR 0.55 ON 31-31 TO 1/4 MILE OR LESS
LOWEST: 6 ON 26 3 = THUNDER
SNOW, ICE PELLETS, HAIL 4 = ICE PELLETS
TOTAL MONTH: 10.3 INCHES 5 = HAIL
GRTST 24HR 4.8 ON 31-31 6 = FREEZING RAIN OR DRIZZLE
GRTST DEPTH: 4 ON 31,25 7 = DUSTSTORM OR SANDSTORM:
VSBY 1/2 MILE OR LESS
8 = SMOKE OR HAZE
[NO. OF DAYS WITH] [WEATHER - DAYS WITH] 9 = BLOWING SNOW
X = TORNADO
MAX 32 OR BELOW: 6 0.01 INCH OR MORE: 6
MAX 90 OR ABOVE: 0 0.10 INCH OR MORE: 2
MIN 32 OR BELOW: 24 0.50 INCH OR MORE: 1
MIN 0 OR BELOW: 0 1.00 INCH OR MORE: 0
[HDD (BASE 65) ]
TOTAL THIS MO. 897 CLEAR (SCALE 0-3) 0
DPTR FM NORMAL 13 PTCLDY (SCALE 4-7) 0
TOTAL FM JUL 1 5211 CLOUDY (SCALE 8-10) 31
DPTR FM NORMAL -608
[CDD (BASE 65) ]
TOTAL THIS MO. 0
DPTR FM NORMAL 0 [PRESSURE DATA]
TOTAL FM JAN 1 0 HIGHEST SLP M ON M
DPTR FM NORMAL 0 LOWEST SLP 29.04 ON 3
[REMARKS]
#FINAL-03-24#