000
CXUS54 KHGX 011510
CF6UTS
PRELIMINARY LOCAL CLIMATOLOGICAL DATA (WS FORM: F-6)
STATION: HUNTSVILLE
MONTH: DECEMBER
YEAR: 2022
LATITUDE: 30 45 N
LONGITUDE: 95 35 W
TEMPERATURE IN F: :PCPN: SNOW: WIND :SUNSHINE: SKY :PK WND
================================================================================
1 2 3 4 5 6A 6B 7 8 9 10 11 12 13 14 15 16 17 18
12Z AVG MX 2MIN
DY MAX MIN AVG DEP HDD CDD WTR SNW DPTH SPD SPD DIR MIN PSBL S-S WX SPD DR
================================================================================
1 62 36 49 -6 16 0 0.00 0.0 0 2.9 9 110 M M 2 17 100
2 74 56 65 10 0 0 0.01 0.0 0 6.7 14 190 M M 10 1 22 170
3 73 58 66 11 0 1 0.01 0.0 0 5.7 13 330 M M 10 19 340
4 68 55 62 8 3 0 T 0.0 0 3.0 8 350 M M 10 13 330
5 81 64 73 19 0 8 0.00 0.0 0 9.3 21 220 M M 7 1 35 230
6 81 71 76 22 0 11 T 0.0 0 9.0 17 200 M M 8 18 26 210
7 83 69 76 22 0 11 0.00 0.0 0 6.0 15 200 M M 5 1 22 190
8 83 69 76 22 0 11 0.00 0.0 0 6.9 15 190 M M 5 18 23 220
9 81 69 75 21 0 10 0.00 0.0 0 4.6 12 190 M M 7 1 15 190
10 79 65 72 19 0 7 1.41 0.0 0 3.6 12 180 M M 7 123 17 220
11 68 62 65 12 0 0 1.46 0.0 0 3.8 15 310 M M 9 13 21 320
12 68 62 65 12 0 0 T 0.0 0 5.3 12 120 M M 10 1 23 120
13 79 62 71 18 0 6 T 0.0 0 8.8 18 190 M M 9 31 160
14 67 43 55 2 10 0 0.08 0.0 0 3.6 18 330 M M 5 3 27 320
15 62 36 49 -3 16 0 0.00 0.0 0 1.5 9 290 M M 0 14 270
16 55 38 47 -5 18 0 0.03 0.0 0 3.6 13 340 M M 6 20 320
17 57 32 45 -7 20 0 0.00 0.0 0 2.4 13 330 M M 0 20 10
18 58 28 43 -9 22 0 0.00 0.0 0 3.4 9 80 M M 3 16 90
19 51 42 47 -5 18 0 2.40 0.0 0 5.2 17 110 M M 10 13 29 80
20 54 42 48 -4 17 0 0.12 0.0 0 5.3 13 330 M M 10 1 18 330
21 50 38 44 -8 21 0 0.00 0.0 0 2.6 9 230 M M 5 12 13 240
22 53 18 36 -15 29 0 T 0.0 M 10.2 24 340 M M 7 1 39 330
23 29 14 22 -29 43 0 0.00 0.0 0 10.2 17 330 M M 0 32 320
24 41 20 31 -20 34 0 0.00 0.0 0 3.0 9 350 M M 0 15 320
25 50 22 36 -15 29 0 0.00 0.0 0 1.7 7 230 M M 0 12 220
26 60 30 45 -6 20 0 0.00 0.0 0 4.0 10 300 M M 0 16 270
27 56 29 43 -8 22 0 0.00 0.0 0 2.7 9 180 M M 0 16 150
28 77 39 58 7 7 0 0.00 0.0 0 9.4 23 180 M M 2 35 180
29 78 65 72 21 0 7 1.41 0.0 0 10.2 20 180 M M 7 13 31 190
30 67 59 63 12 2 0 T 0.0 0 3.6 13 340 M M 8 13 20 340
31 76 53 65 14 0 0 0.00 0.0 0 6.1 15 220 M M 4 12 22 230
================================================================================
SM 2021 1446 347 72 6.93 0.0 164.3 M 166
================================================================================
AV 65.2 46.6 5.3 FASTST M M 5 MAX(MPH)
MISC ----> 24 340 39 330
================================================================================
NOTES:
# LAST OF SEVERAL OCCURRENCES
COLUMN 17 PEAK WIND IN M.P.H.
PRELIMINARY LOCAL CLIMATOLOGICAL DATA (WS FORM: F-6) , PAGE 2
STATION: HUNTSVILLE
MONTH: DECEMBER
YEAR: 2022
LATITUDE: 30 45 N
LONGITUDE: 95 35 W
[TEMPERATURE DATA] [PRECIPITATION DATA] SYMBOLS USED IN COLUMN 16
AVERAGE MONTHLY: 55.9 TOTAL FOR MONTH: 6.93 1 = FOG OR MIST
DPTR FM NORMAL: 3.4 DPTR FM NORMAL: 2.80 2 = FOG REDUCING VISIBILITY
HIGHEST: 83 ON 8, 7 GRTST 24HR 2.87 ON 10-11 TO 1/4 MILE OR LESS
LOWEST: 14 ON 23 3 = THUNDER
SNOW, ICE PELLETS, HAIL 4 = ICE PELLETS
TOTAL MONTH: 0.0 INCH 5 = HAIL
GRTST 24HR 0.0 6 = FREEZING RAIN OR DRIZZLE
GRTST DEPTH: 0 7 = DUSTSTORM OR SANDSTORM:
VSBY 1/2 MILE OR LESS
8 = SMOKE OR HAZE
[NO. OF DAYS WITH] [WEATHER - DAYS WITH] 9 = BLOWING SNOW
X = TORNADO
MAX 32 OR BELOW: 1 0.01 INCH OR MORE: 9
MAX 90 OR ABOVE: 0 0.10 INCH OR MORE: 5
MIN 32 OR BELOW: 8 0.50 INCH OR MORE: 4
MIN 0 OR BELOW: 0 1.00 INCH OR MORE: 4
[HDD (BASE 65) ]
TOTAL THIS MO. 347 CLEAR (SCALE 0-3) 9
DPTR FM NORMAL -58 PTCLDY (SCALE 4-7) 14
TOTAL FM JUL 1 619 CLOUDY (SCALE 8-10) 8
DPTR FM NORMAL -49
[CDD (BASE 65) ]
TOTAL THIS MO. 72
DPTR FM NORMAL 54 [PRESSURE DATA]
TOTAL FM JAN 1 3847 HIGHEST SLP 30.75 ON 23
DPTR FM NORMAL 833 LOWEST SLP 29.63 ON 13
[REMARKS]
#FINAL-12-22#