000
CXUS54 KEWX 011010
CF6UVA
PRELIMINARY LOCAL CLIMATOLOGICAL DATA (WS FORM: F-6)
STATION: UVALDE
MONTH: MAY
YEAR: 2023
LATITUDE: 29 12 N
LONGITUDE: 99 44 W
TEMPERATURE IN F: :PCPN: SNOW: WIND :SUNSHINE: SKY :PK WND
================================================================================
1 2 3 4 5 6A 6B 7 8 9 10 11 12 13 14 15 16 17 18
12Z AVG MX 2MIN
DY MAX MIN AVG DEP HDD CDD WTR SNW DPTH SPD SPD DIR MIN PSBL S-S WX SPD DR
================================================================================
1 92 55 74 M 0 9 0.00 M M 9.0 14 90 M M 0 21 110
2 M M M M M M 0.00 M M 7.8 10 90 M M 6 16 90
3 87 63 75 M 0 10 0.00 M M 7.8 14 90 M M 5 18 120
4 89 70 80 M 0 15 0.02 M M 8.3 20 170 M M 7 3 29 120
5 100 65 83 M 0 18 0.00 M M 8.1 18 140 M M 2 25 140
6 91 74 83 M 0 18 0.00 M M 10.3 15 140 M M 7 18 21 90
7 84 71 78 M 0 13 0.32 M M 13.1 23 130 M M 5 13 33 130
8 92 65 79 M 0 14 0.01 M M 7.9 20 210 M M 3 3 23 210
9 74 63 69 M 0 4 0.06 M M 7.6 21 80 M M 4 3 48 0
10 87 66 77 M 0 12 0.00 M M 8.0 17 100 M M 8 1 23 100
11 90 72 81 M 0 16 0.00 M M 4.7 13 110 M M 7 1 16 0
12 91 63 77 M 0 12 0.00 M M 11.8 23 230 M M 8 138 44 230
13 76 64 70 M 0 5 0.01 M M 4.0 13 10 M M 5 20 0
14 85 61 73 M 0 8 0.00 M M 0.7 7 60 M M 2 M M
15 82 66 74 M 0 9 0.02 M M 3.7 18 90 M M 4 1 25 280
16 84 65 75 M 0 10 0.02 M M 1.2 12 50 M M 3 20 0
17 88 61 75 M 0 10 0.00 M M 1.7 7 110 M M 0 M M
18 89 64 77 M 0 12 0.01 M M 2.8 12 120 M M 1 25 0
19 92 68 80 M 0 15 0.00 M M 4.8 12 150 M M 5 20 150
20 80 66 73 M 0 8 0.12 M M 5.6 17 70 M M 6 3 25 70
21 72 62 67 M 0 2 0.10 M M 0.4 10 90 M M 8 1 18 0
22 83 61 72 M 0 7 0.00 M M 0.2 6 130 M M 5 1 M M
23 89 68 79 M 0 14 0.00 M M 4.0 12 110 M M 3 1 16 110
24 87 68 78 M 0 13 0.00 M M 7.5 17 70 M M 3 27 70
25 83 67 75 M 0 10 0.00 M M 4.5 16 80 M M 4 38 60
26 85 69 77 M 0 12 0.00 M M 4.2 12 100 M M 2 20 80
27 86 69 78 M 0 13 0.00 M M 5.3 13 120 M M 6 17 110
28 80 65 73 M 0 8 0.00 M M 2.6 14 50 M M 4 3 26 0
29 85 64 75 M 0 10 0.00 M M 2.5 20 60 M M 3 3 29 60
30 86 62 74 M 0 9 0.00 M M 1.3 8 110 M M 2 17 120
31 86 66 76 M 0 11 0.00 M M 5.2 13 110 M M 2 18 120
================================================================================
SM 2575 1963 0 327 0.69 M 166.8 M 130
================================================================================
AV 85.8 65.4 5.4 FASTST M M 4 MAX(MPH)
MISC ----> 23 130 48 0
================================================================================
NOTES:
# LAST OF SEVERAL OCCURRENCES
COLUMN 17 PEAK WIND IN M.P.H.
PRELIMINARY LOCAL CLIMATOLOGICAL DATA (WS FORM: F-6) , PAGE 2
STATION: UVALDE
MONTH: MAY
YEAR: 2023
LATITUDE: 29 12 N
LONGITUDE: 99 44 W
[TEMPERATURE DATA] [PRECIPITATION DATA] SYMBOLS USED IN COLUMN 16
AVERAGE MONTHLY: 75.6 TOTAL FOR MONTH: 0.69 1 = FOG OR MIST
DPTR FM NORMAL: 0.0 DPTR FM NORMAL: M 2 = FOG REDUCING VISIBILITY
HIGHEST: 100 ON 5 GRTST 24HR 0.32 ON 7- 7 TO 1/4 MILE OR LESS
LOWEST: 55 ON 1 3 = THUNDER
SNOW, ICE PELLETS, HAIL 4 = ICE PELLETS
TOTAL MONTH: M 5 = HAIL
GRTST 24HR M ON M 6 = FREEZING RAIN OR DRIZZLE
GRTST DEPTH: M ON M 7 = DUSTSTORM OR SANDSTORM:
VSBY 1/2 MILE OR LESS
8 = SMOKE OR HAZE
[NO. OF DAYS WITH] [WEATHER - DAYS WITH] 9 = BLOWING SNOW
X = TORNADO
MAX 32 OR BELOW: 0 0.01 INCH OR MORE: 10
MAX 90 OR ABOVE: 7 0.10 INCH OR MORE: 3
MIN 32 OR BELOW: 0 0.50 INCH OR MORE: 0
MIN 0 OR BELOW: 0 1.00 INCH OR MORE: 0
[HDD (BASE 65) ]
TOTAL THIS MO. 0 CLEAR (SCALE 0-3) 10
DPTR FM NORMAL M PTCLDY (SCALE 4-7) 21
TOTAL FM JUL 1 1225 CLOUDY (SCALE 8-10) 0
DPTR FM NORMAL M
[CDD (BASE 65) ]
TOTAL THIS MO. 327
DPTR FM NORMAL M [PRESSURE DATA]
TOTAL FM JAN 1 751 HIGHEST SLP M ON M
DPTR FM NORMAL M LOWEST SLP M ON M
[REMARKS]
#FINAL-05-23#