000
CXUS54 KCRP 011210
CF6VCT
PRELIMINARY LOCAL CLIMATOLOGICAL DATA (WS FORM: F-6)
STATION: VICTORIA
MONTH: JULY
YEAR: 2023
LATITUDE: 28 51 N
LONGITUDE: 96 55 W
TEMPERATURE IN F: :PCPN: SNOW: WIND :SUNSHINE: SKY :PK WND
================================================================================
1 2 3 4 5 6A 6B 7 8 9 10 11 12 13 14 15 16 17 18
12Z AVG MX 2MIN
DY MAX MIN AVG DEP HDD CDD WTR SNW DPTH SPD SPD DIR MIN PSBL S-S WX SPD DR
================================================================================
1 100 76 88 4 0 23 0.00 0.0 0 9.2 18 130 M M 1 24 160
2 100 77 89 5 0 24 0.00 0.0 0 5.7 14 170 M M 2 1 17 180
3 98 76 87 3 0 22 0.04 0.0 0 6.9 21 30 M M 2 13 29 30
4 99 78 89 5 0 24 0.00 0.0 0 10.4 22 170 M M 2 1 27 160
5 95 77 86 2 0 21 0.02 0.0 0 10.6 25 140 M M 3 33 130
6 88 76 82 -2 0 17 0.26 0.0 0 9.8 29 150 M M 5 13 40 140
7 93 74 84 0 0 19 0.49 0.0 0 7.9 25 160 M M 6 1 32 160
8 96 77 87 3 0 22 T 0.0 0 9.5 22 150 M M 4 12 29 160
9 97 78 88 4 0 23 0.00 0.0 0 10.1 21 150 M M 3 1 26 160
10 98 77 88 4 0 23 0.00 0.0 0 9.1 20 160 M M 4 1 26 160
11 101 79 90 6 0 25 0.00 0.0 0 12.6 25 150 M M 1 1 39 150
12 99 80 90 6 0 25 0.00 0.0 0 13.5 24 150 M M 4 1 33 140
13 100 81 91 7 0 26 0.00 0.0 0 14.0 24 150 M M 3 36 150
14 100 81 91 7 0 26 0.00 0.0 0 14.0 25 150 M M 4 1 36 150
15 100 79 90 6 0 25 0.00 0.0 0 11.8 21 160 M M 4 1 29 180
16 103 79 91 7 0 26 0.00 0.0 0 9.8 21 160 M M 3 1 28 160
17 102 75 89 4 0 24 0.00 0.0 0 8.7 20 170 M M 3 1 26 160
18 102 78 90 5 0 25 0.00 0.0 0 10.9 22 150 M M 2 1 29 160
19 100 78 89 4 0 24 0.00 0.0 0 12.2 22 160 M M 4 1 28 160
20 100 79 90 5 0 25 0.00 0.0 0 10.1 20 140 M M 4 1 27 170
21 100 77 89 4 0 24 0.00 0.0 0 7.7 17 160 M M 1 25 170
22 104 77 91 6 0 26 0.00 0.0 0 6.9 20 170 M M 1 25 170
23 102 79 91 6 0 26 0.16 0.0 0 6.5 23 330 M M 3 38 51 350
24 98 76 87 2 0 22 0.00 0.0 0 6.5 23 140 M M 1 13 30 140
25 99 76 88 3 0 23 T 0.0 0 7.2 26 160 M M 1 1 37 170
26 99 76 88 3 0 23 0.12 0.0 0 9.0 23 170 M M 3 138 28 160
27 100 75 88 3 0 23 0.00 0.0 0 7.4 18 150 M M 1 1 27 150
28 100 73 87 2 0 22 0.00 0.0 0 7.5 25 150 M M 1 1 32 140
29 100 73 87 2 0 22 0.00 0.0 0 7.0 22 160 M M 1 1 29 170
30 102 74 88 3 0 23 0.00 0.0 0 5.7 20 170 M M 0 26 130
31 103 73 88 3 0 23 0.00 0.0 0 6.3 17 180 M M 1 28 140
================================================================================
SM 3078 2384 0 726 1.09 0.0 284.5 M 78
================================================================================
AV 99.3 76.9 9.2 FASTST M M 3 MAX(MPH)
MISC ----> 29 150 51 350
================================================================================
NOTES:
# LAST OF SEVERAL OCCURRENCES
COLUMN 17 PEAK WIND IN M.P.H.
PRELIMINARY LOCAL CLIMATOLOGICAL DATA (WS FORM: F-6) , PAGE 2
STATION: VICTORIA
MONTH: JULY
YEAR: 2023
LATITUDE: 28 51 N
LONGITUDE: 96 55 W
[TEMPERATURE DATA] [PRECIPITATION DATA] SYMBOLS USED IN COLUMN 16
AVERAGE MONTHLY: 88.1 TOTAL FOR MONTH: 1.09 1 = FOG OR MIST
DPTR FM NORMAL: 3.6 DPTR FM NORMAL: -2.37 2 = FOG REDUCING VISIBILITY
HIGHEST: 104 ON 22 GRTST 24HR 0.54 ON 6- 7 TO 1/4 MILE OR LESS
LOWEST: 73 ON 31,29 3 = THUNDER
SNOW, ICE PELLETS, HAIL 4 = ICE PELLETS
TOTAL MONTH: 0.0 INCH 5 = HAIL
GRTST 24HR 0.0 6 = FREEZING RAIN OR DRIZZLE
GRTST DEPTH: 0 7 = DUSTSTORM OR SANDSTORM:
VSBY 1/2 MILE OR LESS
8 = SMOKE OR HAZE
[NO. OF DAYS WITH] [WEATHER - DAYS WITH] 9 = BLOWING SNOW
X = TORNADO
MAX 32 OR BELOW: 0 0.01 INCH OR MORE: 6
MAX 90 OR ABOVE: 30 0.10 INCH OR MORE: 4
MIN 32 OR BELOW: 0 0.50 INCH OR MORE: 0
MIN 0 OR BELOW: 0 1.00 INCH OR MORE: 0
[HDD (BASE 65) ]
TOTAL THIS MO. 0 CLEAR (SCALE 0-3) 20
DPTR FM NORMAL 0 PTCLDY (SCALE 4-7) 11
TOTAL FM JUL 1 0 CLOUDY (SCALE 8-10) 0
DPTR FM NORMAL 0
[CDD (BASE 65) ]
TOTAL THIS MO. 726
DPTR FM NORMAL 120 [PRESSURE DATA]
TOTAL FM JAN 1 2253 HIGHEST SLP 30.14 ON 25
DPTR FM NORMAL 405 LOWEST SLP 29.83 ON 14
[REMARKS]
#FINAL-07-23#