000
CXUS54 KCRP 012213 CCA
CLMVCT
CLIMATE REPORT
NATIONAL WEATHER SERVICE CORPUS CHRISTI TX
1034 AM CDT SAT JUL 01 2023
...................................
...THE VICTORIA CLIMATE SUMMARY FOR THE MONTH OF JUNE 2023...
CLIMATE NORMAL PERIOD 1991 TO 2020
CLIMATE RECORD PERIOD 1893 TO 2023
WEATHER OBSERVED NORMAL DEPART LAST YEAR`S
VALUE DATE(S) VALUE FROM VALUE DATE(S)
NORMAL
................................................................
TEMPERATURE (F)
RECORD
HIGH 109 06/29/2013
LOW 54 06/03/1919
HIGHEST 100 06/21 91 9 102 06/10
06/27
LOWEST 67 06/06 73 -6 69 06/20
AVG. MAXIMUM 95.4 92.3 3.1 98.0
AVG. MINIMUM 75.0 73.1 1.9 74.1
MEAN 85.2 82.7 2.5 86.0
DAYS MAX >= 90 28 23.5 4.5 30
DAYS MAX <= 32 0 0.0 0.0 0
DAYS MIN <= 32 0 0.0 0.0 0
DAYS MIN <= 0 0 0.0 0.0 0
PRECIPITATION (INCHES)
RECORD
MAXIMUM 13.50 2004
MINIMUM 0.00 1917
1915
TOTALS 1.52 4.21 -2.69 4.15
DAILY AVG. 0.05 0.14 -0.09 0.14
DAYS >= .01 2 8.7 -6.7 4
DAYS >= .10 2 5.1 -3.1 4
DAYS >= .50 1 2.7 -1.7 3
DAYS >= 1.00 1 1.3 -0.3 2
GREATEST
24 HR. TOTAL 1.15 06/05 TO 06/05 3.14 06/27 TO 06/28
SNOWFALL (INCHES)
RECORDS
TOTAL 0.0 MM
24 HR TOTAL 0.0 MM
TOTALS 0.0 MM MM 0.0
SINCE 7/1 0.0 MM MM MM
SNOWDEPTH AVG. 0 0
DAYS >= 1.0 0 MM MM 0
GREATEST
SNOW DEPTH 0 0
24 HR TOTAL 0.0 MM
DEGREE DAYS
HEATING TOTAL 0 0 0 0
SINCE 7/1 1009 1166 -157 MM
COOLING TOTAL 617 531 86 637
SINCE 1/1 1527 1242 285 MM
................................................................
WIND (MPH)
AVERAGE WIND SPEED 10.1
HIGHEST WIND SPEED/DIRECTION 31/340 DATE 06/21
HIGHEST GUST SPEED/DIRECTION 46/350 DATE 06/21
SKY COVER
AVERAGE SKY COVER 0.31
AVERAGE RH (PERCENT) 73
WEATHER CONDITIONS. NUMBER OF DAYS WITH
THUNDERSTORM 3 MIXED PRECIP 0
HEAVY RAIN 2 RAIN 2
LIGHT RAIN 4 FREEZING RAIN 0
LT FREEZING RAIN 0 HAIL 0
HEAVY SNOW 0 SNOW 0
LIGHT SNOW 0 SLEET 0
FOG 21 FOG W/VIS <= 1/4 MILE 1
HAZE 13
- INDICATES NEGATIVE NUMBERS.
R INDICATES RECORD WAS SET OR TIED.
MM INDICATES DATA IS MISSING.
T INDICATES TRACE AMOUNT.
$$
EMF...CORRECTED NUMBER OF LIGHT RAIN DAYS AND PRECIPITATION RECORDS.