000
CXUS55 KGJT 010910
CF6VEL
PRELIMINARY LOCAL CLIMATOLOGICAL DATA (WS FORM: F-6)
STATION: VERNAL UT
MONTH: OCTOBER
YEAR: 2021
LATITUDE: 40 27 N
LONGITUDE: 109 31 W
TEMPERATURE IN F: :PCPN: SNOW: WIND :SUNSHINE: SKY :PK WND
================================================================================
1 2 3 4 5 6A 6B 7 8 9 10 11 12 13 14 15 16 17 18
12Z AVG MX 2MIN
DY MAX MIN AVG DEP HDD CDD WTR SNW DPTH SPD SPD DIR MIN PSBL S-S WX SPD DR
================================================================================
1 68 41 55 0 10 0 0.00 M M 2.4 9 140 M M 2 15 130
2 71 41 56 1 9 0 0.00 M M 4.1 20 330 M M 1 27 320
3 73 41 57 3 8 0 0.00 M M 3.7 9 160 M M 0 14 140
4 75 42 59 5 6 0 0.00 M M 4.1 10 150 M M 0 8 16 140
5 75 44 60 6 5 0 T M M 4.7 15 260 M M 2 8 22 230
6 67 48 58 5 7 0 0.07 M M 5.0 25 280 M M 6 13 33 290
7 66 43 55 2 10 0 T M M 2.6 21 200 M M 4 27 190
8 55 45 50 -2 15 0 0.37 M M 2.7 10 210 M M 7 13 15 220
9 61 43 52 0 13 0 0.01 M M 6.0 23 350 M M 6 30 340
10 60 37 49 -2 16 0 0.00 M M 4.3 10 250 M M 3 16 150
11 62 35 49 -2 16 0 0.00 M M 3.2 13 240 M M 4 14 140
12 51 33 42 -8 23 0 0.13 M M 8.3 23 40 M M 8 1 35 50
13 49 33 41 -9 24 0 T M M 2.7 10 50 M M 8 1 13 60
14 47 32 40 -10 25 0 0.03 M M 4.6 18 360 M M 7 27 10
15 50 25 38 -11 27 0 0.00 M M 3.2 12 220 M M 0 15 210
16 57 27 42 -7 23 0 0.00 M M 2.9 7 260 M M 0 10 180
17 64 29 47 -1 18 0 0.00 M M 2.7 10 250 M M 0 13 250
18 62 35 49 1 16 0 0.31 M M 5.4 25 240 M M 3 1 35 240
19 43 31 37 -11 28 0 0.25 M M 3.1 10 240 M M 7 1 15 220
20 53 31 42 -5 23 0 0.00 M M 3.0 7 300 M M 5 10 130
21 57 35 46 -1 19 0 0.00 M M 2.1 8 120 M M 0 13 120
22 59 34 47 1 18 0 0.00 M M 3.0 8 280 M M 0 11 100
23 51 36 44 -2 21 0 0.03 M M 2.3 13 270 M M 4 16 260
24 56 34 45 0 20 0 0.05 M M 2.3 8 260 M M 4 1 10 270
25 66 38 52 7 13 0 0.00 M M 3.8 23 210 M M 2 30 180
26 64 33 49 5 16 0 0.58 M M 6.9 33 190 M M 6 13 50 200
27 54 27 41 -3 24 0 0.00 M M 2.8 10 120 M M 0 14 140
28 57 32 45 1 20 0 0.00 M M 3.0 8 290 M M 2 12 180
29 58 31 45 2 20 0 0.00 M M 2.5 8 320 M M 0 10 130
30 60 33 47 4 18 0 0.00 M M 2.8 8 270 M M 0 8 300
31 58 39 49 7 16 0 T M M 2.3 9 330 M M 1 11 350
================================================================================
SM 1849 1108 527 0 1.83 M 112.5 M 92
================================================================================
AV 59.6 35.7 3.6 FASTST M M 3 MAX(MPH)
MISC ----> 33 190 50 200
================================================================================
NOTES:
# LAST OF SEVERAL OCCURRENCES
COLUMN 17 PEAK WIND IN M.P.H.
PRELIMINARY LOCAL CLIMATOLOGICAL DATA (WS FORM: F-6) , PAGE 2
STATION: VERNAL UT
MONTH: OCTOBER
YEAR: 2021
LATITUDE: 40 27 N
LONGITUDE: 109 31 W
[TEMPERATURE DATA] [PRECIPITATION DATA] SYMBOLS USED IN COLUMN 16
AVERAGE MONTHLY: 47.7 TOTAL FOR MONTH: 1.83 1 = FOG OR MIST
DPTR FM NORMAL: -1.1 DPTR FM NORMAL: 0.76 2 = FOG REDUCING VISIBILITY
HIGHEST: 75 ON 5, 4 GRTST 24HR 0.58 ON 26-26 TO 1/4 MILE OR LESS
LOWEST: 25 ON 15 3 = THUNDER
SNOW, ICE PELLETS, HAIL 4 = ICE PELLETS
TOTAL MONTH: M 5 = HAIL
GRTST 24HR M ON M 6 = FREEZING RAIN OR DRIZZLE
GRTST DEPTH: M ON M 7 = DUSTSTORM OR SANDSTORM:
VSBY 1/2 MILE OR LESS
8 = SMOKE OR HAZE
[NO. OF DAYS WITH] [WEATHER - DAYS WITH] 9 = BLOWING SNOW
X = TORNADO
MAX 32 OR BELOW: 0 0.01 INCH OR MORE: 10
MAX 90 OR ABOVE: 0 0.10 INCH OR MORE: 5
MIN 32 OR BELOW: 9 0.50 INCH OR MORE: 1
MIN 0 OR BELOW: 0 1.00 INCH OR MORE: 0
[HDD (BASE 65) ]
TOTAL THIS MO. 527 CLEAR (SCALE 0-3) 18
DPTR FM NORMAL 25 PTCLDY (SCALE 4-7) 12
TOTAL FM JUL 1 621 CLOUDY (SCALE 8-10) 1
DPTR FM NORMAL -19
[CDD (BASE 65) ]
TOTAL THIS MO. 0
DPTR FM NORMAL 0 [PRESSURE DATA]
TOTAL FM JAN 1 960 HIGHEST SLP M ON M
DPTR FM NORMAL 290 LOWEST SLP 29.34 ON 26
[REMARKS]
#FINAL-10-21#