000
CXUS52 KTAE 010900
CF6VLD
PRELIMINARY LOCAL CLIMATOLOGICAL DATA (WS FORM: F-6)
STATION: VALDOSTA
MONTH: JANUARY
YEAR: 2023
LATITUDE: 30 46 N
LONGITUDE: 83 17 W
TEMPERATURE IN F: :PCPN: SNOW: WIND :SUNSHINE: SKY :PK WND
================================================================================
1 2 3 4 5 6A 6B 7 8 9 10 11 12 13 14 15 16 17 18
12Z AVG MX 2MIN
DY MAX MIN AVG DEP HDD CDD WTR SNW DPTH SPD SPD DIR MIN PSBL S-S WX SPD DR
================================================================================
1 77 56 67 16 0 2 0.00 0.0 M 1.5 8 200 M M 7 12 11 190
2 79 58 69 18 0 4 0.00 0.0 0 3.4 10 140 M M 6 15 160
3 81 62 72 21 0 7 0.00 M M 8.0 18 180 M M 7 23 190
4 76 66 71 20 0 6 0.60 0.0 M 7.1 15 180 M M 10 3 27 220
5 76 47 62 11 3 0 0.00 0.0 0 1.5 8 200 M M 4 12 14 290
6 65 37 51 1 14 0 0.00 0.0 0 1.4 13 360 M M 0 17 10
7 70 35 53 3 12 0 0.00 0.0 0 1.2 9 360 M M 0 13 20
8 72 37 55 5 10 0 0.00 0.0 0 1.5 10 170 M M 0 1 14 150
9 69 42 56 6 9 0 T 0.0 M 1.3 14 10 M M 3 1 17 360
10 68 39 54 4 11 0 0.00 0.0 0 0.8 7 310 M M 0 1 11 260
11 77 37 57 7 8 0 0.00 0.0 0 3.5 10 180 M M 1 1 14 170
12 78 56 67 17 0 2 0.82 0.0 0 8.5 18 180 M M 5 13 26 230
13 58 39 49 -1 16 0 0.16 0.0 0 2.8 9 290 M M 5 13 20 330
14 53 31 42 -8 23 0 0.00 0.0 0 1.6 23 360 M M 2 29 360
15 58 27 43 -7 22 0 0.00 0.0 0 1.1 8 10 M M 0 8 10 360
16 68 29 49 -1 16 0 0.00 0.0 0 0.7 9 180 M M 0 12 170
17 76 38 57 7 8 0 0.00 0.0 0 5.8 15 200 M M 4 1 24 210
18 76 56 66 16 0 1 0.00 0.0 0 4.4 9 200 M M 7 12 14 220
19 79 55 67 17 0 2 0.02 0.0 0 6.0 16 190 M M 3 12 26 200
20 72 42 57 7 8 0 0.00 0.0 0 0.9 9 360 M M 1 12 13 360
21 57 39 48 -3 17 0 0.01 0.0 0 2.0 16 160 M M 6 20 150
22 77 52 65 14 0 0 0.61 0.0 0 5.8 16 200 M M 10 13 30 210
23 62 37 50 -1 15 0 0.00 0.0 0 2.0 10 360 M M 2 1 17 10
24 65 33 49 -2 16 0 0.00 0.0 M 5.3 14 140 M M 0 17 120
25 73 55 64 13 1 0 0.86 M M 6.9 23 170 M M 7 123 31 180
26 58 36 47 -4 18 0 0.00 M M 1.4 7 290 M M 1 14 340
27 58 32 45 -6 20 0 0.00 0.0 0 2.3 15 10 M M 0 18 10
28 62 30 46 -5 19 0 0.00 0.0 0 2.1 13 30 M M 0 1 18 30
29 71 47 59 7 6 0 0.30 0.0 0 1.7 9 180 M M 9 13 13 180
30 83 62 73 21 0 8 0.07 0.0 M 3.3 9 200 M M 8 12 16 220
31 79 64 72 20 0 7 0.00 0.0 0 1.1 8 210 M M 8 12 12 210
================================================================================
SM 2173 1376 272 39 3.45 0.0 96.9 M 116
================================================================================
AV 70.1 44.4 3.1 FASTST M M 4 MAX(MPH)
MISC ----> # 23 360 31 180
================================================================================
NOTES:
# LAST OF SEVERAL OCCURRENCES
COLUMN 17 PEAK WIND IN M.P.H.
PRELIMINARY LOCAL CLIMATOLOGICAL DATA (WS FORM: F-6) , PAGE 2
STATION: VALDOSTA
MONTH: JANUARY
YEAR: 2023
LATITUDE: 30 46 N
LONGITUDE: 83 17 W
[TEMPERATURE DATA] [PRECIPITATION DATA] SYMBOLS USED IN COLUMN 16
AVERAGE MONTHLY: 57.2 TOTAL FOR MONTH: 3.45 1 = FOG OR MIST
DPTR FM NORMAL: 6.5 DPTR FM NORMAL: -0.38 2 = FOG REDUCING VISIBILITY
HIGHEST: 83 ON 30 GRTST 24HR 1.95 ON 29-30 TO 1/4 MILE OR LESS
LOWEST: 27 ON 15 3 = THUNDER
SNOW, ICE PELLETS, HAIL 4 = ICE PELLETS
TOTAL MONTH: 0.0 INCH 5 = HAIL
GRTST 24HR 0.0 6 = FREEZING RAIN OR DRIZZLE
GRTST DEPTH: 0 7 = DUSTSTORM OR SANDSTORM:
VSBY 1/2 MILE OR LESS
8 = SMOKE OR HAZE
[NO. OF DAYS WITH] [WEATHER - DAYS WITH] 9 = BLOWING SNOW
X = TORNADO
MAX 32 OR BELOW: 0 0.01 INCH OR MORE: 9
MAX 90 OR ABOVE: 0 0.10 INCH OR MORE: 6
MIN 32 OR BELOW: 5 0.50 INCH OR MORE: 4
MIN 0 OR BELOW: 0 1.00 INCH OR MORE: 0
[HDD (BASE 65) ]
TOTAL THIS MO. 272 CLEAR (SCALE 0-3) 16
DPTR FM NORMAL -177 PTCLDY (SCALE 4-7) 11
TOTAL FM JUL 1 766 CLOUDY (SCALE 8-10) 4
DPTR FM NORMAL -323
[CDD (BASE 65) ]
TOTAL THIS MO. 39
DPTR FM NORMAL 33 [PRESSURE DATA]
TOTAL FM JAN 1 39 HIGHEST SLP 30.50 ON 28
DPTR FM NORMAL 33 LOWEST SLP 29.75 ON 22
[REMARKS]
#FINAL-01-23#