000
CXUS55 KLBF 011510
CF6VTN
PRELIMINARY LOCAL CLIMATOLOGICAL DATA (WS FORM: F-6)
STATION: VALENTINE
MONTH: JANUARY
YEAR: 2022
LATITUDE: 42 52 N
LONGITUDE: 100 33 W
TEMPERATURE IN F: :PCPN: SNOW: WIND :SUNSHINE: SKY :PK WND
================================================================================
1 2 3 4 5 6A 6B 7 8 9 10 11 12 13 14 15 16 17 18
12Z AVG MX 2MIN
DY MAX MIN AVG DEP HDD CDD WTR SNW DPTH SPD SPD DIR MIN PSBL S-S WX SPD DR
================================================================================
1 3 -8 -2 -26 67 0 0.03 0.5 1 8.3 13 340 M M 6 18 M M
2 35 -9 13 -11 52 0 0.00 0.0 1 8.1 15 270 M M 0 19 260
3 51 17 34 10 31 0 0.00 0.0 1 8.3 21 270 M M 0 28 270
4 51 5 28 4 37 0 T T T 18.1 38 330 M M 3 53 320
5 5 -5 0 -24 65 0 0.00 0.0 T 17.3 25 320 M M 2 34 330
6 11 -10 1 -23 64 0 0.00 0.0 T 8.0 20 320 M M 3 27 320
7 40 8 24 0 41 0 0.00 0.0 T 15.2 31 210 M M 1 40 200
8 50 16 33 9 32 0 0.00 0.0 T 12.5 26 350 M M 2 37 350
9 46 2 24 0 41 0 0.00 0.0 0 10.1 25 230 M M 2 33 220
10 57 16 37 13 28 0 0.00 0.0 0 8.6 15 220 M M 0 19 220
11 56 22 39 15 26 0 0.00 0.0 0 8.7 20 300 M M 0 31 320
12 58 25 42 18 23 0 0.00 0.0 0 8.9 18 260 M M 4 22 260
13 56 33 45 21 20 0 0.00 0.0 0 6.4 13 320 M M 3 17 320
14 40 17 29 5 36 0 0.01 0.3 T M M M M M 7 M M
15 38 9 24 0 41 0 T T T M M M M M 3 8 M M
16 43 27 35 11 30 0 0.00 0.0 0 10.5 28 340 M M 4 40 340
17 55 22 39 15 26 0 0.00 0.0 0 M M M M M 0 M M
18 55 21 38 14 27 0 0.00 0.0 0 13.8 26 360 M M 4 36 10
19 21 -2 10 -14 55 0 0.00 0.0 0 12.7 24 350 M M 3 38 340
20 23 -9 7 -17 58 0 0.00 0.0 0 M M M M M 0 M M
21 47 15 31 7 34 0 T T 0 13.9 24 310 M M 4 35 310
22 53 15 34 9 31 0 0.00 0.0 0 13.6 30 270 M M 5 41 320
23 54 29 42 17 23 0 0.00 0.0 0 10.2 23 280 M M 9 18 31 280
24 45 21 33 8 32 0 0.01 0.2 0 10.9 25 330 M M 8 1 35 320
25 22 1 12 -13 53 0 0.06 1.0 T 6.6 15 210 M M 6 21 210
26 46 11 29 4 36 0 0.00 0.0 1 13.8 25 250 M M 0 34 240
27 39 22 31 6 34 0 T T 0 9.4 24 330 M M 8 1 35 350
28 50 19 35 10 30 0 0.00 0.0 0 8.0 22 290 M M 4 32 280
29 57 17 37 12 28 0 0.00 0.0 0 10.6 22 310 M M 0 31 320
30 60 17 39 14 26 0 0.00 0.0 0 8.1 22 260 M M 0 27 260
31 63 24 44 19 21 0 0.00 0.0 0 12.6 37 270 M M 0 54 270
================================================================================
SM 1330 388 1148 0 0.11 2.0 293.2 M 91
================================================================================
AV 42.9 12.5 10.9 FASTST M M 3 MAX(MPH)
MISC ----> 38 330 54 270
================================================================================
NOTES:
# LAST OF SEVERAL OCCURRENCES
COLUMN 17 PEAK WIND IN M.P.H.
PRELIMINARY LOCAL CLIMATOLOGICAL DATA (WS FORM: F-6) , PAGE 2
STATION: VALENTINE
MONTH: JANUARY
YEAR: 2022
LATITUDE: 42 52 N
LONGITUDE: 100 33 W
[TEMPERATURE DATA] [PRECIPITATION DATA] SYMBOLS USED IN COLUMN 16
AVERAGE MONTHLY: 27.7 TOTAL FOR MONTH: 0.11 1 = FOG OR MIST
DPTR FM NORMAL: 3.2 DPTR FM NORMAL: -0.21 2 = FOG REDUCING VISIBILITY
HIGHEST: 63 ON 31 GRTST 24HR 0.13 ON 5- 5 TO 1/4 MILE OR LESS
LOWEST: -10 ON 6 3 = THUNDER
SNOW, ICE PELLETS, HAIL 4 = ICE PELLETS
TOTAL MONTH: 2.3 INCHES 5 = HAIL
GRTST 24HR 1.0 ON 25-25 6 = FREEZING RAIN OR DRIZZLE
GRTST DEPTH: 1 ON 26, 3 7 = DUSTSTORM OR SANDSTORM:
VSBY 1/2 MILE OR LESS
8 = SMOKE OR HAZE
[NO. OF DAYS WITH] [WEATHER - DAYS WITH] 9 = BLOWING SNOW
X = TORNADO
MAX 32 OR BELOW: 6 0.01 INCH OR MORE: 4
MAX 90 OR ABOVE: 0 0.10 INCH OR MORE: 0
MIN 32 OR BELOW: 30 0.50 INCH OR MORE: 0
MIN 0 OR BELOW: 6 1.00 INCH OR MORE: 0
[HDD (BASE 65) ]
TOTAL THIS MO. 1148 CLEAR (SCALE 0-3) 17
DPTR FM NORMAL -107 PTCLDY (SCALE 4-7) 13
TOTAL FM JUL 1 3215 CLOUDY (SCALE 8-10) 1
DPTR FM NORMAL -743
[CDD (BASE 65) ]
TOTAL THIS MO. 0
DPTR FM NORMAL 0 [PRESSURE DATA]
TOTAL FM JAN 1 0 HIGHEST SLP 33.58 ON 6
DPTR FM NORMAL 0 LOWEST SLP 29.47 ON 31
[REMARKS]
#FINAL-01-22#