243
CXUS55 KLBF 011200
CF6VTN
PRELIMINARY LOCAL CLIMATOLOGICAL DATA (WS FORM: F-6)
STATION: VALENTINE
MONTH: JULY
YEAR: 2020
LATITUDE: 42 52 N
LONGITUDE: 100 33 W
TEMPERATURE IN F: :PCPN: SNOW: WIND :SUNSHINE: SKY :PK WND
================================================================================
1 2 3 4 5 6A 6B 7 8 9 10 11 12 13 14 15 16 17 18
12Z AVG MX 2MIN
DY MAX MIN AVG DEP HDD CDD WTR SNW DPTH SPD SPD DIR MIN PSBL S-S WX SPD DR
================================================================================
1 92 48 70 -2 0 5 0.00 0.0 0 9.8 18 210 M M 0 27 140
2 94 60 77 4 0 12 0.29 0.0 0 14.4 29 90 M M 0 13 42 320
3 93 63 78 5 0 13 0.00 0.0 0 9.7 18 140 M M 0 27 130
4 94 69 82 9 0 17 0.00 0.0 0 11.2 23 160 M M 0 30 160
5 97 68 83 10 0 18 0.00 0.0 0 12.4 25 310 M M 0 36 250
6 94 67 81 7 0 16 0.04 0.0 0 9.0 26 350 M M 1 3 39 360
7 98 64 81 7 0 16 0.00 0.0 0 18.4 30 160 M M 1 41 190
8 99 71 85 11 0 20 0.03 0.0 0 9.9 24 190 M M 0 38 31 190
9 90 60 75 1 0 10 0.00 0.0 0 7.8 18 290 M M 2 25 290
10 87 63 75 1 0 10 0.61 0.0 0 10.5 36 350 M M 3 13 51 350
11 88 60 74 0 0 9 0.00 0.0 0 9.5 17 340 M M 0 24 320
12 83 55 69 -6 0 4 0.37 0.0 0 9.1 28 150 M M 2 13 36 150
13 87 69 78 3 0 13 T 0.0 0 10.4 22 260 M M 0 31 190
14 77 59 68 -7 0 3 T 0.0 0 10.9 28 30 M M 5 3 39 360
15 86 61 74 -1 0 9 0.03 0.0 0 8.9 21 180 M M 3 28 170
16 92 64 78 3 0 13 0.00 0.0 0 10.3 17 220 M M 2 24 190
17 103 74 89 14 0 24 0.00 0.0 0 14.3 25 180 M M 0 35 180
18 88 63 76 1 0 11 0.00 0.0 0 10.1 25 320 M M 1 1 33 320
19 87 58 73 -2 0 8 0.06 0.0 0 8.6 24 340 M M 6 3 32 350
20 88 63 76 1 0 11 0.19 0.0 0 9.1 21 160 M M 3 3 26 170
21 84 60 72 -3 0 7 0.00 0.0 0 5.7 14 40 M M 2 18 40
22 92 64 78 3 0 13 0.00 0.0 0 12.7 22 150 M M 2 31 140
23 101 73 87 12 0 22 0.00 0.0 0 16.1 31 170 M M 1 45 170
24 99 72 86 11 0 21 2.04 0.0 0 14.9 36 240 M M 2 13 46 240
25 96 71 84 9 0 19 T 0.0 0 6.8 20 200 M M 1 25 210
26 86 60 73 -2 0 8 0.00 0.0 0 10.1 21 30 M M 3 1 30 30
27 89 53 71 -4 0 6 0.00 0.0 0 9.1 17 170 M M 0 24 190
28 95 67 81 6 0 16 0.00 0.0 0 8.5 16 200 M M 1 22 190
29 92 68 80 5 0 15 0.02 0.0 0 9.3 30 130 M M 2 3 45 130
30 83 59 71 -4 0 6 0.00 0.0 0 6.2 14 10 M M 4 19 10
31 90 55 73 -2 0 8 T 0.0 0 5.8 33 10 M M 1 3 48 30
================================================================================
SM 2824 1961 0 383 3.68 0.0 319.5 M 48
================================================================================
AV 91.1 63.3 10.3 FASTST M M 2 MAX(MPH)
MISC ----> # 36 350 # 51 350
================================================================================
NOTES:
# LAST OF SEVERAL OCCURRENCES
COLUMN 17 PEAK WIND IN M.P.H.
PRELIMINARY LOCAL CLIMATOLOGICAL DATA (WS FORM: F-6) , PAGE 2
STATION: VALENTINE
MONTH: JULY
YEAR: 2020
LATITUDE: 42 52 N
LONGITUDE: 100 33 W
[TEMPERATURE DATA] [PRECIPITATION DATA] SYMBOLS USED IN COLUMN 16
AVERAGE MONTHLY: 77.2 TOTAL FOR MONTH: 3.68 1 = FOG OR MIST
DPTR FM NORMAL: 2.7 DPTR FM NORMAL: 0.47 2 = FOG REDUCING VISIBILITY
HIGHEST: 103 ON 17 GRTST 24HR 2.04 ON 24-24 TO 1/4 MILE OR LESS
LOWEST: 48 ON 1 3 = THUNDER
SNOW, ICE PELLETS, HAIL 4 = ICE PELLETS
TOTAL MONTH: 0.0 INCH 5 = HAIL
GRTST 24HR 0.0 6 = FREEZING RAIN OR DRIZZLE
GRTST DEPTH: 0 7 = DUSTSTORM OR SANDSTORM:
VSBY 1/2 MILE OR LESS
8 = SMOKE OR HAZE
[NO. OF DAYS WITH] [WEATHER - DAYS WITH] 9 = BLOWING SNOW
X = TORNADO
MAX 32 OR BELOW: 0 0.01 INCH OR MORE: 10
MAX 90 OR ABOVE: 18 0.10 INCH OR MORE: 5
MIN 32 OR BELOW: 0 0.50 INCH OR MORE: 2
MIN 0 OR BELOW: 0 1.00 INCH OR MORE: 1
[HDD (BASE 65) ]
TOTAL THIS MO. 0 CLEAR (SCALE 0-3) 27
DPTR FM NORMAL -8 PTCLDY (SCALE 4-7) 4
TOTAL FM JUL 1 0 CLOUDY (SCALE 8-10) 0
DPTR FM NORMAL -8
[CDD (BASE 65) ]
TOTAL THIS MO. 383
DPTR FM NORMAL 79 [PRESSURE DATA]
TOTAL FM JAN 1 690 HIGHEST SLP 30.15 ON 27
DPTR FM NORMAL 215 LOWEST SLP 29.62 ON 8
[REMARKS]
#FINAL-07-20#