000
CXUS51 KAKQ 010810
CF6WAL
PRELIMINARY LOCAL CLIMATOLOGICAL DATA (WS FORM: F-6)
STATION: WALLOPS ISLAND VA
MONTH: FEBRUARY
YEAR: 2024
LATITUDE: 37 55 N
LONGITUDE: 75 28 W
TEMPERATURE IN F: :PCPN: SNOW: WIND :SUNSHINE: SKY :PK WND
================================================================================
1 2 3 4 5 6A 6B 7 8 9 10 11 12 13 14 15 16 17 18
12Z AVG MX 2MIN
DY MAX MIN AVG DEP HDD CDD WTR SNW DPTH SPD SPD DIR MIN PSBL S-S WX SPD DR
================================================================================
1 52 28 40 2 25 0 0.00 0.0 0 7.4 14 200 M M 0 19 210
2 53 41 47 9 18 0 T 0.0 0 8.4 16 350 M M 9 1 27 340
3 48 29 39 1 26 0 0.00 0.0 0 6.8 15 20 M M 3 21 350
4 47 28 38 0 27 0 0.00 0.0 0 5.0 10 80 M M 0 15 350
5 46 28 37 -1 28 0 0.00 0.0 0 8.6 17 50 M M 0 1 22 50
6 45 31 38 0 27 0 0.00 0.0 0 11.7 23 50 M M 2 29 60
7 46 29 38 -1 27 0 0.00 0.0 0 8.5 20 60 M M 1 24 70
8 50 26 38 -1 27 0 0.00 0.0 0 5.1 12 170 M M 1 1 15 180
9 56 40 48 9 17 0 0.00 0.0 0 8.0 16 190 M M 1 21 190
10 63 44 54 15 11 0 0.13 0.0 0 8.4 18 190 M M 2 1 24 180
11 56 43 50 11 15 0 0.42 0.0 0 6.5 21 60 M M 9 1 26 60
12 47 43 45 6 20 0 0.04 0.0 0 7.1 16 80 M M 10 1 22 70
13 46 33 40 1 25 0 1.10 0.0 0 12.9 25 310 M M 6 1 41 330
14 46 26 36 -4 29 0 0.00 0.0 0 9.2 28 310 M M 3 42 310
15 54 25 40 0 25 0 0.00 0.0 0 9.4 20 180 M M 1 30 190
16 53 38 46 6 19 0 0.00 0.0 0 9.7 21 330 M M 0 31 330
17 44 24 34 -6 31 0 0.06 0.0 0 11.1 26 320 M M 6 1 38 320
18 46 20 33 -7 32 0 0.00 0.0 0 6.6 17 230 M M 0 26 260
19 48 27 38 -2 27 0 0.00 0.0 0 5.9 14 70 M M 0 8 21 360
20 46 24 35 -6 30 0 0.00 0.0 0 10.2 18 60 M M 0 24 40
21 47 28 38 -3 27 0 0.00 0.0 0 11.3 20 60 M M 2 25 50
22 48 25 37 -4 28 0 0.00 0.0 0 9.6 20 170 M M 1 26 180
23 52 42 47 6 18 0 0.24 0.0 0 9.0 17 200 M M 8 1 23 210
24 51 34 43 2 22 0 T T 0 7.6 16 320 M M 6 128 24 350
25 44 27 36 -6 29 0 0.00 0.0 0 7.3 14 20 M M 1 19 40
26 55 38 47 5 18 0 0.00 0.0 M 12.0 16 190 M M 2 M M
27 57 44 51 9 14 0 0.27 0.0 0 13.8 32 190 M M 6 1 46 200
28 65 47 56 14 9 0 1.10 0.0 0 15.5 29 320 M M 8 1 46 310
29 47 30 39 -3 26 0 0.00 0.0 0 10.9 21 310 M M 0 40 300
================================================================================
SM 1458 942 677 0 3.36 T 263.5 M 88
================================================================================
AV 50.3 32.5 9.1 FASTST M M 3 MAX(MPH)
MISC ----> 32 190 # 46 200
================================================================================
NOTES:
# LAST OF SEVERAL OCCURRENCES
COLUMN 17 PEAK WIND IN M.P.H.
PRELIMINARY LOCAL CLIMATOLOGICAL DATA (WS FORM: F-6) , PAGE 2
STATION: WALLOPS ISLAND VA
MONTH: FEBRUARY
YEAR: 2024
LATITUDE: 37 55 N
LONGITUDE: 75 28 W
[TEMPERATURE DATA] [PRECIPITATION DATA] SYMBOLS USED IN COLUMN 16
AVERAGE MONTHLY: 41.4 TOTAL FOR MONTH: 3.36 1 = FOG OR MIST
DPTR FM NORMAL: 1.6 DPTR FM NORMAL: 0.55 2 = FOG REDUCING VISIBILITY
HIGHEST: 65 ON 28 GRTST 24HR 1.14 ON 12-13 TO 1/4 MILE OR LESS
LOWEST: 20 ON 18 3 = THUNDER
SNOW, ICE PELLETS, HAIL 4 = ICE PELLETS
TOTAL MONTH: T 5 = HAIL
GRTST 24HR T ON 24-24 6 = FREEZING RAIN OR DRIZZLE
GRTST DEPTH: 0 7 = DUSTSTORM OR SANDSTORM:
VSBY 1/2 MILE OR LESS
8 = SMOKE OR HAZE
[NO. OF DAYS WITH] [WEATHER - DAYS WITH] 9 = BLOWING SNOW
X = TORNADO
MAX 32 OR BELOW: 0 0.01 INCH OR MORE: 8
MAX 90 OR ABOVE: 0 0.10 INCH OR MORE: 6
MIN 32 OR BELOW: 17 0.50 INCH OR MORE: 2
MIN 0 OR BELOW: 0 1.00 INCH OR MORE: 2
[HDD (BASE 65) ]
TOTAL THIS MO. 677 CLEAR (SCALE 0-3) 20
DPTR FM NORMAL -29 PTCLDY (SCALE 4-7) 6
TOTAL FM JUL 1 2601 CLOUDY (SCALE 8-10) 3
DPTR FM NORMAL -374
[CDD (BASE 65) ]
TOTAL THIS MO. 0
DPTR FM NORMAL 0 [PRESSURE DATA]
TOTAL FM JAN 1 0 HIGHEST SLP M ON M
DPTR FM NORMAL 0 LOWEST SLP 29.25 ON 13
[REMARKS]
#FINAL-02-24#