000
CXUS55 KRIW 011110
CF6WRL
PRELIMINARY LOCAL CLIMATOLOGICAL DATA (WS FORM: F-6)
STATION: WORLAND WY
MONTH: FEBRUARY
YEAR: 2024
LATITUDE: 43 58 N
LONGITUDE: 107 57 W
TEMPERATURE IN F: :PCPN: SNOW: WIND :SUNSHINE: SKY :PK WND
================================================================================
1 2 3 4 5 6A 6B 7 8 9 10 11 12 13 14 15 16 17 18
12Z AVG MX 2MIN
DY MAX MIN AVG DEP HDD CDD WTR SNW DPTH SPD SPD DIR MIN PSBL S-S WX SPD DR
================================================================================
1 55 20 38 20 27 0 0.00 M M 2.9 10 130 M M 0 11 130
2 49 24 37 19 28 0 0.00 M M 1.7 9 190 M M 2 10 210
3 46 27 37 18 28 0 0.18 M M 5.9 12 330 M M 8 1 16 330
4 39 26 33 14 32 0 0.01 M M 3.9 16 160 M M 8 1 21 170
5 50 22 36 17 29 0 0.00 M M 9.0 23 200 M M 0 33 190
6 50 27 39 20 26 0 0.00 M M 3.4 13 190 M M 1 16 190
7 47 29 38 18 27 0 T M M 6.7 17 330 M M 4 22 330
8 41 24 33 13 32 0 0.00 M M 2.8 9 30 M M 7 14 50
9 37 19 28 8 37 0 T M M 3.7 15 250 M M 8 1 18 250
10 28 9 19 -1 46 0 0.07 M M 5.3 15 130 M M 7 1 17 130
11 30 0 15 -6 50 0 0.00 M M 2.9 9 200 M M 4 11 90
12 41 14 28 7 37 0 0.00 M M 3.4 10 180 M M 3 12 240
13 41 15 28 6 37 0 0.00 M M 4.2 12 150 M M 2 13 220
14 30 17 24 2 41 0 0.00 M M 4.8 12 40 M M 9 16 330
15 25 11 18 -4 47 0 T M M 6.8 15 340 M M 9 12 21 330
16 16 -9 4 -19 61 0 T M M 6.5 15 340 M M 8 1 21 350
17 18 -15 2 -21 63 0 0.00 M M 4.8 12 210 M M 0 13 210
18 30 -6 12 -12 53 0 0.00 M M 2.4 8 200 M M 3 11 30
19 39 6 23 -1 42 0 0.00 M M 3.5 12 230 M M 1 13 230
20 48 18 33 9 32 0 0.00 M M 4.1 10 170 M M 0 13 190
21 45 24 35 10 30 0 0.00 M M 4.4 9 170 M M 0 M M
22 49 22 36 10 29 0 0.00 M M 3.2 9 160 M M 3 11 170
23 49 20 35 9 30 0 0.00 M M 4.5 13 170 M M 0 15 170
24 55 21 38 12 27 0 0.00 M M 3.5 14 200 M M 0 19 230
25 58 26 42 15 23 0 0.00 M M 6.7 16 230 M M 2 20 220
26 57 23 40 12 25 0 T M M 16.3 38 240 M M 1 1 52 240
27 23 7 15 -13 50 0 0.07 M M 6.4 20 300 M M 8 1 27 300
28 39 3 21 -8 44 0 0.00 M M 4.1 12 120 M M 0 14 160
29 55 15 35 6 30 0 0.00 M M 7.0 18 200 M M 0 24 200
================================================================================
SM 1190 439 1063 0 0.33 M 144.8 M 98
================================================================================
AV 41.0 15.1 5.0 FASTST M M 3 MAX(MPH)
MISC ----> 38 240 52 240
================================================================================
NOTES:
# LAST OF SEVERAL OCCURRENCES
COLUMN 17 PEAK WIND IN M.P.H.
PRELIMINARY LOCAL CLIMATOLOGICAL DATA (WS FORM: F-6) , PAGE 2
STATION: WORLAND WY
MONTH: FEBRUARY
YEAR: 2024
LATITUDE: 43 58 N
LONGITUDE: 107 57 W
[TEMPERATURE DATA] [PRECIPITATION DATA] SYMBOLS USED IN COLUMN 16
AVERAGE MONTHLY: 28.1 TOTAL FOR MONTH: 0.33 1 = FOG OR MIST
DPTR FM NORMAL: 5.5 DPTR FM NORMAL: 0.16 2 = FOG REDUCING VISIBILITY
HIGHEST: 58 ON 25 GRTST 24HR 0.18 ON 3- 3 TO 1/4 MILE OR LESS
LOWEST: -15 ON 17 3 = THUNDER
SNOW, ICE PELLETS, HAIL 4 = ICE PELLETS
TOTAL MONTH: M 5 = HAIL
GRTST 24HR M ON M 6 = FREEZING RAIN OR DRIZZLE
GRTST DEPTH: M ON M 7 = DUSTSTORM OR SANDSTORM:
VSBY 1/2 MILE OR LESS
8 = SMOKE OR HAZE
[NO. OF DAYS WITH] [WEATHER - DAYS WITH] 9 = BLOWING SNOW
X = TORNADO
MAX 32 OR BELOW: 8 0.01 INCH OR MORE: 4
MAX 90 OR ABOVE: 0 0.10 INCH OR MORE: 1
MIN 32 OR BELOW: 29 0.50 INCH OR MORE: 0
MIN 0 OR BELOW: 4 1.00 INCH OR MORE: 0
[HDD (BASE 65) ]
TOTAL THIS MO. 1063 CLEAR (SCALE 0-3) 18
DPTR FM NORMAL -124 PTCLDY (SCALE 4-7) 7
TOTAL FM JUL 1 5579 CLOUDY (SCALE 8-10) 4
DPTR FM NORMAL -529
[CDD (BASE 65) ]
TOTAL THIS MO. 0
DPTR FM NORMAL 0 [PRESSURE DATA]
TOTAL FM JAN 1 0 HIGHEST SLP 30.74 ON 17
DPTR FM NORMAL 0 LOWEST SLP 29.33 ON 26
[REMARKS]
#FINAL-02-24#