000
CXUS56 KMTR 012142
CF6WVI
PRELIMINARY LOCAL CLIMATOLOGICAL DATA (WS FORM: F-6)
STATION: WATSONVILLE AIRPORT
MONTH: MARCH
YEAR: 2021
LATITUDE: 36 55 N
LONGITUDE: 121 47 W
TEMPERATURE IN F: :PCPN: SNOW: WIND :SUNSHINE: SKY :PK WND
================================================================================
1 2 3 4 5 6A 6B 7 8 9 10 11 12 13 14 15 16 17 18
12Z AVG MX 2MIN
DY MAX MIN AVG DEP HDD CDD WTR SNW DPTH SPD SPD DIR MIN PSBL S-S WX SPD DR
================================================================================
1 65 37 51 -2 14 0 0.00 M M 4.1 13 260 M M 0 16 250
2 64 37 51 -2 14 0 0.00 M M 3.7 15 270 M M 0 19 270
3 59 42 51 -2 14 0 0.00 M M 4.3 15 250 M M 3 8 21 270
4 59 40 50 -3 15 0 0.00 M M 4.5 13 270 M M 2 16 250
5 62 37 50 -3 15 0 T M M 4.6 18 220 M M 2 8 25 210
6 60 43 52 -1 13 0 0.03 M M 4.1 17 210 M M 3 1 22 200
7 62 37 50 -3 15 0 0.00 M M 3.5 10 200 M M 0 14 220
8 56 39 48 -5 17 0 0.00 M M 5.2 14 250 M M 3 22 230
9 57 40 49 -4 16 0 0.28 M M 5.5 18 250 M M 5 1 27 230
10 54 41 48 -5 17 0 0.59 M M 6.3 15 180 M M 8 13 18 230
11 58 39 49 -4 16 0 0.04 M M 3.4 12 270 M M 6 1 16 20
12 59 38 49 -4 16 0 0.00 M M 4.7 13 230 M M 2 1 15 250
13 58 45 52 -1 13 0 0.00 M M 5.0 15 250 M M 6 18 250
14 57 45 51 -2 14 0 0.67 M M 4.1 15 260 M M 10 18 22 240
15 56 37 47 -6 18 0 T M M 7.2 22 270 M M 3 30 280
16 55 36 46 -7 19 0 0.00 M M 5.1 14 270 M M 0 17 250
17 55 36 46 -7 19 0 0.00 M M 3.9 14 250 M M 3 18 250
18 59 46 53 0 12 0 0.60 M M 2.2 10 250 M M 9 1 13 230
19 58 42 50 -3 15 0 0.01 M M 2.9 10 210 M M 9 1 12 200
20 60 38 49 -4 16 0 0.00 M M 4.1 13 210 M M 1 17 210
21 67 38 53 0 12 0 0.00 M M 5.3 12 210 M M 0 15 230
22 63 43 53 0 12 0 0.00 M M 3.1 12 260 M M 4 1 16 260
23 69 38 54 0 11 0 0.00 M M 5.9 17 350 M M 0 25 360
24 66 38 52 -2 13 0 0.00 M M 4.6 16 270 M M 0 21 270
25 59 40 50 -4 15 0 0.00 M M 5.8 20 260 M M 3 8 24 250
26 66 40 53 -1 12 0 0.00 M M 4.0 12 260 M M 1 13 220
27 75 39 57 3 8 0 0.00 M M 3.5 14 270 M M 2 12 15 250
28 77 41 59 5 6 0 0.00 M M 4.0 14 160 M M 0 1 16 150
29 63 43 53 -1 12 0 0.00 M M 3.9 12 110 M M 5 12 M M
30 75 36 56 2 9 0 0.00 M M 4.6 12 190 M M 0 15 200
31 84 46 65 11 0 0 0.00 M M 4.2 14 260 M M 0 16 250
================================================================================
SM 1937 1237 418 0 2.22 M 137.3 M 90
================================================================================
AV 62.5 39.9 4.4 FASTST M M 3 MAX(MPH)
MISC ----> 22 270 30 280
================================================================================
NOTES:
# LAST OF SEVERAL OCCURRENCES
COLUMN 17 PEAK WIND IN M.P.H.
PRELIMINARY LOCAL CLIMATOLOGICAL DATA (WS FORM: F-6) , PAGE 2
STATION: WATSONVILLE AIRPORT
MONTH: MARCH
YEAR: 2021
LATITUDE: 36 55 N
LONGITUDE: 121 47 W
[TEMPERATURE DATA] [PRECIPITATION DATA] SYMBOLS USED IN COLUMN 16
AVERAGE MONTHLY: 51.2 TOTAL FOR MONTH: 2.22 1 = FOG OR MIST
DPTR FM NORMAL: -2.0 DPTR FM NORMAL: -0.56 2 = FOG REDUCING VISIBILITY
HIGHEST: 84 ON 31 GRTST 24HR 0.67 ON 14-14 TO 1/4 MILE OR LESS
LOWEST: 36 ON 30,17 3 = THUNDER
SNOW, ICE PELLETS, HAIL 4 = ICE PELLETS
TOTAL MONTH: M 5 = HAIL
GRTST 24HR M ON M 6 = FREEZING RAIN OR DRIZZLE
GRTST DEPTH: M ON M 7 = DUSTSTORM OR SANDSTORM:
VSBY 1/2 MILE OR LESS
8 = SMOKE OR HAZE
[NO. OF DAYS WITH] [WEATHER - DAYS WITH] 9 = BLOWING SNOW
X = TORNADO
MAX 32 OR BELOW: 0 0.01 INCH OR MORE: 7
MAX 90 OR ABOVE: 0 0.10 INCH OR MORE: 4
MIN 32 OR BELOW: 0 0.50 INCH OR MORE: 3
MIN 0 OR BELOW: 0 1.00 INCH OR MORE: 0
[HDD (BASE 65) ]
TOTAL THIS MO. 418 CLEAR (SCALE 0-3) 18
DPTR FM NORMAL 51 PTCLDY (SCALE 4-7) 10
TOTAL FM JUL 1 2150 CLOUDY (SCALE 8-10) 3
DPTR FM NORMAL -192
[CDD (BASE 65) ]
TOTAL THIS MO. 0
DPTR FM NORMAL -1 [PRESSURE DATA]
TOTAL FM JAN 1 0 HIGHEST SLP 30.34 ON 20
DPTR FM NORMAL -1 LOWEST SLP 29.77 ON 3
[REMARKS]
#FINAL-03-21#