000
CXUS51 KPBZ 010830
CF6ZZV
PRELIMINARY LOCAL CLIMATOLOGICAL DATA (WS FORM: F-6)
STATION: ZANESVILLE OH
MONTH: FEBRUARY
YEAR: 2024
LATITUDE: 39 56 N
LONGITUDE: 81 54 W
TEMPERATURE IN F: :PCPN: SNOW: WIND :SUNSHINE: SKY :PK WND
================================================================================
1 2 3 4 5 6A 6B 7 8 9 10 11 12 13 14 15 16 17 18
12Z AVG MX 2MIN
DY MAX MIN AVG DEP HDD CDD WTR SNW DPTH SPD SPD DIR MIN PSBL S-S WX SPD DR
================================================================================
1 53 38 46 16 19 0 0.00 M M 7.8 18 190 M M 6 25 180
2 47 34 41 11 24 0 0.00 M M 6.8 14 340 M M 8 20 10
3 43 26 35 5 30 0 0.00 M M 2.9 10 80 M M 3 13 70
4 56 24 40 9 25 0 0.00 M M 4.0 10 10 M M 0 15 20
5 50 30 40 9 25 0 0.00 M M 6.3 14 350 M M 0 22 360
6 50 27 39 8 26 0 0.00 M M 4.0 12 50 M M 0 15 60
7 58 21 40 9 25 0 0.00 M M 0.8 7 100 M M 0 10 110
8 64 30 47 16 18 0 T M M 5.9 16 170 M M 0 22 170
9 64 48 56 24 9 0 T M M 9.8 20 200 M M 3 28 210
10 63 47 55 23 10 0 T M M 7.3 15 240 M M 5 23 260
11 49 33 41 9 24 0 0.00 M M 5.1 10 20 M M 5 16 20
12 49 29 39 7 26 0 0.00 M M 4.8 12 10 M M 2 1 18 20
13 49 30 40 8 25 0 0.00 M M 9.5 21 270 M M 3 32 250
14 45 24 35 2 30 0 0.00 M M 2.2 10 340 M M 3 16 260
15 56 24 40 7 25 0 0.01 M M 9.4 28 290 M M 3 48 300
16 39 28 34 1 31 0 0.16 M M 4.3 10 10 M M 5 1 17 290
17 28 16 22 -11 43 0 T M M 9.1 21 270 M M 7 18 31 280
18 39 13 26 -8 39 0 0.00 M M 9.2 22 260 M M 0 36 250
19 47 16 32 -2 33 0 0.00 M M 1.2 8 340 M M 0 12 330
20 55 20 38 4 27 0 0.00 M M 1.2 10 120 M M 0 13 110
21 63 22 43 9 22 0 0.00 M M 5.7 18 180 M M 0 25 210
22 52 45 49 14 16 0 0.67 M M 4.6 13 180 M M 10 1 16 180
23 58 39 49 14 16 0 0.01 M M 5.8 25 310 M M 7 18 33 310
24 40 20 30 -5 35 0 0.06 M M 8.4 16 10 M M 5 12 24 360
25 49 17 33 -3 32 0 0.00 M M 7.1 17 180 M M 0 24 180
26 67 29 48 12 17 0 0.00 M M 3.1 13 180 M M 0 20 160
27 70 46 58 22 7 0 0.05 M M 11.1 18 180 M M 6 37 210
28 65 26 46 10 19 0 0.49 M M 13.8 28 290 M M 8 13 43 240
29 41 21 31 -6 34 0 0.00 M M 5.0 15 300 M M 0 20 280
================================================================================
SM 1509 823 712 0 1.45 M 176.2 M 89
================================================================================
AV 52.0 28.4 6.1 FASTST M M 3 MAX(MPH)
MISC ----> # 28 290 48 300
================================================================================
NOTES:
# LAST OF SEVERAL OCCURRENCES
COLUMN 17 PEAK WIND IN M.P.H.
PRELIMINARY LOCAL CLIMATOLOGICAL DATA (WS FORM: F-6) , PAGE 2
STATION: ZANESVILLE OH
MONTH: FEBRUARY
YEAR: 2024
LATITUDE: 39 56 N
LONGITUDE: 81 54 W
[TEMPERATURE DATA] [PRECIPITATION DATA] SYMBOLS USED IN COLUMN 16
AVERAGE MONTHLY: 40.2 TOTAL FOR MONTH: 1.45 1 = FOG OR MIST
DPTR FM NORMAL: 7.3 DPTR FM NORMAL: -0.86 2 = FOG REDUCING VISIBILITY
HIGHEST: 70 ON 27 GRTST 24HR 0.67 ON 22-22 TO 1/4 MILE OR LESS
LOWEST: 13 ON 18 3 = THUNDER
SNOW, ICE PELLETS, HAIL 4 = ICE PELLETS
TOTAL MONTH: M 5 = HAIL
GRTST 24HR M ON M 6 = FREEZING RAIN OR DRIZZLE
GRTST DEPTH: M ON M 7 = DUSTSTORM OR SANDSTORM:
VSBY 1/2 MILE OR LESS
8 = SMOKE OR HAZE
[NO. OF DAYS WITH] [WEATHER - DAYS WITH] 9 = BLOWING SNOW
X = TORNADO
MAX 32 OR BELOW: 1 0.01 INCH OR MORE: 7
MAX 90 OR ABOVE: 0 0.10 INCH OR MORE: 3
MIN 32 OR BELOW: 21 0.50 INCH OR MORE: 1
MIN 0 OR BELOW: 0 1.00 INCH OR MORE: 0
[HDD (BASE 65) ]
TOTAL THIS MO. 712 CLEAR (SCALE 0-3) 16
DPTR FM NORMAL -187 PTCLDY (SCALE 4-7) 12
TOTAL FM JUL 1 3345 CLOUDY (SCALE 8-10) 1
DPTR FM NORMAL -706
[CDD (BASE 65) ]
TOTAL THIS MO. 0
DPTR FM NORMAL 0 [PRESSURE DATA]
TOTAL FM JAN 1 0 HIGHEST SLP 30.52 ON 29
DPTR FM NORMAL 0 LOWEST SLP 29.35 ON 28
[REMARKS]
#FINAL-02-24#