000
CXUS52 KJAX 260800
CF6AMG
PRELIMINARY LOCAL CLIMATOLOGICAL DATA (WS FORM: F-6)

                                          STATION:   ALMA GA
                                          MONTH:     MAY
                                          YEAR:      2018
                                          LATITUDE:   31 32 N
                                          LONGITUDE:  82 30 W

  TEMPERATURE IN F:       :PCPN:    SNOW:  WIND      :SUNSHINE: SKY     :PK WND
================================================================================
1   2   3   4   5  6A  6B    7    8   9   10  11  12  13   14  15   16   17  18
                                     12Z  AVG MX 2MIN
DY MAX MIN AVG DEP HDD CDD  WTR  SNW DPTH SPD SPD DIR MIN PSBL S-S WX    SPD DR
================================================================================

 1  85  48  67  -3   0   2 0.00  0.0    0  3.2 10 130   M    M   0 1      16 110
 2  85  52  69  -1   0   4 0.00  0.0    0  4.6 13 120   M    M   0 12     18 110
 3  85  52  69  -1   0   4 0.00  0.0    0  4.3 13 150   M    M   0 1      19 150
 4  88  53  71   0   0   6 0.00  0.0    0  2.7 14 160   M    M   0 1      18 200
 5  88  55  72   1   0   7 0.00  0.0    0  2.1 12  90   M    M   1 12     14  80
 6  90  66  78   7   0  13 0.00  0.0    0  6.3 16 300   M    M   1 1      21 300
 7  89  56  73   2   0   8 0.00  0.0    0  3.6 17 310   M    M   0        24 320
 8  87  55  71  -1   0   6 0.00  0.0    0  2.3  7  60   M    M   1 1       M  M
 9  88  58  73   1   0   8 0.00  0.0    0  3.3  9 140   M    M   2 12     10 130
10  92  63  78   6   0  13 0.00  0.0    0  5.6 16 310   M    M   2        20 280
11  96  63  80   8   0  15 0.00  0.0    0  3.2 13 310   M    M   1        18 330
12  96  63  80   7   0  15 0.00  0.0    0  2.9 13 130   M    M   1 1      18  40
13  93  62  78   5   0  13 0.00  0.0    0  4.2 14 120   M    M   1        19 120
14  83  63  73   0   0   8 0.00  0.0    0  2.6 12 110   M    M   4 1      15  90
15  77  68  73  -1   0   8 1.82  0.0    0  3.9 10 170   M    M   7 13     15 160
16  86  68  77   3   0  12 0.05  0.0    0  5.9 26 170   M    M   7 13     33 180
17  87  70  79   5   0  14 0.11  0.0    0  7.2 15 170   M    M   6 13     17 160
18  86  70  78   4   0  13    T  0.0    0  6.8 14 170   M    M   5 13     17 160
19  89  68  79   4   0  14    T  0.0    0  2.4 16 140   M    M   4 1      23 110
20  77  70  74  -1   0   9 0.32  0.0    0  3.0  9 180   M    M   6 1      12 170
21  86  71  79   4   0  14 0.08  0.0    0  5.1 22 160   M    M   6 13     28 120
22  88  71  80   5   0  15 0.66  0.0    0  6.2 24 190   M    M   7 13     31 200
23  88  70  79   3   0  14 0.01  0.0    0  5.0 18 300   M    M   3 3      26 300
24  87  71  79   3   0  14 1.10  0.0    0  4.2 24 310   M    M   4 13     29 300
25  85  69  77   1   0  12    T  0.0    0  4.4 12 150   M    M   4 123    15 140
================================================================================
SM 2181 1575         0 261  4.15     0.0 105.0          M       73
================================================================================
AV 87.2 63.0                               4.2 FASTST   M    M   3    MAX(MPH)
                                 MISC ---->  # 26 170               # 33  180
================================================================================
NOTES:
# LAST OF SEVERAL OCCURRENCES

COLUMN 17 PEAK WIND IN M.P.H.

PRELIMINARY LOCAL CLIMATOLOGICAL DATA (WS FORM: F-6) , PAGE 2

                                          STATION:  ALMA GA
                                          MONTH:    MAY
                                          YEAR:     2018
                                          LATITUDE:   31 32 N
                                          LONGITUDE:  82 30 W

[TEMPERATURE DATA]      [PRECIPITATION DATA]       SYMBOLS USED IN COLUMN 16

AVERAGE MONTHLY: 75.1   TOTAL FOR MONTH:   4.15    1 = FOG OR MIST
DPTR FM NORMAL:   2.1   DPTR FM NORMAL:    2.31    2 = FOG REDUCING VISIBILITY
HIGHEST:    96 ON 12,11 GRTST 24HR  1.82 ON 15-15      TO 1/4 MILE OR LESS
LOWEST:     48 ON  1                               3 = THUNDER
                        SNOW, ICE PELLETS, HAIL    4 = ICE PELLETS
                        TOTAL MONTH:   0.0 INCH    5 = HAIL
                        GRTST 24HR     0.0         6 = FREEZING RAIN OR DRIZZLE
                        GRTST DEPTH:   0           7 = DUSTSTORM OR SANDSTORM:
                                                       VSBY 1/2 MILE OR LESS
                                                   8 = SMOKE OR HAZE
[NO. OF DAYS WITH]      [WEATHER - DAYS WITH]      9 = BLOWING SNOW
                                                   X = TORNADO
MAX 32 OR BELOW:   0    0.01 INCH OR MORE:   8
MAX 90 OR ABOVE:   5    0.10 INCH OR MORE:   5
MIN 32 OR BELOW:   0    0.50 INCH OR MORE:   3
MIN  0 OR BELOW:   0    1.00 INCH OR MORE:   2

[HDD (BASE 65) ]
TOTAL THIS MO.     0    CLEAR  (SCALE 0-3)  13
DPTR FM NORMAL    -3    PTCLDY (SCALE 4-7)  12
TOTAL FM JUL 1  1551    CLOUDY (SCALE 8-10)  0
DPTR FM NORMAL  -105

[CDD (BASE 65) ]
TOTAL THIS MO.   261
DPTR FM NORMAL    57    [PRESSURE DATA]
TOTAL FM JAN 1   448    HIGHEST SLP M ON M
DPTR FM NORMAL    90    LOWEST  SLP 29.87 ON M

[REMARKS]
