000
CXUS55 KVEF 260940
CF6BIH
PRELIMINARY LOCAL CLIMATOLOGICAL DATA (WS FORM: F-6)

                                          STATION:   BISHOP CA
                                          MONTH:     APRIL
                                          YEAR:      2018
                                          LATITUDE:   37 22 N
                                          LONGITUDE: 118 22 W

  TEMPERATURE IN F:       :PCPN:    SNOW:  WIND      :SUNSHINE: SKY     :PK WND
================================================================================
1   2   3   4   5  6A  6B    7    8   9   10  11  12  13   14  15   16   17  18
                                     12Z  AVG MX 2MIN
DY MAX MIN AVG DEP HDD CDD  WTR  SNW DPTH SPD SPD DIR MIN PSBL S-S WX    SPD DR
================================================================================

 1  81  36  59   8   6   0 0.00  0.0    0  6.4 17 160   M    M   0        23 170
 2  80  35  58   7   7   0 0.00  0.0    0 12.2 32 350   M    M   0        42 340
 3  75  39  57   5   8   0 0.00  0.0    0  9.1 22 170   M    M   0        28 150
 4  80  41  61   9   4   0 0.00  0.0    0  5.8 13 210   M    M   1        17 200
 5  79  50  65  13   0   0 0.00  0.0    0  6.2 20  10   M    M   1        28 350
 6  80  48  64  12   1   0 0.00  0.0    0  6.0 26  10   M    M   7        40 360
 7  75  46  61   9   4   0 0.31    M    0 10.1 29 310   M    M   5 1      41 310
 8  76  32  54   2  11   0 0.00  0.0    0  5.3 13 330   M    M   0        20 190
 9  81  45  63  10   2   0 0.00  0.0    0  9.2 21 170   M    M   0        27 170
10  86  47  67  14   0   2 0.00  0.0    0  8.5 29 260   M    M   0        35 260
11  86  45  66  13   0   1    T  0.0    0 13.5 37 260   M    M   1        47 270
12  60  41  51  -2  14   0 0.00  0.0    0 19.1 33  20   M    M   1        47  10
13  71  37  54   0  11   0 0.00  0.0    0 13.2 23 340   M    M   0        28 340
14  75  29  52  -2  13   0    T    M    0  7.9 22 160   M    M   0        27 160
15  78  38  58   4   7   0 0.00  0.0    0  9.5 36 250   M    M   1        50 250
16  61  39  50  -4  15   0 0.00  0.0    0 15.3 31 240   M    M   1        37 220
17  61  32  47  -8  18   0 0.00  0.0    0 10.1 21 360   M    M   1        26  10
18  68  32  50  -5  15   0 0.00    M    0 13.5 31 160   M    M   0 8      41 150
19  60  44  52  -3  13   0    T    M    0 20.1 32 360   M    M   4        44  20
20  77  42  60   4   5   0 0.00  0.0    0 11.3 26  20   M    M   1        35  10
21  82  35  59   3   6   0 0.00  0.0    0  5.7 15 170   M    M   0        19 160
22  86  40  63   7   2   0 0.00  0.0    0  6.8 18 250   M    M   0        23 160
23  85  46  66  10   0   1 0.00  0.0    0  8.1 18 360   M    M   0        25 350
24  85  49  67  10   0   2 0.00  0.0    0  6.8 17 140   M    M   0        23 140
25  87  47  67  10   0   2 0.00  0.0    0  6.0 18 160   M    M   0        23 190
================================================================================
SM 1915 1015       162   8  0.31     0.0 245.7          M       24
================================================================================
AV 76.6 40.6                               9.8 FASTST   M    M   1    MAX(MPH)
                                 MISC ---->  # 37 260               # 50  250
================================================================================
NOTES:
# LAST OF SEVERAL OCCURRENCES

COLUMN 17 PEAK WIND IN M.P.H.

PRELIMINARY LOCAL CLIMATOLOGICAL DATA (WS FORM: F-6) , PAGE 2

                                          STATION:  BISHOP CA
                                          MONTH:    APRIL
                                          YEAR:     2018
                                          LATITUDE:   37 22 N
                                          LONGITUDE: 118 22 W

[TEMPERATURE DATA]      [PRECIPITATION DATA]       SYMBOLS USED IN COLUMN 16

AVERAGE MONTHLY: 58.6   TOTAL FOR MONTH:   0.31    1 = FOG OR MIST
DPTR FM NORMAL:   4.8   DPTR FM NORMAL:    0.08    2 = FOG REDUCING VISIBILITY
HIGHEST:    87 ON 25    GRTST 24HR  0.31 ON  7- 7      TO 1/4 MILE OR LESS
LOWEST:     29 ON 14                               3 = THUNDER
                        SNOW, ICE PELLETS, HAIL    4 = ICE PELLETS
                        TOTAL MONTH:   0.0 INCH    5 = HAIL
                        GRTST 24HR     0.0         6 = FREEZING RAIN OR DRIZZLE
                        GRTST DEPTH:   0           7 = DUSTSTORM OR SANDSTORM:
                                                       VSBY 1/2 MILE OR LESS
                                                   8 = SMOKE OR HAZE
[NO. OF DAYS WITH]      [WEATHER - DAYS WITH]      9 = BLOWING SNOW
                                                   X = TORNADO
MAX 32 OR BELOW:   0    0.01 INCH OR MORE:   1
MAX 90 OR ABOVE:   0    0.10 INCH OR MORE:   1
MIN 32 OR BELOW:   4    0.50 INCH OR MORE:   0
MIN  0 OR BELOW:   0    1.00 INCH OR MORE:   0

[HDD (BASE 65) ]
TOTAL THIS MO.   162    CLEAR  (SCALE 0-3)  22
DPTR FM NORMAL  -120    PTCLDY (SCALE 4-7)   3
TOTAL FM JUL 1  3543    CLOUDY (SCALE 8-10)  0
DPTR FM NORMAL  -462

[CDD (BASE 65) ]
TOTAL THIS MO.     8
DPTR FM NORMAL     8    [PRESSURE DATA]
TOTAL FM JAN 1     8    HIGHEST SLP M ON M
DPTR FM NORMAL     8    LOWEST  SLP 29.54 ON 11

[REMARKS]
