000
CXUS53 KBIS 190830
CF6BIS
PRELIMINARY LOCAL CLIMATOLOGICAL DATA (WS FORM: F-6)
STATION: BISMARCK ND
MONTH: APRIL
YEAR: 2024
LATITUDE: 46 46 N
LONGITUDE: 100 45 W
TEMPERATURE IN F: :PCPN: SNOW: WIND :SUNSHINE: SKY :PK WND
================================================================================
1 2 3 4 5 6A 6B 7 8 9 10 11 12 13 14 15 16 17 18
12Z AVG MX 2MIN
DY MAX MIN AVG DEP HDD CDD WTR SNW DPTH SPD SPD DIR MIN PSBL S-S WX SPD DR
================================================================================
1 46 25 36 -2 29 0 0.00 0.0 0 2.7 14 250 M M 6 17 260
2 51 29 40 2 25 0 0.00 0.0 0 13.7 31 320 M M 0 42 320
3 55 21 38 0 27 0 0.00 0.0 0 3.7 10 80 M M 0 16 60
4 60 25 43 4 22 0 0.00 0.0 0 9.2 17 130 M M 0 23 130
5 62 31 47 8 18 0 0.00 0.0 0 18.1 33 150 M M 0 42 130
6 66 40 53 13 12 0 0.00 0.0 0 19.9 36 120 M M 0 46 120
7 43 34 39 -1 26 0 0.17 T 0 12.0 22 60 M M 9 1 28 70
8 54 33 44 4 21 0 0.14 T 0 9.2 20 280 M M 9 1 28 280
9 65 38 52 11 13 0 0.00 0.0 0 8.8 23 250 M M 5 31 220
10 58 36 47 6 18 0 0.04 0.0 0 12.0 30 300 M M 6 1 43 290
11 57 29 43 1 22 0 0.00 0.0 0 12.5 29 320 M M 1 39 330
12 67 24 46 4 19 0 0.00 0.0 0 8.5 23 150 M M 0 32 140
13 81 37 59 17 6 0 0.00 0.0 0 7.5 21 340 M M 0 30 360
14 72 32 52 9 13 0 0.00 0.0 0 6.6 16 10 M M 1 24 10
15 69 46 58 15 7 0 0.11 0.0 0 18.0 33 90 M M 3 3 46 90
16 48 43 46 3 19 0 0.15 0.0 0 13.6 44 60 M M 10 13 62 70
17 53 36 45 1 20 0 0.00 0.0 0 18.4 31 280 M M 7 8 45 270
18 39 28 34 -10 31 0 T T 0 21.2 37 280 M M 7 51 280
================================================================================
SM 1046 587 348 0 0.61 T 215.6 M 64
================================================================================
AV 58.1 32.6 12.0 FASTST M M 4 MAX(MPH)
MISC ----> 44 60 62 70
================================================================================
NOTES:
# LAST OF SEVERAL OCCURRENCES
COLUMN 17 PEAK WIND IN M.P.H.
PRELIMINARY LOCAL CLIMATOLOGICAL DATA (WS FORM: F-6) , PAGE 2
STATION: BISMARCK ND
MONTH: APRIL
YEAR: 2024
LATITUDE: 46 46 N
LONGITUDE: 100 45 W
[TEMPERATURE DATA] [PRECIPITATION DATA] SYMBOLS USED IN COLUMN 16
AVERAGE MONTHLY: 45.4 TOTAL FOR MONTH: 0.61 1 = FOG OR MIST
DPTR FM NORMAL: 4.4 DPTR FM NORMAL: -0.11 2 = FOG REDUCING VISIBILITY
HIGHEST: 81 ON 13 GRTST 24HR 0.27 ON 7- 8 TO 1/4 MILE OR LESS
LOWEST: 21 ON 3 3 = THUNDER
SNOW, ICE PELLETS, HAIL 4 = ICE PELLETS
TOTAL MONTH: T 5 = HAIL
GRTST 24HR T ON 7- 7 6 = FREEZING RAIN OR DRIZZLE
GRTST DEPTH: 1 ON M 7 = DUSTSTORM OR SANDSTORM:
VSBY 1/2 MILE OR LESS
8 = SMOKE OR HAZE
[NO. OF DAYS WITH] [WEATHER - DAYS WITH] 9 = BLOWING SNOW
X = TORNADO
MAX 32 OR BELOW: 0 0.01 INCH OR MORE: 5
MAX 90 OR ABOVE: 0 0.10 INCH OR MORE: 4
MIN 32 OR BELOW: 9 0.50 INCH OR MORE: 0
MIN 0 OR BELOW: 0 1.00 INCH OR MORE: 0
[HDD (BASE 65) ]
TOTAL THIS MO. 348 CLEAR (SCALE 0-3) 10
DPTR FM NORMAL -88 PTCLDY (SCALE 4-7) 5
TOTAL FM JUL 1 6840 CLOUDY (SCALE 8-10) 3
DPTR FM NORMAL -1019
[CDD (BASE 65) ]
TOTAL THIS MO. 0
DPTR FM NORMAL 0 [PRESSURE DATA]
TOTAL FM JAN 1 0 HIGHEST SLP M ON M
DPTR FM NORMAL 0 LOWEST SLP 29.48 ON 16
[REMARKS]