000
CXUS51 KCAR 210600
CF6CAR
PRELIMINARY LOCAL CLIMATOLOGICAL DATA (WS FORM: F-6)

                                          STATION:   CARIBOU ME
                                          MONTH:     APRIL
                                          YEAR:      2018
                                          LATITUDE:   46 52 N
                                          LONGITUDE:  68  1 W

  TEMPERATURE IN F:       :PCPN:    SNOW:  WIND      :SUNSHINE: SKY     :PK WND
================================================================================
1   2   3   4   5  6A  6B    7    8   9   10  11  12  13   14  15   16   17  18
                                     12Z  AVG MX 2MIN
DY MAX MIN AVG DEP HDD CDD  WTR  SNW DPTH SPD SPD DIR MIN PSBL S-S WX    SPD DR
================================================================================

 1  45  26  36   4  29   0    T  0.0   20 14.3 28 250   M    M   7        39 260
 2  36  16  26  -6  39   0 0.00  0.0   18  3.9 14 310   M    M   4        19 300
 3  42  19  31  -1  34   0 0.01  0.1   17  5.0 16 210   M    M   5 8      22 240
 4  35  27  31  -2  34   0 1.00  5.2   17  7.5 16  70   M    M  10 12     22  70
 5  29  13  21 -12  44   0    T    T   21 14.9 29 250   M    M  10 8      41 250
 6  36   8  22 -12  43   0 0.03  0.9   20  9.0 20 210   M    M   4 1      27 210
 7  37  26  32  -2  33   0 0.14  1.6   22  5.5 14 300   M    M   9 128    19 290
 8  37  18  28  -7  37   0 0.00  0.0   21  7.4 17 350   M    M   2        25 340
 9  29  13  21 -14  44   0 0.00  0.0   19 11.4 25 310   M    M   1        33 310
10  39   9  24 -12  41   0 0.00  0.0   19  3.3 12 270   M    M   4        16 260
11  42  19  31  -5  34   0 0.00  0.0   19  4.0 13 140   M    M   1        16 140
12  46  26  36  -1  29   0 0.02  0.1   18  7.9 17 170   M    M   5 1      22 160
13  48  33  41   3  24   0 0.12  0.8   17  6.6 16 330   M    M   7 1      21 330
14  38  15  27 -11  38   0 0.00  0.0   15 14.3 25 320   M    M   1        37 310
15  33  12  23 -15  42   0 0.00  0.0   15  8.1 14 360   M    M   0        17 360
16  35  25  30  -9  35   0 0.32    T   14  9.2 16  90   M    M  10 6      23  80
17  44  33  39  -1  26   0 0.57  0.0   13  9.7 20  90   M    M   8 16     28  90
18  43  34  39  -1  26   0 0.02    T   11  6.7 15 250   M    M  10 1      22 250
19  47  34  41   1  24   0 0.06  0.0   11  3.7 12  10   M    M   9 1      14 350
20  44  33  39  -2  26   0 0.08  0.1    9  9.2 24  10   M    M   9 1      28  10
================================================================================
SM  785  439       682   0  2.37     8.8 161.6          M      116
================================================================================
AV 39.3 22.0                               8.1 FASTST   M    M   6    MAX(MPH)
                                 MISC ---->  # 29 250               # 41  250
================================================================================
NOTES:
# LAST OF SEVERAL OCCURRENCES

COLUMN 17 PEAK WIND IN M.P.H.

PRELIMINARY LOCAL CLIMATOLOGICAL DATA (WS FORM: F-6) , PAGE 2

                                          STATION:  CARIBOU ME
                                          MONTH:    APRIL
                                          YEAR:     2018
                                          LATITUDE:   46 52 N
                                          LONGITUDE:  68  1 W

[TEMPERATURE DATA]      [PRECIPITATION DATA]       SYMBOLS USED IN COLUMN 16

AVERAGE MONTHLY: 30.6   TOTAL FOR MONTH:   2.37    1 = FOG OR MIST
DPTR FM NORMAL:  -5.6   DPTR FM NORMAL:    0.59    2 = FOG REDUCING VISIBILITY
HIGHEST:    48 ON 13    GRTST 24HR  1.00 ON  4- 4      TO 1/4 MILE OR LESS
LOWEST:      8 ON  6                               3 = THUNDER
                        SNOW, ICE PELLETS, HAIL    4 = ICE PELLETS
                        TOTAL MONTH:   8.8 INCHES  5 = HAIL
                        GRTST 24HR   5.2 ON  4- 4  6 = FREEZING RAIN OR DRIZZLE
                        GRTST DEPTH:  22 ON  7     7 = DUSTSTORM OR SANDSTORM:
                                                       VSBY 1/2 MILE OR LESS
                                                   8 = SMOKE OR HAZE
[NO. OF DAYS WITH]      [WEATHER - DAYS WITH]      9 = BLOWING SNOW
                                                   X = TORNADO
MAX 32 OR BELOW:   2    0.01 INCH OR MORE:  11
MAX 90 OR ABOVE:   0    0.10 INCH OR MORE:   5
MIN 32 OR BELOW:  15    0.50 INCH OR MORE:   2
MIN  0 OR BELOW:   0    1.00 INCH OR MORE:   1

[HDD (BASE 65) ]
TOTAL THIS MO.   682    CLEAR  (SCALE 0-3)   5
DPTR FM NORMAL   102    PTCLDY (SCALE 4-7)   7
TOTAL FM JUL 1  8002    CLOUDY (SCALE 8-10)  8
DPTR FM NORMAL  -553

[CDD (BASE 65) ]
TOTAL THIS MO.     0
DPTR FM NORMAL     0    [PRESSURE DATA]
TOTAL FM JAN 1     0    HIGHEST SLP M ON M
DPTR FM NORMAL     0    LOWEST  SLP 29.25 ON  4

[REMARKS]
