000
CXUS53 KLSX 191600
CF6COU
PRELIMINARY LOCAL CLIMATOLOGICAL DATA (WS FORM: F-6)

                                          STATION:   COLUMBIA ASOS
                                          MONTH:     APRIL
                                          YEAR:      2018
                                          LATITUDE:   38 49 N
                                          LONGITUDE:  92 13 W

  TEMPERATURE IN F:       :PCPN:    SNOW:  WIND      :SUNSHINE: SKY     :PK WND
================================================================================
1   2   3   4   5  6A  6B    7    8   9   10  11  12  13   14  15   16   17  18
                                     12Z  AVG MX 2MIN
DY MAX MIN AVG DEP HDD CDD  WTR  SNW DPTH SPD SPD DIR MIN PSBL S-S WX    SPD DR
================================================================================

 1  35  25  30 -20  35   0 0.12  0.3    0 11.3 21  20   M    M   6 1      28 360
 2  37  23  30 -21  35   0 0.02  0.0    T  9.2 15 130   M    M  10 1      21 100
 3  60  31  46  -5  19   0    T  0.0    0 14.7 30 300   M    M  10 12     44 300
 4  42  24  33 -18  32   0 0.00  0.0    0  9.6 23 320   M    M   3        31 330
 5  68  30  49  -3  16   0 0.00  0.0    0  9.4 21 230   M    M   1        30 200
 6  52  27  40 -12  25   0    T    T    0 17.3 30  10   M    M   4        36  10
 7  43  21  32 -20  33   0 0.00  0.0    0  9.9 20 360   M    M   2        25  10
 8  41  29  35 -18  30   0 0.05  0.3    0  8.3 17 150   M    M   6 1      23 140
 9  48  31  40 -13  25   0 0.00  0.0    T  8.6 15 360   M    M   9        21 320
10  56  36  46  -7  19   0 0.00  0.0    0  5.6 14 210   M    M   8        19 200
11  78  47  63   9   2   0 0.00  0.0    0 15.8 29 200   M    M   2        36 210
12  87  56  72  18   0   7 0.00  0.0    0 14.4 25 160   M    M   0        36 170
13  77  62  70  16   0   5 0.22  0.0    0 16.2 30 190   M    M   2 13     47 180
14  62  40  51  -4  14   0 0.00  0.0    0 14.6 24 230   M    M   8 1      33 220
15  41  30  36 -19  29   0    T    T    0 17.4 26 290   M    M  10 18     35 290
16  51  29  40 -15  25   0    T    T    0 13.9 26 310   M    M   4 1      35 300
17  64  30  47  -9  18   0 0.00  0.0    0  9.4 18 100   M    M   1        25  70
18  60  37  49  -7  16   0 0.00  0.0    0 19.2 32 270   M    M   5        48 280
================================================================================
SM 1002  608       373  12  0.41     0.6 224.8          M       91
================================================================================
AV 55.7 33.8                              12.5 FASTST   M    M   5    MAX(MPH)
                                 MISC ---->  # 32 270               # 48  280
================================================================================
NOTES:
# LAST OF SEVERAL OCCURRENCES

COLUMN 17 PEAK WIND IN M.P.H.

PRELIMINARY LOCAL CLIMATOLOGICAL DATA (WS FORM: F-6) , PAGE 2

                                          STATION:  COLUMBIA ASOS
                                          MONTH:    APRIL
                                          YEAR:     2018
                                          LATITUDE:   38 49 N
                                          LONGITUDE:  92 13 W

[TEMPERATURE DATA]      [PRECIPITATION DATA]       SYMBOLS USED IN COLUMN 16

AVERAGE MONTHLY: 44.7   TOTAL FOR MONTH:   0.41    1 = FOG OR MIST
DPTR FM NORMAL:  -8.4   DPTR FM NORMAL:   -2.06    2 = FOG REDUCING VISIBILITY
HIGHEST:    87 ON 12    GRTST 24HR  0.22 ON 13-13      TO 1/4 MILE OR LESS
LOWEST:     21 ON  7                               3 = THUNDER
                        SNOW, ICE PELLETS, HAIL    4 = ICE PELLETS
                        TOTAL MONTH:   0.6 INCH    5 = HAIL
                        GRTST 24HR   0.3 ON  8- 8  6 = FREEZING RAIN OR DRIZZLE
                        GRTST DEPTH:   0           7 = DUSTSTORM OR SANDSTORM:
                                                       VSBY 1/2 MILE OR LESS
                                                   8 = SMOKE OR HAZE
[NO. OF DAYS WITH]      [WEATHER - DAYS WITH]      9 = BLOWING SNOW
                                                   X = TORNADO
MAX 32 OR BELOW:   0    0.01 INCH OR MORE:   4
MAX 90 OR ABOVE:   0    0.10 INCH OR MORE:   2
MIN 32 OR BELOW:  12    0.50 INCH OR MORE:   0
MIN  0 OR BELOW:   0    1.00 INCH OR MORE:   0

[HDD (BASE 65) ]
TOTAL THIS MO.   373    CLEAR  (SCALE 0-3)   6
DPTR FM NORMAL   150    PTCLDY (SCALE 4-7)   7
TOTAL FM JUL 1  4673    CLOUDY (SCALE 8-10)  5
DPTR FM NORMAL  -132

[CDD (BASE 65) ]
TOTAL THIS MO.    12
DPTR FM NORMAL     1    [PRESSURE DATA]
TOTAL FM JAN 1    12    HIGHEST SLP M ON M
DPTR FM NORMAL    -2    LOWEST  SLP 29.46 ON  3

[REMARKS]
