000
CXUS51 KRNK 260820 AAA
CF6DAN

PRELIMINARY LOCAL CLIMATOLOGICAL DATA (WS FORM: F-6)

                                          STATION:   DANVILLE VA
                                          MONTH:     MAY
                                          YEAR:      2018
                                          LATITUDE:   36 34 N
                                          LONGITUDE:  79 20 W

  TEMPERATURE IN F:       :PCPN:    SNOW:  WIND      :SUNSHINE: SKY     :PK WND
================================================================================
1   2   3   4   5  6A  6B    7    8   9   10  11  12  13   14  15   16   17  18
                                     12Z  AVG MX 2MIN
DY MAX MIN AVG DEP HDD CDD  WTR  SNW DPTH SPD SPD DIR MIN PSBL S-S WX    SPD DR
================================================================================

 1  82  37  60  -2   5   0 0.00  0.0    0  3.7 15 240   M    M   0        17 220
 2  85  45  65   2   0   0 0.00  0.0    0  6.2 18 230   M    M   0        25 220
 3  84  54  69   6   0   4 0.00  0.0    0  6.7 16 220   M    M   0        23 220
 4  86  55  71   8   0   6 0.00  0.0    0  7.3 16 240   M    M   0        21 230
 5  79  61  70   6   0   5 0.00  0.0    0  2.3 12  30   M    M   4        15  50
 6  78  60  69   5   0   4 0.20  0.0    0  4.4 16 360   M    M   6 13     22 350
 7  76  51  64   0   1   0 0.00  0.0    0  5.3 17  50   M    M   2        22  20
 8  77  50  64   0   1   0 0.00  0.0    0  5.1 16  50   M    M   1 1      22  60
 9  80  48  64   0   1   0 0.00  0.0    0  1.8  8  40   M    M   0 1      11  40
10  87  55  71   6   0   6 0.03  0.0    0  6.9 35 260   M    M   1 3      53 270
11  88  55  72   7   0   7 0.00  0.0    0  3.7 14  10   M    M   1 13     18 360
12  90  59  75  10   0  10 0.00  0.0    0  4.3 14 230   M    M   0        18 240
13  90  62  76  10   0  11 0.00  0.0    0  3.6 10 200   M    M   0        19 230
14  91  63  77  11   0  12 0.00  0.0    0  4.0 12 230   M    M   0 1      16 230
15  87  66  77  11   0  12    T  0.0    0  5.8 14 220   M    M   3        22 220
16  80  67  74   8   0   9 0.72  0.0    0  3.3 16 310   M    M   5 138    21 310
17  78  67  73   7   0   8 0.03  0.0    0  2.6  9 240   M    M   6        15 130
18  75  67  71   4   0   6 3.96  0.0    0  5.0 13 360   M    M  10 13     17  50
19  79  68  74   7   0   9 0.40  0.0    0  3.2 10 180   M    M   8 1      18 170
20  85  68  77  10   0  12 0.07  0.0    0  5.4 10 250   M    M   5 1      14 240
21  84  63  74   6   0   9 0.18  0.0    0  3.2 17 220   M    M   4 13     24 220
22  85  66  76   8   0  11    T  0.0    0  4.2 15 230   M    M   5 1      19 230
23  88  66  77   9   0  12    T  0.0    0  5.1 13 240   M    M   2        15 240
24  83  62  73   5   0   8 0.00  0.0    0  6.0 15  50   M    M   3        19  50
25  83  60  72   3   0   7 0.00  0.0    0  4.2 12 220   M    M   5        18 210
================================================================================
SM 2080 1475         8 168  5.59     0.0 113.3          M       71
================================================================================
AV 83.2 59.0                               4.5 FASTST   M    M   3    MAX(MPH)
                                 MISC ---->  # 35 260               # 53  270
================================================================================
NOTES:
# LAST OF SEVERAL OCCURRENCES

COLUMN 17 PEAK WIND IN M.P.H.

PRELIMINARY LOCAL CLIMATOLOGICAL DATA (WS FORM: F-6) , PAGE 2

                                          STATION:  DANVILLE VA
                                          MONTH:    MAY
                                          YEAR:     2018
                                          LATITUDE:   36 34 N
                                          LONGITUDE:  79 20 W

[TEMPERATURE DATA]      [PRECIPITATION DATA]       SYMBOLS USED IN COLUMN 16

AVERAGE MONTHLY: 71.1   TOTAL FOR MONTH:   5.59    1 = FOG OR MIST
DPTR FM NORMAL:   5.6   DPTR FM NORMAL:    2.55    2 = FOG REDUCING VISIBILITY
HIGHEST:    91 ON 14    GRTST 24HR  3.96 ON 18-18      TO 1/4 MILE OR LESS
LOWEST:     37 ON  1                               3 = THUNDER
                        SNOW, ICE PELLETS, HAIL    4 = ICE PELLETS
                        TOTAL MONTH:   0.0 INCH    5 = HAIL
                        GRTST 24HR     0.0         6 = FREEZING RAIN OR DRIZZLE
                        GRTST DEPTH:   0           7 = DUSTSTORM OR SANDSTORM:
                                                       VSBY 1/2 MILE OR LESS
                                                   8 = SMOKE OR HAZE
[NO. OF DAYS WITH]      [WEATHER - DAYS WITH]      9 = BLOWING SNOW
                                                   X = TORNADO
MAX 32 OR BELOW:   0    0.01 INCH OR MORE:   8
MAX 90 OR ABOVE:   3    0.10 INCH OR MORE:   5
MIN 32 OR BELOW:   0    0.50 INCH OR MORE:   2
MIN  0 OR BELOW:   0    1.00 INCH OR MORE:   1

[HDD (BASE 65) ]
TOTAL THIS MO.     8    CLEAR  (SCALE 0-3)  14
DPTR FM NORMAL   -55    PTCLDY (SCALE 4-7)  10
TOTAL FM JUL 1  3595    CLOUDY (SCALE 8-10)  1
DPTR FM NORMAL  -211

[CDD (BASE 65) ]
TOTAL THIS MO.   168
DPTR FM NORMAL    91    [PRESSURE DATA]
TOTAL FM JAN 1   183    HIGHEST SLP M ON M
DPTR FM NORMAL    72    LOWEST  SLP 29.82 ON  6

[REMARKS]
DUE TO MISSING DATA ON JANUARY 4-9, JANUARY 21-22, MARCH 2-3, AND
APRIL 26-27, ALL INFORMATION WILL BE CALCULATED WITHOUT DATA
FROM THESE DATES.
