000
CXUS51 KCLE 260800
CF6ERI
PRELIMINARY LOCAL CLIMATOLOGICAL DATA (WS FORM: F-6)

                                          STATION:   ERIE PA
                                          MONTH:     APRIL
                                          YEAR:      2018
                                          LATITUDE:   42  4 N
                                          LONGITUDE:  80 11 W

  TEMPERATURE IN F:       :PCPN:    SNOW:  WIND      :SUNSHINE: SKY     :PK WND
================================================================================
1   2   3   4   5  6A  6B    7    8   9   10  11  12  13   14  15   16   17  18
                                     12Z  AVG MX 2MIN
DY MAX MIN AVG DEP HDD CDD  WTR  SNW DPTH SPD SPD DIR MIN PSBL S-S WX    SPD DR
================================================================================

 1  43  31  37  -5  28   0 0.04    T    0  8.0 22 280   M    M   5 1      32 270
 2  38  30  34  -8  31   0 0.00  0.0    0  4.8 12 330   M    M   3        15 310
 3  61  36  49   7  16   0 0.35  0.0    0  8.6 39 200   M    M   9 138    54 200
 4  61  29  45   2  20   0 0.38  0.5    0 20.8 37 250   M    M  10 128    57 260
 5  36  27  32 -11  33   0    T    T    1 11.2 21 280   M    M   6 8      30 270
 6  43  30  37  -7  28   0 0.07  0.7    1 14.3 29 210   M    M  10 1      36 250
 7  33  27  30 -14  35   0 0.00  0.0    0  8.5 20 310   M    M   5        28 320
 8  35  26  31 -13  34   0    T    T    0  7.7 16 270   M    M   8        20 290
 9  38  25  32 -13  33   0    T    T    0  4.0 13  20   M    M   6 8      15  20
10  42  26  34 -11  31   0    T    T    0  6.4 14 280   M    M   5 8      18 310
11  50  32  41  -5  24   0    T  0.0    0 11.4 24 200   M    M   7        31 200
12  74  44  59  13   6   0 0.10  0.0    0 13.3 30 210   M    M   8        43 250
13  57  39  48   2  17   0 0.09  0.0    0  9.5 20  50   M    M   6 18     25  30
14  41  32  37 -10  28   0 0.09  0.0    0 22.9 36  50   M    M  10 16     47  50
15  56  32  44  -3  21   0 0.45    M    0 14.5 30  50   M    M   9 16     37 140
16  47  34  41  -6  24   0 0.52  0.2    0 15.4 24 270   M    M  10 18     37 250
17  36  31  34 -14  31   0 0.46  4.6    1 13.8 26 270   M    M  10 128    35 260
18  37  34  36 -12  29   0 0.02    M    0  8.2 15 270   M    M   9        21 280
19  39  33  36 -12  29   0 0.01    T    T 11.2 22 290   M    M   8 18     34 270
20  45  31  38 -11  27   0 0.00  0.0    0  9.8 16 260   M    M   0        21 260
21  50  28  39 -10  26   0 0.00  0.0    0  3.0  9 350   M    M   0        15  10
22  58  30  44  -6  21   0 0.00  0.0    0  9.4 21  40   M    M   0        27  40
23  75  49  62  12   3   0 0.00  0.0    0 12.5 21 160   M    M   0        26 160
24  63  52  58   8   7   0 0.12  0.0    0 10.1 24 170   M    M   9 1      32 140
25  54  39  47  -4  18   0 0.26  0.0    0  8.5 17 250   M    M  10 12     24 240
================================================================================
SM 1212  827       600   0  2.96     6.0 267.8          M      163
================================================================================
AV 48.5 33.1                              10.7 FASTST   M    M   7    MAX(MPH)
                                 MISC ---->  # 39 200               # 57  260
================================================================================
NOTES:
# LAST OF SEVERAL OCCURRENCES

COLUMN 17 PEAK WIND IN M.P.H.

PRELIMINARY LOCAL CLIMATOLOGICAL DATA (WS FORM: F-6) , PAGE 2

                                          STATION:  ERIE PA
                                          MONTH:    APRIL
                                          YEAR:     2018
                                          LATITUDE:   42  4 N
                                          LONGITUDE:  80 11 W

[TEMPERATURE DATA]      [PRECIPITATION DATA]       SYMBOLS USED IN COLUMN 16

AVERAGE MONTHLY: 40.8   TOTAL FOR MONTH:   2.96    1 = FOG OR MIST
DPTR FM NORMAL:  -5.5   DPTR FM NORMAL:    0.15    2 = FOG REDUCING VISIBILITY
HIGHEST:    75 ON 23    GRTST 24HR  0.52 ON 16-16      TO 1/4 MILE OR LESS
LOWEST:     25 ON  9                               3 = THUNDER
                        SNOW, ICE PELLETS, HAIL    4 = ICE PELLETS
                        TOTAL MONTH:   6.0 INCHES  5 = HAIL
                        GRTST 24HR   4.6 ON 17-17  6 = FREEZING RAIN OR DRIZZLE
                        GRTST DEPTH:   1 ON 17, 6  7 = DUSTSTORM OR SANDSTORM:
                                                       VSBY 1/2 MILE OR LESS
                                                   8 = SMOKE OR HAZE
[NO. OF DAYS WITH]      [WEATHER - DAYS WITH]      9 = BLOWING SNOW
                                                   X = TORNADO
MAX 32 OR BELOW:   0    0.01 INCH OR MORE:  14
MAX 90 OR ABOVE:   0    0.10 INCH OR MORE:   8
MIN 32 OR BELOW:  16    0.50 INCH OR MORE:   1
MIN  0 OR BELOW:   0    1.00 INCH OR MORE:   0

[HDD (BASE 65) ]
TOTAL THIS MO.   600    CLEAR  (SCALE 0-3)   5
DPTR FM NORMAL   126    PTCLDY (SCALE 4-7)  10
TOTAL FM JUL 1  5801    CLOUDY (SCALE 8-10) 10
DPTR FM NORMAL    51

[CDD (BASE 65) ]
TOTAL THIS MO.     0
DPTR FM NORMAL     0    [PRESSURE DATA]
TOTAL FM JAN 1     2    HIGHEST SLP M ON M
DPTR FM NORMAL     1    LOWEST  SLP 29.39 ON  4

[REMARKS]
