000
CXUS52 KRAH 260845
CF6FAY
PRELIMINARY LOCAL CLIMATOLOGICAL DATA (WS FORM: F-6)
STATION: FAYETTEVILLE NC
MONTH: APRIL
YEAR: 2024
LATITUDE: 35 0 N
LONGITUDE: 78 53 W
TEMPERATURE IN F: :PCPN: SNOW: WIND :SUNSHINE: SKY :PK WND
================================================================================
1 2 3 4 5 6A 6B 7 8 9 10 11 12 13 14 15 16 17 18
12Z AVG MX 2MIN
DY MAX MIN AVG DEP HDD CDD WTR SNW DPTH SPD SPD DIR MIN PSBL S-S WX SPD DR
================================================================================
1 82 62 72 13 0 7 0.00 M M 9.5 17 220 M M 0 22 220
2 86 66 76 17 0 11 0.00 M M 13.3 25 210 M M 0 34 210
3 76 56 66 7 0 1 0.68 M M 15.2 30 260 M M 4 1 41 260
4 62 45 54 -6 11 0 0.00 M M 11.8 26 260 M M 3 35 280
5 65 41 53 -7 12 0 0.00 M M 9.7 22 280 M M 4 31 320
6 64 42 53 -7 12 0 0.00 M M 8.8 15 340 M M 1 29 340
7 69 39 54 -6 11 0 0.00 M M 4.7 13 10 M M 0 17 360
8 76 43 60 -1 5 0 0.00 M M 6.9 16 200 M M 0 22 210
9 71 55 63 2 2 0 0.00 M M 7.8 18 270 M M 6 23 260
10 80 59 70 9 0 5 0.00 M M 7.4 16 160 M M 6 23 210
11 76 62 69 7 0 4 0.08 M M 15.5 29 150 M M 7 1 45 130
12 74 52 63 1 2 0 0.17 M M 16.1 40 280 M M 4 3 59 280
13 75 49 62 0 3 0 0.00 M 0 11.6 25 290 M M 0 36 280
14 82 43 63 1 2 0 0.00 M M 7.3 20 210 M M 0 26 200
15 89 56 73 10 0 8 0.00 M M 8.8 20 220 M M 0 26 230
16 88 62 75 12 0 10 0.00 M M 7.0 18 110 M M 1 23 110
17 82 58 70 7 0 5 0.00 M M 8.1 16 190 M M 1 23 240
18 89 63 76 12 0 11 0.00 M M 6.7 15 330 M M 0 8 24 280
19 78 57 68 4 0 3 T M M 5.1 15 260 M M 5 1 18 270
20 83 65 74 10 0 9 0.60 M M 3.1 18 190 M M 8 13 24 190
21 67 51 59 -5 6 0 0.41 M M 8.7 20 20 M M 9 1 27 10
22 63 43 53 -12 12 0 0.00 M M 8.6 17 10 M M 2 27 360
23 72 39 56 -9 9 0 0.00 M M 6.9 18 200 M M 0 22 200
24 78 51 65 0 0 0 0.00 M M 8.1 18 360 M M 3 25 250
25 80 51 66 0 0 1 0.00 M M 5.3 13 20 M M 2 19 60
================================================================================
SM 1907 1310 87 75 1.94 M 222.0 M 66
================================================================================
AV 76.3 52.4 8.9 FASTST M M 3 MAX(MPH)
MISC ----> 40 280 59 280
================================================================================
NOTES:
# LAST OF SEVERAL OCCURRENCES
COLUMN 17 PEAK WIND IN M.P.H.
PRELIMINARY LOCAL CLIMATOLOGICAL DATA (WS FORM: F-6) , PAGE 2
STATION: FAYETTEVILLE NC
MONTH: APRIL
YEAR: 2024
LATITUDE: 35 0 N
LONGITUDE: 78 53 W
[TEMPERATURE DATA] [PRECIPITATION DATA] SYMBOLS USED IN COLUMN 16
AVERAGE MONTHLY: 64.3 TOTAL FOR MONTH: 1.94 1 = FOG OR MIST
DPTR FM NORMAL: 2.2 DPTR FM NORMAL: -0.73 2 = FOG REDUCING VISIBILITY
HIGHEST: 89 ON 18,15 GRTST 24HR 0.82 ON 20-21 TO 1/4 MILE OR LESS
LOWEST: 39 ON 23, 7 3 = THUNDER
SNOW, ICE PELLETS, HAIL 4 = ICE PELLETS
TOTAL MONTH: M 5 = HAIL
GRTST 24HR M ON M 6 = FREEZING RAIN OR DRIZZLE
GRTST DEPTH: 0 7 = DUSTSTORM OR SANDSTORM:
VSBY 1/2 MILE OR LESS
8 = SMOKE OR HAZE
[NO. OF DAYS WITH] [WEATHER - DAYS WITH] 9 = BLOWING SNOW
X = TORNADO
MAX 32 OR BELOW: 0 0.01 INCH OR MORE: 5
MAX 90 OR ABOVE: 0 0.10 INCH OR MORE: 4
MIN 32 OR BELOW: 0 0.50 INCH OR MORE: 2
MIN 0 OR BELOW: 0 1.00 INCH OR MORE: 0
[HDD (BASE 65) ]
TOTAL THIS MO. 87 CLEAR (SCALE 0-3) 16
DPTR FM NORMAL -37 PTCLDY (SCALE 4-7) 7
TOTAL FM JUL 1 2171 CLOUDY (SCALE 8-10) 2
DPTR FM NORMAL -525
[CDD (BASE 65) ]
TOTAL THIS MO. 75
DPTR FM NORMAL 25 [PRESSURE DATA]
TOTAL FM JAN 1 94 HIGHEST SLP M ON M
DPTR FM NORMAL 23 LOWEST SLP 29.29 ON 3
[REMARKS]