000
CXUS53 KGRR 190910
CF6GRR
PRELIMINARY LOCAL CLIMATOLOGICAL DATA (WS FORM: F-6)
STATION: GRAND RAPIDS
MONTH: APRIL
YEAR: 2024
LATITUDE: 42 52 N
LONGITUDE: 85 31 W
TEMPERATURE IN F: :PCPN: SNOW: WIND :SUNSHINE: SKY :PK WND
================================================================================
1 2 3 4 5 6A 6B 7 8 9 10 11 12 13 14 15 16 17 18
12Z AVG MX 2MIN
DY MAX MIN AVG DEP HDD CDD WTR SNW DPTH SPD SPD DIR MIN PSBL S-S WX SPD DR
================================================================================
1 52 35 44 2 21 0 0.22 0.0 0 12.7 21 70 M M 6 1 28 60
2 47 37 42 0 23 0 0.32 0.0 0 17.3 26 90 M M 10 1 35 210
3 45 35 40 -2 25 0 0.06 T 0 12.1 23 180 M M 9 1 30 220
4 45 35 40 -3 25 0 0.16 0.0 0 8.6 17 10 M M 9 1 23 40
5 50 36 43 0 22 0 0.00 0.0 0 9.0 18 20 M M 6 24 10
6 59 31 45 1 20 0 0.00 0.0 0 4.1 15 290 M M 1 19 260
7 59 34 47 3 18 0 0.05 0.0 0 11.6 24 110 M M 5 31 110
8 71 42 57 13 8 0 T 0.0 0 10.9 26 250 M M 2 36 250
9 66 43 55 10 10 0 0.00 0.0 0 12.3 25 260 M M 3 33 250
10 67 35 51 6 14 0 0.00 0.0 0 4.8 13 200 M M 6 16 230
11 56 46 51 5 14 0 0.61 0.0 0 11.4 18 340 M M 9 1 26 330
12 57 45 51 5 14 0 0.12 0.0 0 18.9 38 320 M M 8 1 53 320
13 58 42 50 4 15 0 0.00 0.0 0 11.3 21 260 M M 1 29 310
14 76 47 62 15 3 0 0.00 0.0 0 12.1 22 290 M M 1 32 240
15 72 46 59 12 6 0 0.00 0.0 0 6.5 22 40 M M 1 29 40
16 72 46 59 11 6 0 T 0.0 0 16.9 30 90 M M 6 38 100
17 69 51 60 12 5 0 0.43 0.0 0 15.8 35 250 M M 7 13 45 250
18 55 47 51 2 14 0 0.07 0.0 0 8.4 18 270 M M 9 1 28 270
================================================================================
SM 1076 733 263 0 2.04 T 204.7 M 99
================================================================================
AV 59.8 40.7 11.4 FASTST M M 6 MAX(MPH)
MISC ----> 38 320 53 320
================================================================================
NOTES:
# LAST OF SEVERAL OCCURRENCES
COLUMN 17 PEAK WIND IN M.P.H.
PRELIMINARY LOCAL CLIMATOLOGICAL DATA (WS FORM: F-6) , PAGE 2
STATION: GRAND RAPIDS
MONTH: APRIL
YEAR: 2024
LATITUDE: 42 52 N
LONGITUDE: 85 31 W
[TEMPERATURE DATA] [PRECIPITATION DATA] SYMBOLS USED IN COLUMN 16
AVERAGE MONTHLY: 50.3 TOTAL FOR MONTH: 2.04 1 = FOG OR MIST
DPTR FM NORMAL: 5.2 DPTR FM NORMAL: -0.30 2 = FOG REDUCING VISIBILITY
HIGHEST: 76 ON 14 GRTST 24HR 0.72 ON 11-12 TO 1/4 MILE OR LESS
LOWEST: 31 ON 6 3 = THUNDER
SNOW, ICE PELLETS, HAIL 4 = ICE PELLETS
TOTAL MONTH: T 5 = HAIL
GRTST 24HR T ON 3- 3 6 = FREEZING RAIN OR DRIZZLE
GRTST DEPTH: 0 7 = DUSTSTORM OR SANDSTORM:
VSBY 1/2 MILE OR LESS
8 = SMOKE OR HAZE
[NO. OF DAYS WITH] [WEATHER - DAYS WITH] 9 = BLOWING SNOW
X = TORNADO
MAX 32 OR BELOW: 0 0.01 INCH OR MORE: 9
MAX 90 OR ABOVE: 0 0.10 INCH OR MORE: 6
MIN 32 OR BELOW: 1 0.50 INCH OR MORE: 1
MIN 0 OR BELOW: 0 1.00 INCH OR MORE: 0
[HDD (BASE 65) ]
TOTAL THIS MO. 263 CLEAR (SCALE 0-3) 6
DPTR FM NORMAL -97 PTCLDY (SCALE 4-7) 6
TOTAL FM JUL 1 5091 CLOUDY (SCALE 8-10) 6
DPTR FM NORMAL -885
[CDD (BASE 65) ]
TOTAL THIS MO. 0
DPTR FM NORMAL 0 [PRESSURE DATA]
TOTAL FM JAN 1 0 HIGHEST SLP M ON M
DPTR FM NORMAL -1 LOWEST SLP 29.19 ON 3
[REMARKS]