000
CXUS51 KLWX 210620
CF6HGR
PRELIMINARY LOCAL CLIMATOLOGICAL DATA (WS FORM: F-6)

                                          STATION:   HAGERSTOWN MD
                                          MONTH:     APRIL
                                          YEAR:      2018
                                          LATITUDE:   39 42 N
                                          LONGITUDE:  77 43 W

  TEMPERATURE IN F:       :PCPN:    SNOW:  WIND      :SUNSHINE: SKY     :PK WND
================================================================================
1   2   3   4   5  6A  6B    7    8   9   10  11  12  13   14  15   16   17  18
                                     12Z  AVG MX 2MIN
DY MAX MIN AVG DEP HDD CDD  WTR  SNW DPTH SPD SPD DIR MIN PSBL S-S WX    SPD DR
================================================================================

 1  59  46  53   5  12   0 0.02    M    M  9.7 23 290   M    M   7 1      29 320
 2  48  34  41  -7  24   0 0.51    M    M  6.3 16  20   M    M  10 1      21 350
 3  51  42  47  -1  18   0 0.41    M    M  9.5 16 170   M    M   7 1      22 160
 4  58  36  47  -2  18   0 0.05    M    M 19.5 44 280   M    M   7 1      53 290
 5  49  30  40  -9  25   0 0.00    M    M 11.7 31 300   M    M   6        41 310
 6  67  38  53   3  12   0 0.00    M    M  9.5 23 330   M    M   7        30 270
 7  48  31  40 -10  25   0 0.00    M    M 10.9 24 320   M    M   7        31 330
 8  47  27  37 -13  28   0 0.00    M    M  9.8 24 320   M    M   2        37 300
 9  37  32  35 -16  30   0 0.01    M    M  3.4 12 160   M    M   9 1      14 170
10  51  33  42  -9  23   0 0.00    M    M  6.8 21 300   M    M   5 12     26 300
11  57  35  46  -5  19   0 0.00    M    M  5.5 16 220   M    M   7        22 220
12  78  41  60   8   5   0 0.01    M    M  9.9 29 190   M    M   4        37 190
13  86  60  73  21   0   8 0.00    M    M 12.0 23 180   M    M   1        28 180
14  85  59  72  20   0   7 0.00    M    M 11.8 22 140   M    M   0        26 160
15  72  41  57   4   8   0 1.20    M    M 14.3 23  80   M    M   7 18     31  70
16  50  40  45  -8  20   0 1.19    M    M 13.9 28 290   M    M  10 1      33 280
17  44  37  41 -12  24   0 0.00    M    M 13.8 28 290   M    M  10        37 280
18  58  32  45  -9  20   0 0.00    M    M  5.3 15 300   M    M   5        19 290
19  53  37  45  -9  20   0 0.09    M    M 15.0 33 300   M    M   8 18     41 290
20  58  33  46  -8  19   0 0.00    M    M 12.4 24 310   M    M   0        30 320
================================================================================
SM 1156  764       350  15  3.49    M    211.0          M      119
================================================================================
AV 57.8 38.2                              10.6 FASTST   M    M   6    MAX(MPH)
                                 MISC ---->  # 44 280               # 53  290
================================================================================
NOTES:
# LAST OF SEVERAL OCCURRENCES

COLUMN 17 PEAK WIND IN M.P.H.

PRELIMINARY LOCAL CLIMATOLOGICAL DATA (WS FORM: F-6) , PAGE 2

                                          STATION:  HAGERSTOWN MD
                                          MONTH:    APRIL
                                          YEAR:     2018
                                          LATITUDE:   39 42 N
                                          LONGITUDE:  77 43 W

[TEMPERATURE DATA]      [PRECIPITATION DATA]       SYMBOLS USED IN COLUMN 16

AVERAGE MONTHLY: 48.0   TOTAL FOR MONTH:   3.49    1 = FOG OR MIST
DPTR FM NORMAL:  -3.1   DPTR FM NORMAL:    1.04    2 = FOG REDUCING VISIBILITY
HIGHEST:    86 ON 13    GRTST 24HR  1.20 ON 15-15      TO 1/4 MILE OR LESS
LOWEST:     27 ON  8                               3 = THUNDER
                        SNOW, ICE PELLETS, HAIL    4 = ICE PELLETS
                        TOTAL MONTH:    M          5 = HAIL
                        GRTST 24HR    M  ON   M    6 = FREEZING RAIN OR DRIZZLE
                        GRTST DEPTH:  M  ON   M    7 = DUSTSTORM OR SANDSTORM:
                                                       VSBY 1/2 MILE OR LESS
                                                   8 = SMOKE OR HAZE
[NO. OF DAYS WITH]      [WEATHER - DAYS WITH]      9 = BLOWING SNOW
                                                   X = TORNADO
MAX 32 OR BELOW:   0    0.01 INCH OR MORE:   9
MAX 90 OR ABOVE:   0    0.10 INCH OR MORE:   4
MIN 32 OR BELOW:   5    0.50 INCH OR MORE:   3
MIN  0 OR BELOW:   0    1.00 INCH OR MORE:   2

[HDD (BASE 65) ]
TOTAL THIS MO.   350    CLEAR  (SCALE 0-3)   4
DPTR FM NORMAL    65    PTCLDY (SCALE 4-7)  12
TOTAL FM JUL 1  4581    CLOUDY (SCALE 8-10)  4
DPTR FM NORMAL  -336

[CDD (BASE 65) ]
TOTAL THIS MO.    15
DPTR FM NORMAL    13    [PRESSURE DATA]
TOTAL FM JAN 1    20    HIGHEST SLP M ON M
DPTR FM NORMAL    17    LOWEST  SLP 29.45 ON 16

[REMARKS]
