000
CXHW50 PHFO 271250
CF6HNL
PRELIMINARY LOCAL CLIMATOLOGICAL DATA (WS FORM: F-6)

                                          STATION:   HONOLULU HI
                                          MONTH:     MAY
                                          YEAR:      2018
                                          LATITUDE:   21 21 N
                                          LONGITUDE: 157 56 W

  TEMPERATURE IN F:       :PCPN:    SNOW:  WIND      :SUNSHINE: SKY     :PK WND
================================================================================
1   2   3   4   5  6A  6B    7    8   9   10  11  12  13   14  15   16   17  18
                                     12Z  AVG MX 2MIN
DY MAX MIN AVG DEP HDD CDD  WTR  SNW DPTH SPD SPD DIR MIN PSBL S-S WX    SPD DR
================================================================================

 1  81  65  73  -4   0   8    T  0.0    M  6.2 13  50   M    M   M        27 180
 2  78  67  73  -4   0   8 0.21  0.0    M  4.1 10 220   M    M   M        15 350
 3  83  73  78   1   0  13    T  0.0    M  9.8 24 330   M    M   M        31 330
 4  85  72  79   2   0  14 0.00  0.0    M  7.2 15  60   M    M   M        20  30
 5  85  72  79   2   0  14    T  0.0    M  6.9 14  40   M    M   M        17  40
 6  84  70  77   0   0  12 0.00  0.0    M 11.0 21  50   M    M   M        28  60
 7  80  71  76  -1   0  11 0.00  0.0    M 13.5 24  50   M    M   M        33  60
 8  80  70  75  -2   0  10 0.00  0.0    M 13.5 24  60   M    M   M        33  60
 9  84  70  77   0   0  12 0.00  0.0    M 10.4 20  60   M    M   M        26  20
10  86  71  79   2   0  14 0.00  0.0    M  6.4 17 140   M    M   M        23 100
11  84  71  78   1   0  13 0.00  0.0    M  6.5 15  70   M    M   M        18  60
12  85  75  80   3   0  15    T  0.0    M 10.9 20  60   M    M   M        28  20
13  86  75  81   4   0  16 0.00  0.0    M 12.2 22  70   M    M   M        32  70
14  83  72  78   0   0  13    T  0.0    M 10.6 23  50   M    M   M        31  60
15  85  73  79   1   0  14    T  0.0    M  7.7 21  30   M    M   M        27  50
16  85  70  78   0   0  13    T  0.0    M  7.1 16 150   M    M   M        20  40
17  88  73  81   3   0  16    T  0.0    M 11.3 24  70   M    M   M        31  60
18  87  77  82   4   0  17    T  0.0    M 14.2 24  80   M    M   M        32  70
19  86  76  81   3   0  16 0.00  0.0    M 17.5 31  70   M    M   M        40  70
20  87  75  81   3   0  16 0.00  0.0    M 15.5 29  40   M    M   M        37  50
21  85  75  80   2   0  15    T  0.0    M 14.3 25  70   M    M   M        34  70
22  84  74  79   1   0  14    T  0.0    M 11.8 21  70   M    M   M        27  50
23  85  74  80   2   0  15    T  0.0    M 14.2 25  80   M    M   M        31  70
24  86  74  80   2   0  15    T  0.0    M 15.6 28  70   M    M   M        35  70
25  85  75  80   1   0  15    T  0.0    M 14.1 23  70   M    M   M        28  70
26  85  74  80   1   0  15    T  0.0    M 11.3 25  70   M    M   M        29  70
================================================================================
SM 2192 1884         0 354  0.21     0.0 283.8          M        M
================================================================================
AV 84.3 72.5                              10.9 FASTST   M    M   0    MAX(MPH)
                                 MISC ---->  # 31  70               # 40   70
================================================================================
NOTES:
# LAST OF SEVERAL OCCURRENCES

COLUMN 17 PEAK WIND IN M.P.H.

PRELIMINARY LOCAL CLIMATOLOGICAL DATA (WS FORM: F-6) , PAGE 2

                                          STATION:  HONOLULU HI
                                          MONTH:    MAY
                                          YEAR:     2018
                                          LATITUDE:   21 21 N
                                          LONGITUDE: 157 56 W

[TEMPERATURE DATA]      [PRECIPITATION DATA]       SYMBOLS USED IN COLUMN 16

AVERAGE MONTHLY: 78.4   TOTAL FOR MONTH:   0.21    1 = FOG OR MIST
DPTR FM NORMAL:   0.8   DPTR FM NORMAL:   -0.34    2 = FOG REDUCING VISIBILITY
HIGHEST:    88 ON 17    GRTST 24HR  0.21 ON  2- 2      TO 1/4 MILE OR LESS
LOWEST:     65 ON  1                               3 = THUNDER
                        SNOW, ICE PELLETS, HAIL    4 = ICE PELLETS
                        TOTAL MONTH:   0.0 INCH    5 = HAIL
                        GRTST 24HR     0.0         6 = FREEZING RAIN OR DRIZZLE
                        GRTST DEPTH:  M  ON   M    7 = DUSTSTORM OR SANDSTORM:
                                                       VSBY 1/2 MILE OR LESS
                                                   8 = SMOKE OR HAZE
[NO. OF DAYS WITH]      [WEATHER - DAYS WITH]      9 = BLOWING SNOW
                                                   X = TORNADO
MAX 32 OR BELOW:   0    0.01 INCH OR MORE:   1
MAX 90 OR ABOVE:   0    0.10 INCH OR MORE:   1
MIN 32 OR BELOW:   0    0.50 INCH OR MORE:   0
MIN  0 OR BELOW:   0    1.00 INCH OR MORE:   0

[HDD (BASE 65) ]
TOTAL THIS MO.     0    CLEAR  (SCALE 0-3)   0
DPTR FM NORMAL     0    PTCLDY (SCALE 4-7)   0
TOTAL FM JUL 1     0    CLOUDY (SCALE 8-10)  0
DPTR FM NORMAL     0

[CDD (BASE 65) ]
TOTAL THIS MO.   354
DPTR FM NORMAL    28    [PRESSURE DATA]
TOTAL FM JAN 1  1708    HIGHEST SLP M ON M
DPTR FM NORMAL   275    LOWEST  SLP 29.97 ON 15

[REMARKS]
