000
CXUS55 KPSR 201005
CF6IPL
PRELIMINARY LOCAL CLIMATOLOGICAL DATA (WS FORM: F-6)

                                          STATION:   IMPERIAL CA
                                          MONTH:     MAY
                                          YEAR:      2018
                                          LATITUDE:   32 50 N
                                          LONGITUDE: 115 35 W

  TEMPERATURE IN F:       :PCPN:    SNOW:  WIND      :SUNSHINE: SKY     :PK WND
================================================================================
1   2   3   4   5  6A  6B    7    8   9   10  11  12  13   14  15   16   17  18
                                     12Z  AVG MX 2MIN
DY MAX MIN AVG DEP HDD CDD  WTR  SNW DPTH SPD SPD DIR MIN PSBL S-S WX    SPD DR
================================================================================

 1  73  56  65  -9   0   0 0.00  0.0    0 20.7 30 260   M    M   0        40 260
 2  76  53  65 -10   0   0 0.00  0.0    0 11.2 21 240   M    M   3        24 270
 3  86  52  69  -6   0   4 0.00  0.0    0  4.5  9 220   M    M   0        12 270
 4  97  58  78   3   0  13 0.00  0.0    0  5.3 10 260   M    M   0        14  50
 5 103  63  83   7   0  18 0.00  0.0    0  4.9  9 110   M    M   0 8      13  50
 6 106  65  86  10   0  21 0.00  0.0    0  7.6 16 260   M    M   0        22 250
 7 102  71  87  11   0  22 0.00  0.0    0  7.7 13 260   M    M   0        16  90
 8 104  65  85   9   0  20 0.00  0.0    0  5.2 10 250   M    M   0        16  90
 9 105  67  86   9   0  21 0.00  0.0    0  5.8 16 120   M    M   0 8      21  60
10 106  68  87  10   0  22 0.00  0.0    0 10.9 29 280   M    M   0        38 270
11  94  67  81   4   0  16 0.00  0.0    0 16.6 38 290   M    M   0 8      46 290
12  85  61  73  -5   0   8 0.00  0.0    0 15.0 29 280   M    M   0        37 280
13  88  57  73  -5   0   8 0.00  0.0    0  8.7 17 280   M    M   0        23 270
14  91  61  76  -2   0  11 0.00  0.0    0  7.3 21 270   M    M   0 8      26 260
15  94  61  78   0   0  13 0.00  0.0    0  7.4 13 280   M    M   0         M  M
16  99  61  80   1   0  15 0.00  0.0    0  7.8 17 260   M    M   0 8      25 260
17  94  64  79   0   0  14 0.00  0.0    0 16.2 28 260   M    M   0        35 260
18  93  61  77  -2   0  12 0.00  0.0    0  8.1 16 260   M    M   0        22 260
19  97  63  80   0   0  15 0.00  0.0    0  6.8 15 210   M    M   0        21 210
================================================================================
SM 1793 1174         0 253  0.00     0.0 177.7          M        3
================================================================================
AV 94.4 61.8                               9.4 FASTST   M    M   0    MAX(MPH)
                                 MISC ---->  # 38 290               # 46  290
================================================================================
NOTES:
# LAST OF SEVERAL OCCURRENCES

COLUMN 17 PEAK WIND IN M.P.H.

PRELIMINARY LOCAL CLIMATOLOGICAL DATA (WS FORM: F-6) , PAGE 2

                                          STATION:  IMPERIAL CA
                                          MONTH:    MAY
                                          YEAR:     2018
                                          LATITUDE:   32 50 N
                                          LONGITUDE: 115 35 W

[TEMPERATURE DATA]      [PRECIPITATION DATA]       SYMBOLS USED IN COLUMN 16

AVERAGE MONTHLY: 78.1   TOTAL FOR MONTH:   0.00    1 = FOG OR MIST
DPTR FM NORMAL:   1.1   DPTR FM NORMAL:   -0.03    2 = FOG REDUCING VISIBILITY
HIGHEST:   106 ON 10, 6 GRTST 24HR  0.00 ON 19-19      TO 1/4 MILE OR LESS
LOWEST:     52 ON  3                               3 = THUNDER
                        SNOW, ICE PELLETS, HAIL    4 = ICE PELLETS
                        TOTAL MONTH:   0.0 INCH    5 = HAIL
                        GRTST 24HR     0.0         6 = FREEZING RAIN OR DRIZZLE
                        GRTST DEPTH:   0           7 = DUSTSTORM OR SANDSTORM:
                                                       VSBY 1/2 MILE OR LESS
                                                   8 = SMOKE OR HAZE
[NO. OF DAYS WITH]      [WEATHER - DAYS WITH]      9 = BLOWING SNOW
                                                   X = TORNADO
MAX 32 OR BELOW:   0    0.01 INCH OR MORE:   0
MAX 90 OR ABOVE:  14    0.10 INCH OR MORE:   0
MIN 32 OR BELOW:   0    0.50 INCH OR MORE:   0
MIN  0 OR BELOW:   0    1.00 INCH OR MORE:   0

[HDD (BASE 65) ]
TOTAL THIS MO.     0    CLEAR  (SCALE 0-3)  19
DPTR FM NORMAL     0    PTCLDY (SCALE 4-7)   0
TOTAL FM JUL 1   594    CLOUDY (SCALE 8-10)  0
DPTR FM NORMAL  -434

[CDD (BASE 65) ]
TOTAL THIS MO.   253
DPTR FM NORMAL    25    [PRESSURE DATA]
TOTAL FM JAN 1   677    HIGHEST SLP M ON M
DPTR FM NORMAL   206    LOWEST  SLP 29.52 ON 11

[REMARKS]
