000
CXUS53 KGRR 221017
CF6JXN
PRELIMINARY LOCAL CLIMATOLOGICAL DATA (WS FORM: F-6)

                                          STATION:   JACKSON
                                          MONTH:     APRIL
                                          YEAR:      2018
                                          LATITUDE:   42 16 N
                                          LONGITUDE:  84 28 W

  TEMPERATURE IN F:       :PCPN:    SNOW:  WIND      :SUNSHINE: SKY     :PK WND
================================================================================
1   2   3   4   5  6A  6B    7    8   9   10  11  12  13   14  15   16   17  18
                                     12Z  AVG MX 2MIN
DY MAX MIN AVG DEP HDD CDD  WTR  SNW DPTH SPD SPD DIR MIN PSBL S-S WX    SPD DR
================================================================================

 1  39  26  33  -9  32   0 0.00    M    M  7.8 18 230   M    M   4        22 320
 2  43  18  31 -12  34   0 0.00    M    M  4.4 15 150   M    M   1        19 180
 3  38  33  36  -7  29   0 0.87    M    M  9.8 17  90   M    M  10 138    22  70
 4  35  27  31 -12  34   0    T    M    M 14.5 26 250   M    M  10 1      41 290
 5  42  24  33 -11  32   0    T    M    M  8.9 20 240   M    M   5 1      24 240
 6  40  24  32 -12  33   0 0.09    M    M 11.9 24 270   M    M   8 18     36 260
 7  35  19  27 -18  38   0 0.00    M    M  7.5 16 250   M    M   3        22 280
 8  40  15  28 -17  37   0 0.00    M    M  5.1 12 280   M    M   1        17 280
 9  41  29  35 -11  30   0 0.06    M    M  5.0 14 250   M    M  10 18     16 250
10  44  22  33 -13  32   0 0.00    M    M  6.8 17 230   M    M   5 1      21 230
11  59  35  47   1  18   0    T    M    M 10.6 24 220   M    M   8 8      33 220
12  73  45  59  12   6   0 0.09    M    M 12.0 32 220   M    M   3 1      42 220
13  65  41  53   6  12   0 0.00    M    M  9.8 20  80   M    M   7 18     22  80
14  44  31  38  -9  27   0 0.85    M    M 16.4 28  40   M    M  10 1      35  40
15  36  30  33 -15  32   0 0.62    M    M 10.0 25  70   M    M  10 126    34  70
16  38  30  34 -14  31   0    T    M    M 13.5 22 270   M    M  10 128    32 240
17  34  27  31 -17  34   0 0.02    M    M 11.9 20 260   M    M  10 18     29 270
18  46  31  39 -10  26   0 0.04    M    M  7.1 16  30   M    M   9 1      21  30
19  54  32  43  -6  22   0    T    M    M 11.1 21 330   M    M   2 18     33 290
20  58  27  43  -7  22   0 0.00    M    M  5.6 13 360   M    M   0        18 350
21  56  31  44  -6  21   0 0.00    M    M  3.5 10 190   M    M   0        14 180
================================================================================
SM  960  597       582   0  2.64    M    193.2          M      126
================================================================================
AV 45.7 28.4                               9.2 FASTST   M    M   6    MAX(MPH)
                                 MISC ---->  # 32 220               # 42  220
================================================================================
NOTES:
# LAST OF SEVERAL OCCURRENCES

COLUMN 17 PEAK WIND IN M.P.H.

PRELIMINARY LOCAL CLIMATOLOGICAL DATA (WS FORM: F-6) , PAGE 2

                                          STATION:  JACKSON
                                          MONTH:    APRIL
                                          YEAR:     2018
                                          LATITUDE:   42 16 N
                                          LONGITUDE:  84 28 W

[TEMPERATURE DATA]      [PRECIPITATION DATA]       SYMBOLS USED IN COLUMN 16

AVERAGE MONTHLY: 37.1   TOTAL FOR MONTH:   2.64    1 = FOG OR MIST
DPTR FM NORMAL:  -9.1   DPTR FM NORMAL:    0.82    2 = FOG REDUCING VISIBILITY
HIGHEST:    73 ON 12    GRTST 24HR  0.87 ON  3- 3      TO 1/4 MILE OR LESS
LOWEST:     15 ON  8                               3 = THUNDER
                        SNOW, ICE PELLETS, HAIL    4 = ICE PELLETS
                        TOTAL MONTH:    M          5 = HAIL
                        GRTST 24HR    M  ON   M    6 = FREEZING RAIN OR DRIZZLE
                        GRTST DEPTH:  M  ON   M    7 = DUSTSTORM OR SANDSTORM:
                                                       VSBY 1/2 MILE OR LESS
                                                   8 = SMOKE OR HAZE
[NO. OF DAYS WITH]      [WEATHER - DAYS WITH]      9 = BLOWING SNOW
                                                   X = TORNADO
MAX 32 OR BELOW:   0    0.01 INCH OR MORE:   8
MAX 90 OR ABOVE:   0    0.10 INCH OR MORE:   3
MIN 32 OR BELOW:  17    0.50 INCH OR MORE:   3
MIN  0 OR BELOW:   0    1.00 INCH OR MORE:   0

[HDD (BASE 65) ]
TOTAL THIS MO.   582    CLEAR  (SCALE 0-3)   6
DPTR FM NORMAL   184    PTCLDY (SCALE 4-7)   7
TOTAL FM JUL 1  6262    CLOUDY (SCALE 8-10)  8
DPTR FM NORMAL    40

[CDD (BASE 65) ]
TOTAL THIS MO.     0
DPTR FM NORMAL     0    [PRESSURE DATA]
TOTAL FM JAN 1     0    HIGHEST SLP M ON M
DPTR FM NORMAL     0    LOWEST  SLP 29.49 ON  3

[REMARKS]
